DROP DATABASE IF EXISTS myEmployee;
CREATE DATABASE IF NOT EXISTS myEmployee;


USE myEmployee;


DROP TABLE IF EXISTS office,
                     departments;



CREATE TABLE office (
    office_id    INT NOT NULL AUTO_INCREMENT,
    city         CHAR(15),
    street       VARCHAR(255),
    state        CHAR(2),
    country      CHAR(15),
    PRIMARY KEY (office_id)
    );


CREATE TABLE departments (
    dep_no        INT          NOT NULL AUTO_INCREMENT,
    dep_name      VARCHAR(255) NOT NULL,
    office_id     INT          NOT NULL,
    PRIMARY KEY (dep_no),
    FOREIGN KEY (office_id) REFERENCES office(office_id)
);

INSERT INTO office(city, street, state, country)
VALUES('Chennai', 'Bharathi Nagar / Jai Nagar', 'TN', 'India');
INSERT INTO office(city, street, state, country)
VALUES('Bengaluru', '11th St, Srivaari Margh', 'Ka', 'India');
INSERT INTO office(city, street, state, country)
VALUES('San Jose', '3487 King Rd', 'CA', 'USA');
INSERT INTO office(city, street, state, country)
VALUES('Montevideo', 'Rio y Rivera 361', 'Mv', 'Uruguay');
INSERT INTO departments(dep_name, office_id)
VALUES('Sales Europe', '1');

INSERT INTO departments(dep_name, office_id)
VALUES('Sales Asia', '2');

INSERT INTO departments(dep_name, office_id)
VALUES('RD USA', '3');

INSERT INTO departments(dep_name, office_id)
VALUES('Support', '1');

INSERT INTO departments(dep_name, office_id)
VALUES('Development LA', '4');

INSERT INTO departments(dep_name, office_id)
VALUES('HR', '3');

INSERT INTO departments(dep_name, office_id)
VALUES('Marketing', '4');




DROP TABLE IF EXISTS salaries, 
                     employees;




CREATE TABLE employees (
    emp_no      INT             NOT NULL,
    birth_date  DATE            NOT NULL,
    first_name  VARCHAR(14)     NOT NULL,
    last_name   VARCHAR(16)     NOT NULL,
    gender      ENUM ('M','F')  NOT NULL,
    citizenship VARCHAR(16)     NOT NULL,
    hire_day   DATE             NOT NULL,
    last_day    DATE            DEFAULT "9999-12-31",
    PRIMARY KEY (emp_no)
);



CREATE TABLE salaries (
    emp_no        INT          NOT NULL,
    start_day    DATE          NOT NULL,
    end_day      DATE          NOT NULL,
    elevel         INT          NOT NULL,
    salary        INT          NOT NULL,
    dep_id      INT             NOT NULL,
    PRIMARY KEY (emp_no, start_day)
);



INSERT INTO employees
    (emp_no, birth_date, first_name, last_name, gender, citizenship, hire_day, last_day)
    VALUES (
        1,
        "1939-12-30",
        "Ian",
        "Iglesias",
        "m",
        "Uruguay",
        "1990-03-01",
        "1995-07-12"
    );
    

INSERT into salaries 
        (emp_no, start_day, end_day, elevel, salary, dep_id)
    VALUES (
        1,
        "1990-03-01",
        "1991-04-05",
        1,
        66800,
        2
        );
    

INSERT into salaries 
        (emp_no, start_day, end_day, elevel, salary, dep_id)
    VALUES (
        1,
        "1991-04-05",
        "1992-04-06",
        1,
        68200,
        1
        );
    

INSERT into salaries 
        (emp_no, start_day, end_day, elevel, salary, dep_id)
    VALUES (
        1,
        "1992-04-06",
        "1993-04-07",
        1,
        69600,
        5
        );
    

INSERT into salaries 
        (emp_no, start_day, end_day, elevel, salary, dep_id)
    VALUES (
        1,
        "1993-04-07",
        "1994-04-08",
        1,
        71000,
        2
        );
    

INSERT into salaries 
        (emp_no, start_day, end_day, elevel, salary, dep_id)
    VALUES (
        1,
        "1994-04-08",
        "1995-07-12",
        1,
        74600,
        4
        );
    

INSERT INTO employees
    (emp_no, birth_date, first_name, last_name, gender, citizenship, hire_day, last_day)
    VALUES (
        2,
        "1940-10-16",
        "Valentino",
        "González",
        "m",
        "USA",
        "1990-03-01",
        "1992-03-22"
    );
    

INSERT into salaries 
        (emp_no, start_day, end_day, elevel, salary, dep_id)
    VALUES (
        2,
        "1990-03-01",
        "1991-04-05",
        2,
        75600,
        5
        );
    

INSERT into salaries 
        (emp_no, start_day, end_day, elevel, salary, dep_id)
    VALUES (
        2,
        "1991-04-05",
        "1992-03-22",
        2,
        79400,
        3
        );
    

INSERT INTO employees
    (emp_no, birth_date, first_name, last_name, gender, citizenship, hire_day, last_day)
    VALUES (
        3,
        "1939-01-20",
        "Francisco",
        "Serrano",
        "m",
        "Uruguay",
        "1990-03-01",
        "1996-02-24"
    );
    

INSERT into salaries 
        (emp_no, start_day, end_day, elevel, salary, dep_id)
    VALUES (
        3,
        "1990-03-01",
        "1991-04-05",
        2,
        78100,
        5
        );
    

INSERT into salaries 
        (emp_no, start_day, end_day, elevel, salary, dep_id)
    VALUES (
        3,
        "1991-04-05",
        "1992-04-06",
        2,
        79700,
        7
        );
    

INSERT into salaries 
        (emp_no, start_day, end_day, elevel, salary, dep_id)
    VALUES (
        3,
        "1992-04-06",
        "1993-04-07",
        2,
        81300,
        7
        );
    

INSERT into salaries 
        (emp_no, start_day, end_day, elevel, salary, dep_id)
    VALUES (
        3,
        "1993-04-07",
        "1994-04-08",
        2,
        85400,
        4
        );
    

INSERT into salaries 
        (emp_no, start_day, end_day, elevel, salary, dep_id)
    VALUES (
        3,
        "1994-04-08",
        "1995-04-10",
        2,
        87200,
        7
        );
    

INSERT into salaries 
        (emp_no, start_day, end_day, elevel, salary, dep_id)
    VALUES (
        3,
        "1995-04-10",
        "1996-02-24",
        2,
        91600,
        1
        );
    

INSERT INTO employees
    (emp_no, birth_date, first_name, last_name, gender, citizenship, hire_day, last_day)
    VALUES (
        4,
        "1952-12-07",
        "Sandra",
        "Gray",
        "f",
        "USA",
        "1990-03-01",
        "1991-12-28"
    );
    

INSERT into salaries 
        (emp_no, start_day, end_day, elevel, salary, dep_id)
    VALUES (
        4,
        "1990-03-01",
        "1991-04-05",
        2,
        77900,
        6
        );
    

INSERT into salaries 
        (emp_no, start_day, end_day, elevel, salary, dep_id)
    VALUES (
        4,
        "1991-04-05",
        "1991-12-28",
        2,
        77200,
        1
        );
    

INSERT INTO employees
    (emp_no, birth_date, first_name, last_name, gender, citizenship, hire_day, last_day)
    VALUES (
        5,
        "1947-05-16",
        "Wilfried",
        "Kaiser",
        "m",
        "Germany",
        "1990-03-01",
        "1992-01-07"
    );
    

INSERT into salaries 
        (emp_no, start_day, end_day, elevel, salary, dep_id)
    VALUES (
        5,
        "1990-03-01",
        "1991-04-05",
        2,
        75500,
        6
        );
    

INSERT into salaries 
        (emp_no, start_day, end_day, elevel, salary, dep_id)
    VALUES (
        5,
        "1991-04-05",
        "1992-01-07",
        2,
        79300,
        6
        );
    

INSERT INTO employees
    (emp_no, birth_date, first_name, last_name, gender, citizenship, hire_day, last_day)
    VALUES (
        6,
        "1939-01-15",
        "Albert",
        "Evans",
        "m",
        "USA",
        "1990-03-01",
        "1992-06-30"
    );
    

INSERT into salaries 
        (emp_no, start_day, end_day, elevel, salary, dep_id)
    VALUES (
        6,
        "1990-03-01",
        "1991-04-05",
        1,
        74200,
        2
        );
    

INSERT into salaries 
        (emp_no, start_day, end_day, elevel, salary, dep_id)
    VALUES (
        6,
        "1991-04-05",
        "1992-06-30",
        2,
        78000,
        1
        );
    

INSERT INTO employees
    (emp_no, birth_date, first_name, last_name, gender, citizenship, hire_day, last_day)
    VALUES (
        7,
        "1959-02-07",
        "Emilio",
        "Sánchez",
        "m",
        "Argentina",
        "1990-03-01",
        "1991-01-01"
    );
    

INSERT into salaries 
        (emp_no, start_day, end_day, elevel, salary, dep_id)
    VALUES (
        7,
        "1990-03-01",
        "1991-01-01",
        2,
        75900,
        1
        );
    

INSERT INTO employees
    (emp_no, birth_date, first_name, last_name, gender, citizenship, hire_day, last_day)
    VALUES (
        8,
        "1937-07-12",
        "Lisa",
        "Bailey",
        "f",
        "USA",
        "1990-03-01",
        "1991-02-08"
    );
    

INSERT into salaries 
        (emp_no, start_day, end_day, elevel, salary, dep_id)
    VALUES (
        8,
        "1990-03-01",
        "1991-02-08",
        2,
        75700,
        4
        );
    

INSERT INTO employees
    (emp_no, birth_date, first_name, last_name, gender, citizenship, hire_day, last_day)
    VALUES (
        9,
        "1953-04-25",
        "Ingrid",
        "Koch",
        "f",
        "USA",
        "1990-03-01",
        "1991-01-11"
    );
    

INSERT into salaries 
        (emp_no, start_day, end_day, elevel, salary, dep_id)
    VALUES (
        9,
        "1990-03-01",
        "1991-01-11",
        2,
        79000,
        1
        );
    

INSERT INTO employees
    (emp_no, birth_date, first_name, last_name, gender, citizenship, hire_day, last_day)
    VALUES (
        10,
        "1953-05-05",
        "Paul",
        "Harris",
        "m",
        "USA",
        "1990-03-01",
        "1991-02-05"
    );
    

INSERT into salaries 
        (emp_no, start_day, end_day, elevel, salary, dep_id)
    VALUES (
        10,
        "1990-03-01",
        "1991-02-05",
        1,
        72000,
        5
        );
    

INSERT INTO employees
    (emp_no, birth_date, first_name, last_name, gender, citizenship, hire_day, last_day)
    VALUES (
        11,
        "1941-09-17",
        "Jacobo",
        "Sanz",
        "m",
        "Uruguay",
        "1990-03-01",
        "1993-12-10"
    );
    

INSERT into salaries 
        (emp_no, start_day, end_day, elevel, salary, dep_id)
    VALUES (
        11,
        "1990-03-01",
        "1991-04-05",
        2,
        72800,
        2
        );
    

INSERT into salaries 
        (emp_no, start_day, end_day, elevel, salary, dep_id)
    VALUES (
        11,
        "1991-04-05",
        "1992-04-06",
        2,
        74300,
        3
        );
    

INSERT into salaries 
        (emp_no, start_day, end_day, elevel, salary, dep_id)
    VALUES (
        11,
        "1992-04-06",
        "1993-04-07",
        2,
        78100,
        4
        );
    

INSERT into salaries 
        (emp_no, start_day, end_day, elevel, salary, dep_id)
    VALUES (
        11,
        "1993-04-07",
        "1993-12-10",
        2,
        82100,
        3
        );
    

INSERT INTO employees
    (emp_no, birth_date, first_name, last_name, gender, citizenship, hire_day, last_day)
    VALUES (
        12,
        "1949-03-29",
        "Aradhana",
        "Shaikh",
        "f",
        "India",
        "1990-03-01",
        "1991-03-11"
    );
    

INSERT into salaries 
        (emp_no, start_day, end_day, elevel, salary, dep_id)
    VALUES (
        12,
        "1990-03-01",
        "1991-03-11",
        2,
        70200,
        5
        );
    

INSERT INTO employees
    (emp_no, birth_date, first_name, last_name, gender, citizenship, hire_day, last_day)
    VALUES (
        13,
        "1931-04-11",
        "María",
        "Pérez",
        "f",
        "Mexico",
        "1990-03-01",
        "1991-12-09"
    );
    

INSERT into salaries 
        (emp_no, start_day, end_day, elevel, salary, dep_id)
    VALUES (
        13,
        "1990-03-01",
        "1991-04-05",
        2,
        72700,
        2
        );
    

INSERT into salaries 
        (emp_no, start_day, end_day, elevel, salary, dep_id)
    VALUES (
        13,
        "1991-04-05",
        "1991-12-09",
        2,
        76400,
        4
        );
    

INSERT INTO employees
    (emp_no, birth_date, first_name, last_name, gender, citizenship, hire_day, last_day)
    VALUES (
        14,
        "1946-10-27",
        "Ishani",
        "Prakash",
        "f",
        "India",
        "1990-03-01",
        "1991-08-05"
    );
    

INSERT into salaries 
        (emp_no, start_day, end_day, elevel, salary, dep_id)
    VALUES (
        14,
        "1990-03-01",
        "1991-08-05",
        1,
        69100,
        4
        );
    

INSERT INTO employees
    (emp_no, birth_date, first_name, last_name, gender, citizenship, hire_day, last_day)
    VALUES (
        15,
        "1933-09-15",
        "Ruth",
        "Smith",
        "f",
        "USA",
        "1990-03-01",
        "1991-01-14"
    );
    

INSERT into salaries 
        (emp_no, start_day, end_day, elevel, salary, dep_id)
    VALUES (
        15,
        "1990-03-01",
        "1991-01-14",
        1,
        65300,
        6
        );
    

INSERT INTO employees
    (emp_no, birth_date, first_name, last_name, gender, citizenship, hire_day, last_day)
    VALUES (
        16,
        "1953-07-11",
        "Valery",
        "García",
        "f",
        "Argentina",
        "1990-03-01",
        "1998-07-01"
    );
    

INSERT into salaries 
        (emp_no, start_day, end_day, elevel, salary, dep_id)
    VALUES (
        16,
        "1990-03-01",
        "1991-04-05",
        1,
        67700,
        1
        );
    

INSERT into salaries 
        (emp_no, start_day, end_day, elevel, salary, dep_id)
    VALUES (
        16,
        "1991-04-05",
        "1992-04-06",
        1,
        69100,
        6
        );
    

INSERT into salaries 
        (emp_no, start_day, end_day, elevel, salary, dep_id)
    VALUES (
        16,
        "1992-04-06",
        "1993-04-07",
        1,
        70500,
        1
        );
    

INSERT into salaries 
        (emp_no, start_day, end_day, elevel, salary, dep_id)
    VALUES (
        16,
        "1993-04-07",
        "1994-04-08",
        1,
        71300,
        5
        );
    

INSERT into salaries 
        (emp_no, start_day, end_day, elevel, salary, dep_id)
    VALUES (
        16,
        "1994-04-08",
        "1995-04-10",
        1,
        74900,
        1
        );
    

INSERT into salaries 
        (emp_no, start_day, end_day, elevel, salary, dep_id)
    VALUES (
        16,
        "1995-04-10",
        "1996-04-10",
        1,
        74200,
        5
        );
    

INSERT into salaries 
        (emp_no, start_day, end_day, elevel, salary, dep_id)
    VALUES (
        16,
        "1996-04-10",
        "1997-04-11",
        1,
        75700,
        7
        );
    

INSERT into salaries 
        (emp_no, start_day, end_day, elevel, salary, dep_id)
    VALUES (
        16,
        "1997-04-11",
        "1998-07-01",
        1,
        77300,
        5
        );
    

INSERT INTO employees
    (emp_no, birth_date, first_name, last_name, gender, citizenship, hire_day, last_day)
    VALUES (
        17,
        "1932-09-27",
        "Aarya",
        "Chaudhari",
        "f",
        "USA",
        "1990-03-01",
        "1991-02-16"
    );
    

INSERT into salaries 
        (emp_no, start_day, end_day, elevel, salary, dep_id)
    VALUES (
        17,
        "1990-03-01",
        "1991-02-16",
        1,
        74700,
        1
        );
    

INSERT INTO employees
    (emp_no, birth_date, first_name, last_name, gender, citizenship, hire_day, last_day)
    VALUES (
        18,
        "1930-11-30",
        "Beate",
        "Klein",
        "f",
        "USA",
        "1990-03-01",
        "1992-01-26"
    );
    

INSERT into salaries 
        (emp_no, start_day, end_day, elevel, salary, dep_id)
    VALUES (
        18,
        "1990-03-01",
        "1991-04-05",
        2,
        72500,
        2
        );
    

INSERT into salaries 
        (emp_no, start_day, end_day, elevel, salary, dep_id)
    VALUES (
        18,
        "1991-04-05",
        "1992-01-26",
        3,
        77100,
        1
        );
    

INSERT INTO employees
    (emp_no, birth_date, first_name, last_name, gender, citizenship, hire_day, last_day)
    VALUES (
        19,
        "1933-12-10",
        "Virginia",
        "Bennet",
        "f",
        "USA",
        "1990-03-01",
        "1991-06-08"
    );
    

INSERT into salaries 
        (emp_no, start_day, end_day, elevel, salary, dep_id)
    VALUES (
        19,
        "1990-03-01",
        "1991-06-08",
        2,
        71500,
        7
        );
    

INSERT INTO employees
    (emp_no, birth_date, first_name, last_name, gender, citizenship, hire_day, last_day)
    VALUES (
        20,
        "1937-09-29",
        "Monika",
        "Fischer",
        "f",
        "USA",
        "1990-03-01",
        "1991-04-04"
    );
    

INSERT into salaries 
        (emp_no, start_day, end_day, elevel, salary, dep_id)
    VALUES (
        20,
        "1990-03-01",
        "1991-04-04",
        1,
        71900,
        2
        );
    

INSERT INTO employees
    (emp_no, birth_date, first_name, last_name, gender, citizenship, hire_day, last_day)
    VALUES (
        21,
        "1957-01-08",
        "Isabel",
        "Vázquez",
        "f",
        "USA",
        "1990-03-01",
        "1991-02-03"
    );
    

INSERT into salaries 
        (emp_no, start_day, end_day, elevel, salary, dep_id)
    VALUES (
        21,
        "1990-03-01",
        "1991-02-03",
        2,
        72600,
        2
        );
    

INSERT INTO employees
    (emp_no, birth_date, first_name, last_name, gender, citizenship, hire_day, last_day)
    VALUES (
        22,
        "1953-09-10",
        "Pablo",
        "Gómez",
        "m",
        "Uruguay",
        "1990-03-01",
        "1990-12-15"
    );
    

INSERT into salaries 
        (emp_no, start_day, end_day, elevel, salary, dep_id)
    VALUES (
        22,
        "1990-03-01",
        "1990-12-15",
        2,
        75300,
        1
        );
    

INSERT INTO employees
    (emp_no, birth_date, first_name, last_name, gender, citizenship, hire_day, last_day)
    VALUES (
        23,
        "1948-05-04",
        "Susan",
        "James",
        "f",
        "USA",
        "1990-03-01",
        "1991-06-10"
    );
    

INSERT into salaries 
        (emp_no, start_day, end_day, elevel, salary, dep_id)
    VALUES (
        23,
        "1990-03-01",
        "1991-06-10",
        1,
        67300,
        6
        );
    

INSERT INTO employees
    (emp_no, birth_date, first_name, last_name, gender, citizenship, hire_day, last_day)
    VALUES (
        24,
        "1952-06-24",
        "Anja",
        "Lehmann",
        "f",
        "Germany",
        "1990-03-01",
        "1996-12-13"
    );
    

INSERT into salaries 
        (emp_no, start_day, end_day, elevel, salary, dep_id)
    VALUES (
        24,
        "1990-03-01",
        "1991-04-05",
        1,
        69700,
        4
        );
    

INSERT into salaries 
        (emp_no, start_day, end_day, elevel, salary, dep_id)
    VALUES (
        24,
        "1991-04-05",
        "1992-04-06",
        1,
        69100,
        6
        );
    

INSERT into salaries 
        (emp_no, start_day, end_day, elevel, salary, dep_id)
    VALUES (
        24,
        "1992-04-06",
        "1993-04-07",
        1,
        69800,
        7
        );
    

INSERT into salaries 
        (emp_no, start_day, end_day, elevel, salary, dep_id)
    VALUES (
        24,
        "1993-04-07",
        "1994-04-08",
        1,
        71200,
        1
        );
    

INSERT into salaries 
        (emp_no, start_day, end_day, elevel, salary, dep_id)
    VALUES (
        24,
        "1994-04-08",
        "1995-04-10",
        1,
        74800,
        7
        );
    

INSERT into salaries 
        (emp_no, start_day, end_day, elevel, salary, dep_id)
    VALUES (
        24,
        "1995-04-10",
        "1996-04-10",
        1,
        76300,
        4
        );
    

INSERT into salaries 
        (emp_no, start_day, end_day, elevel, salary, dep_id)
    VALUES (
        24,
        "1996-04-10",
        "1996-12-13",
        1,
        77900,
        7
        );
    

INSERT INTO employees
    (emp_no, birth_date, first_name, last_name, gender, citizenship, hire_day, last_day)
    VALUES (
        25,
        "1951-05-17",
        "Carmen",
        "Hughes",
        "f",
        "USA",
        "1990-03-01",
        "1993-06-20"
    );
    

INSERT into salaries 
        (emp_no, start_day, end_day, elevel, salary, dep_id)
    VALUES (
        25,
        "1990-03-01",
        "1991-04-05",
        2,
        75400,
        5
        );
    

INSERT into salaries 
        (emp_no, start_day, end_day, elevel, salary, dep_id)
    VALUES (
        25,
        "1991-04-05",
        "1992-04-06",
        2,
        79200,
        7
        );
    

INSERT into salaries 
        (emp_no, start_day, end_day, elevel, salary, dep_id)
    VALUES (
        25,
        "1992-04-06",
        "1993-06-20",
        2,
        80800,
        6
        );
    

INSERT INTO employees
    (emp_no, birth_date, first_name, last_name, gender, citizenship, hire_day, last_day)
    VALUES (
        26,
        "1957-12-12",
        "George",
        "Lee",
        "m",
        "USA",
        "1990-03-01",
        "1991-05-03"
    );
    

INSERT into salaries 
        (emp_no, start_day, end_day, elevel, salary, dep_id)
    VALUES (
        26,
        "1990-03-01",
        "1991-05-03",
        1,
        65500,
        2
        );
    

INSERT INTO employees
    (emp_no, birth_date, first_name, last_name, gender, citizenship, hire_day, last_day)
    VALUES (
        27,
        "1945-02-21",
        "Anna",
        "Bär",
        "f",
        "Germany",
        "1990-03-01",
        "1991-06-10"
    );
    

INSERT into salaries 
        (emp_no, start_day, end_day, elevel, salary, dep_id)
    VALUES (
        27,
        "1990-03-01",
        "1991-06-10",
        1,
        68900,
        5
        );
    

INSERT INTO employees
    (emp_no, birth_date, first_name, last_name, gender, citizenship, hire_day, last_day)
    VALUES (
        28,
        "1959-04-06",
        "Lillian",
        "Phillips",
        "f",
        "USA",
        "1990-03-01",
        "1992-12-06"
    );
    

INSERT into salaries 
        (emp_no, start_day, end_day, elevel, salary, dep_id)
    VALUES (
        28,
        "1990-03-01",
        "1991-04-05",
        1,
        67800,
        3
        );
    

INSERT into salaries 
        (emp_no, start_day, end_day, elevel, salary, dep_id)
    VALUES (
        28,
        "1991-04-05",
        "1992-04-06",
        1,
        71200,
        3
        );
    

INSERT into salaries 
        (emp_no, start_day, end_day, elevel, salary, dep_id)
    VALUES (
        28,
        "1992-04-06",
        "1992-12-06",
        1,
        72700,
        2
        );
    

INSERT INTO employees
    (emp_no, birth_date, first_name, last_name, gender, citizenship, hire_day, last_day)
    VALUES (
        29,
        "1942-11-28",
        "Luna",
        "Sanz",
        "f",
        "USA",
        "1990-03-01",
        "1991-02-15"
    );
    

INSERT into salaries 
        (emp_no, start_day, end_day, elevel, salary, dep_id)
    VALUES (
        29,
        "1990-03-01",
        "1991-02-15",
        1,
        67300,
        3
        );
    

INSERT INTO employees
    (emp_no, birth_date, first_name, last_name, gender, citizenship, hire_day, last_day)
    VALUES (
        30,
        "1935-07-01",
        "Kenneth",
        "Campbell",
        "m",
        "USA",
        "1990-03-01",
        "1993-07-11"
    );
    

INSERT into salaries 
        (emp_no, start_day, end_day, elevel, salary, dep_id)
    VALUES (
        30,
        "1990-03-01",
        "1991-04-05",
        2,
        73500,
        5
        );
    

INSERT into salaries 
        (emp_no, start_day, end_day, elevel, salary, dep_id)
    VALUES (
        30,
        "1991-04-05",
        "1992-04-06",
        2,
        77200,
        5
        );
    

INSERT into salaries 
        (emp_no, start_day, end_day, elevel, salary, dep_id)
    VALUES (
        30,
        "1992-04-06",
        "1993-07-11",
        3,
        81900,
        6
        );
    

INSERT INTO employees
    (emp_no, birth_date, first_name, last_name, gender, citizenship, hire_day, last_day)
    VALUES (
        31,
        "1945-09-02",
        "Barbara",
        "Ziegler",
        "f",
        "Germany",
        "1990-03-01",
        "1995-01-24"
    );
    

INSERT into salaries 
        (emp_no, start_day, end_day, elevel, salary, dep_id)
    VALUES (
        31,
        "1990-03-01",
        "1991-04-05",
        1,
        65700,
        3
        );
    

INSERT into salaries 
        (emp_no, start_day, end_day, elevel, salary, dep_id)
    VALUES (
        31,
        "1991-04-05",
        "1992-04-06",
        1,
        67100,
        3
        );
    

INSERT into salaries 
        (emp_no, start_day, end_day, elevel, salary, dep_id)
    VALUES (
        31,
        "1992-04-06",
        "1993-04-07",
        2,
        71600,
        2
        );
    

INSERT into salaries 
        (emp_no, start_day, end_day, elevel, salary, dep_id)
    VALUES (
        31,
        "1993-04-07",
        "1994-04-08",
        2,
        73100,
        5
        );
    

INSERT into salaries 
        (emp_no, start_day, end_day, elevel, salary, dep_id)
    VALUES (
        31,
        "1994-04-08",
        "1995-01-24",
        2,
        74600,
        2
        );
    

INSERT INTO employees
    (emp_no, birth_date, first_name, last_name, gender, citizenship, hire_day, last_day)
    VALUES (
        32,
        "1945-05-22",
        "Albert",
        "Hahn",
        "m",
        "USA",
        "1990-03-01",
        "1991-04-08"
    );
    

INSERT into salaries 
        (emp_no, start_day, end_day, elevel, salary, dep_id)
    VALUES (
        32,
        "1990-03-01",
        "1991-04-08",
        1,
        74600,
        6
        );
    

INSERT INTO employees
    (emp_no, birth_date, first_name, last_name, gender, citizenship, hire_day, last_day)
    VALUES (
        33,
        "1934-01-26",
        "Isaac",
        "Ortiz",
        "m",
        "USA",
        "1990-03-01",
        "1995-08-27"
    );
    

INSERT into salaries 
        (emp_no, start_day, end_day, elevel, salary, dep_id)
    VALUES (
        33,
        "1990-03-01",
        "1991-04-05",
        1,
        74500,
        2
        );
    

INSERT into salaries 
        (emp_no, start_day, end_day, elevel, salary, dep_id)
    VALUES (
        33,
        "1991-04-05",
        "1992-04-06",
        1,
        76000,
        6
        );
    

INSERT into salaries 
        (emp_no, start_day, end_day, elevel, salary, dep_id)
    VALUES (
        33,
        "1992-04-06",
        "1993-04-07",
        1,
        77600,
        2
        );
    

INSERT into salaries 
        (emp_no, start_day, end_day, elevel, salary, dep_id)
    VALUES (
        33,
        "1993-04-07",
        "1994-04-08",
        1,
        76900,
        7
        );
    

INSERT into salaries 
        (emp_no, start_day, end_day, elevel, salary, dep_id)
    VALUES (
        33,
        "1994-04-08",
        "1995-08-27",
        1,
        78500,
        7
        );
    

INSERT INTO employees
    (emp_no, birth_date, first_name, last_name, gender, citizenship, hire_day, last_day)
    VALUES (
        34,
        "1932-08-15",
        "Christian",
        "Suárez",
        "m",
        "Uruguay",
        "1990-03-01",
        "1990-11-21"
    );
    

INSERT into salaries 
        (emp_no, start_day, end_day, elevel, salary, dep_id)
    VALUES (
        34,
        "1990-03-01",
        "1990-11-21",
        1,
        74800,
        6
        );
    

INSERT INTO employees
    (emp_no, birth_date, first_name, last_name, gender, citizenship, hire_day, last_day)
    VALUES (
        35,
        "1933-04-30",
        "Scott",
        "Bennet",
        "m",
        "USA",
        "1990-03-01",
        "1992-08-09"
    );
    

INSERT into salaries 
        (emp_no, start_day, end_day, elevel, salary, dep_id)
    VALUES (
        35,
        "1990-03-01",
        "1991-04-05",
        2,
        76700,
        6
        );
    

INSERT into salaries 
        (emp_no, start_day, end_day, elevel, salary, dep_id)
    VALUES (
        35,
        "1991-04-05",
        "1992-08-09",
        2,
        80600,
        7
        );
    

INSERT INTO employees
    (emp_no, birth_date, first_name, last_name, gender, citizenship, hire_day, last_day)
    VALUES (
        36,
        "1959-07-24",
        "Fátima",
        "Rubio",
        "f",
        "Mexico",
        "1990-03-01",
        "1993-03-10"
    );
    

INSERT into salaries 
        (emp_no, start_day, end_day, elevel, salary, dep_id)
    VALUES (
        36,
        "1990-03-01",
        "1991-04-05",
        2,
        74300,
        5
        );
    

INSERT into salaries 
        (emp_no, start_day, end_day, elevel, salary, dep_id)
    VALUES (
        36,
        "1991-04-05",
        "1992-04-06",
        2,
        75800,
        4
        );
    

INSERT into salaries 
        (emp_no, start_day, end_day, elevel, salary, dep_id)
    VALUES (
        36,
        "1992-04-06",
        "1993-03-10",
        2,
        76600,
        2
        );
    

INSERT INTO employees
    (emp_no, birth_date, first_name, last_name, gender, citizenship, hire_day, last_day)
    VALUES (
        37,
        "1936-05-26",
        "Marie",
        "Thompson",
        "f",
        "USA",
        "1990-03-01",
        "1992-03-16"
    );
    

INSERT into salaries 
        (emp_no, start_day, end_day, elevel, salary, dep_id)
    VALUES (
        37,
        "1990-03-01",
        "1991-04-05",
        1,
        65900,
        1
        );
    

INSERT into salaries 
        (emp_no, start_day, end_day, elevel, salary, dep_id)
    VALUES (
        37,
        "1991-04-05",
        "1992-03-16",
        1,
        66600,
        2
        );
    

INSERT INTO employees
    (emp_no, birth_date, first_name, last_name, gender, citizenship, hire_day, last_day)
    VALUES (
        38,
        "1944-05-05",
        "Johann",
        "Hahn",
        "m",
        "Germany",
        "1990-03-01",
        "1990-12-21"
    );
    

INSERT into salaries 
        (emp_no, start_day, end_day, elevel, salary, dep_id)
    VALUES (
        38,
        "1990-03-01",
        "1990-12-21",
        1,
        74900,
        7
        );
    

INSERT INTO employees
    (emp_no, birth_date, first_name, last_name, gender, citizenship, hire_day, last_day)
    VALUES (
        39,
        "1935-03-05",
        "Margarete",
        "Weber",
        "f",
        "Germany",
        "1990-03-01",
        "1995-07-23"
    );
    

INSERT into salaries 
        (emp_no, start_day, end_day, elevel, salary, dep_id)
    VALUES (
        39,
        "1990-03-01",
        "1991-04-05",
        2,
        79700,
        6
        );
    

INSERT into salaries 
        (emp_no, start_day, end_day, elevel, salary, dep_id)
    VALUES (
        39,
        "1991-04-05",
        "1992-04-06",
        2,
        81300,
        3
        );
    

INSERT into salaries 
        (emp_no, start_day, end_day, elevel, salary, dep_id)
    VALUES (
        39,
        "1992-04-06",
        "1993-04-07",
        2,
        85400,
        1
        );
    

INSERT into salaries 
        (emp_no, start_day, end_day, elevel, salary, dep_id)
    VALUES (
        39,
        "1993-04-07",
        "1994-04-08",
        3,
        90200,
        2
        );
    

INSERT into salaries 
        (emp_no, start_day, end_day, elevel, salary, dep_id)
    VALUES (
        39,
        "1994-04-08",
        "1995-07-23",
        3,
        92100,
        7
        );
    

INSERT INTO employees
    (emp_no, birth_date, first_name, last_name, gender, citizenship, hire_day, last_day)
    VALUES (
        40,
        "1934-03-30",
        "Amy",
        "Roberts",
        "f",
        "USA",
        "1990-03-01",
        "1991-07-26"
    );
    

INSERT into salaries 
        (emp_no, start_day, end_day, elevel, salary, dep_id)
    VALUES (
        40,
        "1990-03-01",
        "1991-07-26",
        1,
        72000,
        5
        );
    

INSERT INTO employees
    (emp_no, birth_date, first_name, last_name, gender, citizenship, hire_day, last_day)
    VALUES (
        41,
        "1939-09-03",
        "Máximo",
        "Morales",
        "m",
        "USA",
        "1990-03-01",
        "1995-09-05"
    );
    

INSERT into salaries 
        (emp_no, start_day, end_day, elevel, salary, dep_id)
    VALUES (
        41,
        "1990-03-01",
        "1991-04-05",
        2,
        75000,
        5
        );
    

INSERT into salaries 
        (emp_no, start_day, end_day, elevel, salary, dep_id)
    VALUES (
        41,
        "1991-04-05",
        "1992-04-06",
        2,
        78800,
        5
        );
    

INSERT into salaries 
        (emp_no, start_day, end_day, elevel, salary, dep_id)
    VALUES (
        41,
        "1992-04-06",
        "1993-04-07",
        2,
        79600,
        2
        );
    

INSERT into salaries 
        (emp_no, start_day, end_day, elevel, salary, dep_id)
    VALUES (
        41,
        "1993-04-07",
        "1994-04-08",
        2,
        83600,
        3
        );
    

INSERT into salaries 
        (emp_no, start_day, end_day, elevel, salary, dep_id)
    VALUES (
        41,
        "1994-04-08",
        "1995-09-05",
        3,
        87500,
        2
        );
    

INSERT INTO employees
    (emp_no, birth_date, first_name, last_name, gender, citizenship, hire_day, last_day)
    VALUES (
        42,
        "1949-06-23",
        "Evelyn",
        "Cooper",
        "f",
        "USA",
        "1990-03-01",
        "1994-07-12"
    );
    

INSERT into salaries 
        (emp_no, start_day, end_day, elevel, salary, dep_id)
    VALUES (
        42,
        "1990-03-01",
        "1991-04-05",
        1,
        71500,
        2
        );
    

INSERT into salaries 
        (emp_no, start_day, end_day, elevel, salary, dep_id)
    VALUES (
        42,
        "1991-04-05",
        "1992-04-06",
        2,
        75300,
        3
        );
    

INSERT into salaries 
        (emp_no, start_day, end_day, elevel, salary, dep_id)
    VALUES (
        42,
        "1992-04-06",
        "1993-04-07",
        2,
        76900,
        2
        );
    

INSERT into salaries 
        (emp_no, start_day, end_day, elevel, salary, dep_id)
    VALUES (
        42,
        "1993-04-07",
        "1994-07-12",
        2,
        78500,
        5
        );
    

INSERT INTO employees
    (emp_no, birth_date, first_name, last_name, gender, citizenship, hire_day, last_day)
    VALUES (
        43,
        "1957-02-19",
        "Emma",
        "Carter",
        "f",
        "USA",
        "1990-03-01",
        "2005-08-19"
    );
    

INSERT into salaries 
        (emp_no, start_day, end_day, elevel, salary, dep_id)
    VALUES (
        43,
        "1990-03-01",
        "1991-04-05",
        2,
        71600,
        5
        );
    

INSERT into salaries 
        (emp_no, start_day, end_day, elevel, salary, dep_id)
    VALUES (
        43,
        "1991-04-05",
        "1992-04-06",
        2,
        73100,
        5
        );
    

INSERT into salaries 
        (emp_no, start_day, end_day, elevel, salary, dep_id)
    VALUES (
        43,
        "1992-04-06",
        "1993-04-07",
        2,
        73900,
        3
        );
    

INSERT into salaries 
        (emp_no, start_day, end_day, elevel, salary, dep_id)
    VALUES (
        43,
        "1993-04-07",
        "1994-04-08",
        3,
        77700,
        3
        );
    

INSERT into salaries 
        (emp_no, start_day, end_day, elevel, salary, dep_id)
    VALUES (
        43,
        "1994-04-08",
        "1995-04-10",
        3,
        79300,
        4
        );
    

INSERT into salaries 
        (emp_no, start_day, end_day, elevel, salary, dep_id)
    VALUES (
        43,
        "1995-04-10",
        "1996-04-10",
        3,
        80900,
        7
        );
    

INSERT into salaries 
        (emp_no, start_day, end_day, elevel, salary, dep_id)
    VALUES (
        43,
        "1996-04-10",
        "1997-04-11",
        3,
        81800,
        2
        );
    

INSERT into salaries 
        (emp_no, start_day, end_day, elevel, salary, dep_id)
    VALUES (
        43,
        "1997-04-11",
        "1998-04-13",
        3,
        83500,
        5
        );
    

INSERT into salaries 
        (emp_no, start_day, end_day, elevel, salary, dep_id)
    VALUES (
        43,
        "1998-04-13",
        "1999-04-14",
        3,
        87700,
        3
        );
    

INSERT into salaries 
        (emp_no, start_day, end_day, elevel, salary, dep_id)
    VALUES (
        43,
        "1999-04-14",
        "2000-04-14",
        3,
        88600,
        3
        );
    

INSERT into salaries 
        (emp_no, start_day, end_day, elevel, salary, dep_id)
    VALUES (
        43,
        "2000-04-14",
        "2001-04-16",
        3,
        89500,
        4
        );
    

INSERT into salaries 
        (emp_no, start_day, end_day, elevel, salary, dep_id)
    VALUES (
        43,
        "2001-04-16",
        "2002-04-17",
        3,
        90400,
        2
        );
    

INSERT into salaries 
        (emp_no, start_day, end_day, elevel, salary, dep_id)
    VALUES (
        43,
        "2002-04-17",
        "2003-04-18",
        3,
        92300,
        3
        );
    

INSERT into salaries 
        (emp_no, start_day, end_day, elevel, salary, dep_id)
    VALUES (
        43,
        "2003-04-18",
        "2004-04-19",
        3,
        93300,
        2
        );
    

INSERT into salaries 
        (emp_no, start_day, end_day, elevel, salary, dep_id)
    VALUES (
        43,
        "2004-04-19",
        "2005-08-19",
        3,
        95200,
        4
        );
    

INSERT INTO employees
    (emp_no, birth_date, first_name, last_name, gender, citizenship, hire_day, last_day)
    VALUES (
        44,
        "1931-11-23",
        "Kelly",
        "Robinson",
        "f",
        "USA",
        "1990-03-01",
        "1991-04-23"
    );
    

INSERT into salaries 
        (emp_no, start_day, end_day, elevel, salary, dep_id)
    VALUES (
        44,
        "1990-03-01",
        "1991-04-23",
        2,
        78500,
        6
        );
    

INSERT INTO employees
    (emp_no, birth_date, first_name, last_name, gender, citizenship, hire_day, last_day)
    VALUES (
        45,
        "1933-01-19",
        "Todd",
        "Lewis",
        "m",
        "USA",
        "1990-03-01",
        "1991-11-29"
    );
    

INSERT into salaries 
        (emp_no, start_day, end_day, elevel, salary, dep_id)
    VALUES (
        45,
        "1990-03-01",
        "1991-04-05",
        1,
        66300,
        7
        );
    

INSERT into salaries 
        (emp_no, start_day, end_day, elevel, salary, dep_id)
    VALUES (
        45,
        "1991-04-05",
        "1991-11-29",
        1,
        67700,
        2
        );
    

INSERT INTO employees
    (emp_no, birth_date, first_name, last_name, gender, citizenship, hire_day, last_day)
    VALUES (
        46,
        "1952-09-16",
        "Axel",
        "Albrecht",
        "m",
        "USA",
        "1990-03-01",
        "1991-01-12"
    );
    

INSERT into salaries 
        (emp_no, start_day, end_day, elevel, salary, dep_id)
    VALUES (
        46,
        "1990-03-01",
        "1991-01-12",
        2,
        75600,
        6
        );
    

INSERT INTO employees
    (emp_no, birth_date, first_name, last_name, gender, citizenship, hire_day, last_day)
    VALUES (
        47,
        "1951-10-23",
        "Kanha",
        "Molla",
        "m",
        "USA",
        "1990-03-01",
        "1997-02-13"
    );
    

INSERT into salaries 
        (emp_no, start_day, end_day, elevel, salary, dep_id)
    VALUES (
        47,
        "1990-03-01",
        "1991-04-05",
        2,
        76100,
        5
        );
    

INSERT into salaries 
        (emp_no, start_day, end_day, elevel, salary, dep_id)
    VALUES (
        47,
        "1991-04-05",
        "1992-04-06",
        2,
        76900,
        4
        );
    

INSERT into salaries 
        (emp_no, start_day, end_day, elevel, salary, dep_id)
    VALUES (
        47,
        "1992-04-06",
        "1993-04-07",
        2,
        78500,
        6
        );
    

INSERT into salaries 
        (emp_no, start_day, end_day, elevel, salary, dep_id)
    VALUES (
        47,
        "1993-04-07",
        "1994-04-08",
        2,
        82500,
        4
        );
    

INSERT into salaries 
        (emp_no, start_day, end_day, elevel, salary, dep_id)
    VALUES (
        47,
        "1994-04-08",
        "1995-04-10",
        2,
        83400,
        1
        );
    

INSERT into salaries 
        (emp_no, start_day, end_day, elevel, salary, dep_id)
    VALUES (
        47,
        "1995-04-10",
        "1996-04-10",
        2,
        84300,
        7
        );
    

INSERT into salaries 
        (emp_no, start_day, end_day, elevel, salary, dep_id)
    VALUES (
        47,
        "1996-04-10",
        "1997-02-13",
        2,
        85200,
        7
        );
    

INSERT INTO employees
    (emp_no, birth_date, first_name, last_name, gender, citizenship, hire_day, last_day)
    VALUES (
        48,
        "1934-10-11",
        "Emma",
        "Bailey",
        "f",
        "USA",
        "1990-03-01",
        "1992-03-02"
    );
    

INSERT into salaries 
        (emp_no, start_day, end_day, elevel, salary, dep_id)
    VALUES (
        48,
        "1990-03-01",
        "1991-04-05",
        2,
        78700,
        2
        );
    

INSERT into salaries 
        (emp_no, start_day, end_day, elevel, salary, dep_id)
    VALUES (
        48,
        "1991-04-05",
        "1992-03-02",
        2,
        79500,
        3
        );
    

INSERT INTO employees
    (emp_no, birth_date, first_name, last_name, gender, citizenship, hire_day, last_day)
    VALUES (
        49,
        "1947-05-03",
        "Srihan",
        "Debbarma",
        "m",
        "USA",
        "1990-03-01",
        "1993-01-07"
    );
    

INSERT into salaries 
        (emp_no, start_day, end_day, elevel, salary, dep_id)
    VALUES (
        49,
        "1990-03-01",
        "1991-04-05",
        1,
        67100,
        4
        );
    

INSERT into salaries 
        (emp_no, start_day, end_day, elevel, salary, dep_id)
    VALUES (
        49,
        "1991-04-05",
        "1992-04-06",
        1,
        70500,
        5
        );
    

INSERT into salaries 
        (emp_no, start_day, end_day, elevel, salary, dep_id)
    VALUES (
        49,
        "1992-04-06",
        "1993-01-07",
        1,
        72000,
        2
        );
    

INSERT INTO employees
    (emp_no, birth_date, first_name, last_name, gender, citizenship, hire_day, last_day)
    VALUES (
        50,
        "1931-08-01",
        "Michael",
        "Clark",
        "m",
        "USA",
        "1990-03-01",
        "1991-04-03"
    );
    

INSERT into salaries 
        (emp_no, start_day, end_day, elevel, salary, dep_id)
    VALUES (
        50,
        "1990-03-01",
        "1991-04-03",
        2,
        74200,
        2
        );
    

INSERT INTO employees
    (emp_no, birth_date, first_name, last_name, gender, citizenship, hire_day, last_day)
    VALUES (
        51,
        "1959-10-27",
        "Rose",
        "Wilson",
        "f",
        "USA",
        "1990-03-01",
        "1993-01-25"
    );
    

INSERT into salaries 
        (emp_no, start_day, end_day, elevel, salary, dep_id)
    VALUES (
        51,
        "1990-03-01",
        "1991-04-05",
        2,
        71300,
        6
        );
    

INSERT into salaries 
        (emp_no, start_day, end_day, elevel, salary, dep_id)
    VALUES (
        51,
        "1991-04-05",
        "1992-04-06",
        2,
        70600,
        2
        );
    

INSERT into salaries 
        (emp_no, start_day, end_day, elevel, salary, dep_id)
    VALUES (
        51,
        "1992-04-06",
        "1993-01-25",
        2,
        72100,
        1
        );
    

INSERT INTO employees
    (emp_no, birth_date, first_name, last_name, gender, citizenship, hire_day, last_day)
    VALUES (
        52,
        "1930-12-04",
        "Virat",
        "Alam",
        "m",
        "USA",
        "1990-03-01",
        "1998-03-08"
    );
    

INSERT into salaries 
        (emp_no, start_day, end_day, elevel, salary, dep_id)
    VALUES (
        52,
        "1990-03-01",
        "1991-04-05",
        1,
        67700,
        6
        );
    

INSERT into salaries 
        (emp_no, start_day, end_day, elevel, salary, dep_id)
    VALUES (
        52,
        "1991-04-05",
        "1992-04-06",
        1,
        71100,
        7
        );
    

INSERT into salaries 
        (emp_no, start_day, end_day, elevel, salary, dep_id)
    VALUES (
        52,
        "1992-04-06",
        "1993-04-07",
        1,
        74700,
        7
        );
    

INSERT into salaries 
        (emp_no, start_day, end_day, elevel, salary, dep_id)
    VALUES (
        52,
        "1993-04-07",
        "1994-04-08",
        1,
        76200,
        4
        );
    

INSERT into salaries 
        (emp_no, start_day, end_day, elevel, salary, dep_id)
    VALUES (
        52,
        "1994-04-08",
        "1995-04-10",
        1,
        77800,
        3
        );
    

INSERT into salaries 
        (emp_no, start_day, end_day, elevel, salary, dep_id)
    VALUES (
        52,
        "1995-04-10",
        "1996-04-10",
        2,
        82500,
        2
        );
    

INSERT into salaries 
        (emp_no, start_day, end_day, elevel, salary, dep_id)
    VALUES (
        52,
        "1996-04-10",
        "1997-04-11",
        2,
        83400,
        4
        );
    

INSERT into salaries 
        (emp_no, start_day, end_day, elevel, salary, dep_id)
    VALUES (
        52,
        "1997-04-11",
        "1998-03-08",
        2,
        85100,
        7
        );
    

INSERT INTO employees
    (emp_no, birth_date, first_name, last_name, gender, citizenship, hire_day, last_day)
    VALUES (
        53,
        "1948-02-05",
        "Paula",
        "Martín",
        "f",
        "Uruguay",
        "1990-03-01",
        "1997-08-01"
    );
    

INSERT into salaries 
        (emp_no, start_day, end_day, elevel, salary, dep_id)
    VALUES (
        53,
        "1990-03-01",
        "1991-04-05",
        2,
        77700,
        7
        );
    

INSERT into salaries 
        (emp_no, start_day, end_day, elevel, salary, dep_id)
    VALUES (
        53,
        "1991-04-05",
        "1992-04-06",
        2,
        78500,
        7
        );
    

INSERT into salaries 
        (emp_no, start_day, end_day, elevel, salary, dep_id)
    VALUES (
        53,
        "1992-04-06",
        "1993-04-07",
        3,
        80700,
        6
        );
    

INSERT into salaries 
        (emp_no, start_day, end_day, elevel, salary, dep_id)
    VALUES (
        53,
        "1993-04-07",
        "1994-04-08",
        3,
        82400,
        1
        );
    

INSERT into salaries 
        (emp_no, start_day, end_day, elevel, salary, dep_id)
    VALUES (
        53,
        "1994-04-08",
        "1995-04-10",
        3,
        81600,
        1
        );
    

INSERT into salaries 
        (emp_no, start_day, end_day, elevel, salary, dep_id)
    VALUES (
        53,
        "1995-04-10",
        "1996-04-10",
        3,
        83300,
        4
        );
    

INSERT into salaries 
        (emp_no, start_day, end_day, elevel, salary, dep_id)
    VALUES (
        53,
        "1996-04-10",
        "1997-08-01",
        4,
        87200,
        3
        );
    

INSERT INTO employees
    (emp_no, birth_date, first_name, last_name, gender, citizenship, hire_day, last_day)
    VALUES (
        54,
        "1959-06-23",
        "Emilio",
        "Marín",
        "m",
        "Argentina",
        "1990-03-01",
        "1994-04-30"
    );
    

INSERT into salaries 
        (emp_no, start_day, end_day, elevel, salary, dep_id)
    VALUES (
        54,
        "1990-03-01",
        "1991-04-05",
        2,
        76400,
        5
        );
    

INSERT into salaries 
        (emp_no, start_day, end_day, elevel, salary, dep_id)
    VALUES (
        54,
        "1991-04-05",
        "1992-04-06",
        2,
        78000,
        2
        );
    

INSERT into salaries 
        (emp_no, start_day, end_day, elevel, salary, dep_id)
    VALUES (
        54,
        "1992-04-06",
        "1993-04-07",
        2,
        79600,
        2
        );
    

INSERT into salaries 
        (emp_no, start_day, end_day, elevel, salary, dep_id)
    VALUES (
        54,
        "1993-04-07",
        "1994-04-30",
        3,
        83500,
        1
        );
    

INSERT INTO employees
    (emp_no, birth_date, first_name, last_name, gender, citizenship, hire_day, last_day)
    VALUES (
        55,
        "1942-06-18",
        "Alan",
        "Evans",
        "m",
        "USA",
        "1990-03-01",
        "1994-12-24"
    );
    

INSERT into salaries 
        (emp_no, start_day, end_day, elevel, salary, dep_id)
    VALUES (
        55,
        "1990-03-01",
        "1991-04-05",
        2,
        77000,
        1
        );
    

INSERT into salaries 
        (emp_no, start_day, end_day, elevel, salary, dep_id)
    VALUES (
        55,
        "1991-04-05",
        "1992-04-06",
        3,
        81600,
        2
        );
    

INSERT into salaries 
        (emp_no, start_day, end_day, elevel, salary, dep_id)
    VALUES (
        55,
        "1992-04-06",
        "1993-04-07",
        3,
        83300,
        6
        );
    

INSERT into salaries 
        (emp_no, start_day, end_day, elevel, salary, dep_id)
    VALUES (
        55,
        "1993-04-07",
        "1994-04-08",
        3,
        84200,
        2
        );
    

INSERT into salaries 
        (emp_no, start_day, end_day, elevel, salary, dep_id)
    VALUES (
        55,
        "1994-04-08",
        "1994-12-24",
        3,
        85900,
        2
        );
    

INSERT INTO employees
    (emp_no, birth_date, first_name, last_name, gender, citizenship, hire_day, last_day)
    VALUES (
        56,
        "1947-10-18",
        "Michelle",
        "Bailey",
        "f",
        "USA",
        "1990-03-01",
        "1991-02-14"
    );
    

INSERT into salaries 
        (emp_no, start_day, end_day, elevel, salary, dep_id)
    VALUES (
        56,
        "1990-03-01",
        "1991-02-14",
        1,
        65800,
        2
        );
    

INSERT INTO employees
    (emp_no, birth_date, first_name, last_name, gender, citizenship, hire_day, last_day)
    VALUES (
        57,
        "1954-08-24",
        "Roger",
        "Adams",
        "m",
        "USA",
        "1990-03-01",
        "1992-07-31"
    );
    

INSERT into salaries 
        (emp_no, start_day, end_day, elevel, salary, dep_id)
    VALUES (
        57,
        "1990-03-01",
        "1991-04-05",
        2,
        77200,
        7
        );
    

INSERT into salaries 
        (emp_no, start_day, end_day, elevel, salary, dep_id)
    VALUES (
        57,
        "1991-04-05",
        "1992-07-31",
        2,
        78800,
        7
        );
    

INSERT INTO employees
    (emp_no, birth_date, first_name, last_name, gender, citizenship, hire_day, last_day)
    VALUES (
        58,
        "1953-10-09",
        "Aradhana",
        "Babu",
        "f",
        "India",
        "1990-03-01",
        "1990-11-20"
    );
    

INSERT into salaries 
        (emp_no, start_day, end_day, elevel, salary, dep_id)
    VALUES (
        58,
        "1990-03-01",
        "1990-11-20",
        1,
        72100,
        3
        );
    

INSERT INTO employees
    (emp_no, birth_date, first_name, last_name, gender, citizenship, hire_day, last_day)
    VALUES (
        59,
        "1951-07-21",
        "Farhan",
        "Shaikh",
        "m",
        "India",
        "1990-03-01",
        "1998-06-02"
    );
    

INSERT into salaries 
        (emp_no, start_day, end_day, elevel, salary, dep_id)
    VALUES (
        59,
        "1990-03-01",
        "1991-04-05",
        1,
        73800,
        3
        );
    

INSERT into salaries 
        (emp_no, start_day, end_day, elevel, salary, dep_id)
    VALUES (
        59,
        "1991-04-05",
        "1992-04-06",
        1,
        75300,
        4
        );
    

INSERT into salaries 
        (emp_no, start_day, end_day, elevel, salary, dep_id)
    VALUES (
        59,
        "1992-04-06",
        "1993-04-07",
        2,
        82300,
        1
        );
    

INSERT into salaries 
        (emp_no, start_day, end_day, elevel, salary, dep_id)
    VALUES (
        59,
        "1993-04-07",
        "1994-04-08",
        2,
        84000,
        4
        );
    

INSERT into salaries 
        (emp_no, start_day, end_day, elevel, salary, dep_id)
    VALUES (
        59,
        "1994-04-08",
        "1995-04-10",
        3,
        88800,
        7
        );
    

INSERT into salaries 
        (emp_no, start_day, end_day, elevel, salary, dep_id)
    VALUES (
        59,
        "1995-04-10",
        "1996-04-10",
        3,
        93300,
        5
        );
    

INSERT into salaries 
        (emp_no, start_day, end_day, elevel, salary, dep_id)
    VALUES (
        59,
        "1996-04-10",
        "1997-04-11",
        3,
        98000,
        4
        );
    

INSERT into salaries 
        (emp_no, start_day, end_day, elevel, salary, dep_id)
    VALUES (
        59,
        "1997-04-11",
        "1998-06-02",
        3,
        99000,
        4
        );
    

INSERT INTO employees
    (emp_no, birth_date, first_name, last_name, gender, citizenship, hire_day, last_day)
    VALUES (
        60,
        "1935-04-19",
        "Luana",
        "Pérez",
        "f",
        "Argentina",
        "1990-03-01",
        "1991-04-12"
    );
    

INSERT into salaries 
        (emp_no, start_day, end_day, elevel, salary, dep_id)
    VALUES (
        60,
        "1990-03-01",
        "1991-04-12",
        2,
        72200,
        4
        );
    

INSERT INTO employees
    (emp_no, birth_date, first_name, last_name, gender, citizenship, hire_day, last_day)
    VALUES (
        61,
        "1958-01-02",
        "Walter",
        "Martin",
        "m",
        "USA",
        "1990-03-01",
        "1993-08-05"
    );
    

INSERT into salaries 
        (emp_no, start_day, end_day, elevel, salary, dep_id)
    VALUES (
        61,
        "1990-03-01",
        "1991-04-05",
        2,
        78200,
        6
        );
    

INSERT into salaries 
        (emp_no, start_day, end_day, elevel, salary, dep_id)
    VALUES (
        61,
        "1991-04-05",
        "1992-04-06",
        2,
        79000,
        4
        );
    

INSERT into salaries 
        (emp_no, start_day, end_day, elevel, salary, dep_id)
    VALUES (
        61,
        "1992-04-06",
        "1993-08-05",
        2,
        83000,
        5
        );
    

INSERT INTO employees
    (emp_no, birth_date, first_name, last_name, gender, citizenship, hire_day, last_day)
    VALUES (
        62,
        "1940-10-07",
        "Heiko",
        "Schmidt",
        "m",
        "USA",
        "1990-03-01",
        "1996-04-09"
    );
    

INSERT into salaries 
        (emp_no, start_day, end_day, elevel, salary, dep_id)
    VALUES (
        62,
        "1990-03-01",
        "1991-04-05",
        2,
        77400,
        2
        );
    

INSERT into salaries 
        (emp_no, start_day, end_day, elevel, salary, dep_id)
    VALUES (
        62,
        "1991-04-05",
        "1992-04-06",
        2,
        79000,
        6
        );
    

INSERT into salaries 
        (emp_no, start_day, end_day, elevel, salary, dep_id)
    VALUES (
        62,
        "1992-04-06",
        "1993-04-07",
        2,
        80600,
        7
        );
    

INSERT into salaries 
        (emp_no, start_day, end_day, elevel, salary, dep_id)
    VALUES (
        62,
        "1993-04-07",
        "1994-04-08",
        2,
        84700,
        7
        );
    

INSERT into salaries 
        (emp_no, start_day, end_day, elevel, salary, dep_id)
    VALUES (
        62,
        "1994-04-08",
        "1995-04-10",
        2,
        86400,
        3
        );
    

INSERT into salaries 
        (emp_no, start_day, end_day, elevel, salary, dep_id)
    VALUES (
        62,
        "1995-04-10",
        "1996-04-09",
        2,
        88200,
        3
        );
    

INSERT INTO employees
    (emp_no, birth_date, first_name, last_name, gender, citizenship, hire_day, last_day)
    VALUES (
        63,
        "1945-12-18",
        "Connie",
        "Edwards",
        "f",
        "USA",
        "1990-03-01",
        "1995-11-25"
    );
    

INSERT into salaries 
        (emp_no, start_day, end_day, elevel, salary, dep_id)
    VALUES (
        63,
        "1990-03-01",
        "1991-04-05",
        1,
        69900,
        4
        );
    

INSERT into salaries 
        (emp_no, start_day, end_day, elevel, salary, dep_id)
    VALUES (
        63,
        "1991-04-05",
        "1992-04-06",
        1,
        71300,
        2
        );
    

INSERT into salaries 
        (emp_no, start_day, end_day, elevel, salary, dep_id)
    VALUES (
        63,
        "1992-04-06",
        "1993-04-07",
        1,
        72100,
        5
        );
    

INSERT into salaries 
        (emp_no, start_day, end_day, elevel, salary, dep_id)
    VALUES (
        63,
        "1993-04-07",
        "1994-04-08",
        1,
        73600,
        4
        );
    

INSERT into salaries 
        (emp_no, start_day, end_day, elevel, salary, dep_id)
    VALUES (
        63,
        "1994-04-08",
        "1995-04-10",
        1,
        74400,
        6
        );
    

INSERT into salaries 
        (emp_no, start_day, end_day, elevel, salary, dep_id)
    VALUES (
        63,
        "1995-04-10",
        "1995-11-25",
        1,
        75900,
        4
        );
    

INSERT INTO employees
    (emp_no, birth_date, first_name, last_name, gender, citizenship, hire_day, last_day)
    VALUES (
        64,
        "1937-02-13",
        "Lucille",
        "White",
        "f",
        "USA",
        "1990-03-01",
        "1991-06-15"
    );
    

INSERT into salaries 
        (emp_no, start_day, end_day, elevel, salary, dep_id)
    VALUES (
        64,
        "1990-03-01",
        "1991-06-15",
        1,
        67900,
        6
        );
    

INSERT INTO employees
    (emp_no, birth_date, first_name, last_name, gender, citizenship, hire_day, last_day)
    VALUES (
        65,
        "1954-01-27",
        "Anaya",
        "Paul",
        "f",
        "India",
        "1990-03-01",
        "1996-07-28"
    );
    

INSERT into salaries 
        (emp_no, start_day, end_day, elevel, salary, dep_id)
    VALUES (
        65,
        "1990-03-01",
        "1991-04-05",
        1,
        74400,
        6
        );
    

INSERT into salaries 
        (emp_no, start_day, end_day, elevel, salary, dep_id)
    VALUES (
        65,
        "1991-04-05",
        "1992-04-06",
        1,
        75900,
        3
        );
    

INSERT into salaries 
        (emp_no, start_day, end_day, elevel, salary, dep_id)
    VALUES (
        65,
        "1992-04-06",
        "1993-04-07",
        1,
        77500,
        4
        );
    

INSERT into salaries 
        (emp_no, start_day, end_day, elevel, salary, dep_id)
    VALUES (
        65,
        "1993-04-07",
        "1994-04-08",
        1,
        81400,
        5
        );
    

INSERT into salaries 
        (emp_no, start_day, end_day, elevel, salary, dep_id)
    VALUES (
        65,
        "1994-04-08",
        "1995-04-10",
        1,
        85500,
        3
        );
    

INSERT into salaries 
        (emp_no, start_day, end_day, elevel, salary, dep_id)
    VALUES (
        65,
        "1995-04-10",
        "1996-07-28",
        1,
        87300,
        7
        );
    

INSERT INTO employees
    (emp_no, birth_date, first_name, last_name, gender, citizenship, hire_day, last_day)
    VALUES (
        66,
        "1933-10-20",
        "William",
        "Davis",
        "m",
        "USA",
        "1990-03-01",
        "1991-06-29"
    );
    

INSERT into salaries 
        (emp_no, start_day, end_day, elevel, salary, dep_id)
    VALUES (
        66,
        "1990-03-01",
        "1991-06-29",
        2,
        77900,
        4
        );
    

INSERT INTO employees
    (emp_no, birth_date, first_name, last_name, gender, citizenship, hire_day, last_day)
    VALUES (
        67,
        "1960-03-04",
        "Esther",
        "Ross",
        "f",
        "USA",
        "1990-03-01",
        "1992-02-24"
    );
    

INSERT into salaries 
        (emp_no, start_day, end_day, elevel, salary, dep_id)
    VALUES (
        67,
        "1990-03-01",
        "1991-04-05",
        1,
        70400,
        6
        );
    

INSERT into salaries 
        (emp_no, start_day, end_day, elevel, salary, dep_id)
    VALUES (
        67,
        "1991-04-05",
        "1992-02-24",
        1,
        74000,
        2
        );
    

INSERT INTO employees
    (emp_no, birth_date, first_name, last_name, gender, citizenship, hire_day, last_day)
    VALUES (
        68,
        "1958-04-11",
        "Fatima",
        "Biswas",
        "f",
        "India",
        "1990-03-01",
        "1995-09-01"
    );
    

INSERT into salaries 
        (emp_no, start_day, end_day, elevel, salary, dep_id)
    VALUES (
        68,
        "1990-03-01",
        "1991-04-05",
        1,
        68500,
        4
        );
    

INSERT into salaries 
        (emp_no, start_day, end_day, elevel, salary, dep_id)
    VALUES (
        68,
        "1991-04-05",
        "1992-04-06",
        1,
        69900,
        3
        );
    

INSERT into salaries 
        (emp_no, start_day, end_day, elevel, salary, dep_id)
    VALUES (
        68,
        "1992-04-06",
        "1993-04-07",
        1,
        70600,
        4
        );
    

INSERT into salaries 
        (emp_no, start_day, end_day, elevel, salary, dep_id)
    VALUES (
        68,
        "1993-04-07",
        "1994-04-08",
        1,
        69900,
        4
        );
    

INSERT into salaries 
        (emp_no, start_day, end_day, elevel, salary, dep_id)
    VALUES (
        68,
        "1994-04-08",
        "1995-09-01",
        1,
        73400,
        6
        );
    

INSERT INTO employees
    (emp_no, birth_date, first_name, last_name, gender, citizenship, hire_day, last_day)
    VALUES (
        69,
        "1936-09-19",
        "Victoria",
        "Hill",
        "f",
        "USA",
        "1990-03-01",
        "1994-07-18"
    );
    

INSERT into salaries 
        (emp_no, start_day, end_day, elevel, salary, dep_id)
    VALUES (
        69,
        "1990-03-01",
        "1991-04-05",
        2,
        74900,
        4
        );
    

INSERT into salaries 
        (emp_no, start_day, end_day, elevel, salary, dep_id)
    VALUES (
        69,
        "1991-04-05",
        "1992-04-06",
        2,
        78700,
        5
        );
    

INSERT into salaries 
        (emp_no, start_day, end_day, elevel, salary, dep_id)
    VALUES (
        69,
        "1992-04-06",
        "1993-04-07",
        2,
        79500,
        5
        );
    

INSERT into salaries 
        (emp_no, start_day, end_day, elevel, salary, dep_id)
    VALUES (
        69,
        "1993-04-07",
        "1994-07-18",
        2,
        83500,
        2
        );
    

INSERT INTO employees
    (emp_no, birth_date, first_name, last_name, gender, citizenship, hire_day, last_day)
    VALUES (
        70,
        "1939-08-11",
        "Sara",
        "Fernández",
        "f",
        "USA",
        "1990-03-01",
        "1993-05-02"
    );
    

INSERT into salaries 
        (emp_no, start_day, end_day, elevel, salary, dep_id)
    VALUES (
        70,
        "1990-03-01",
        "1991-04-05",
        2,
        72500,
        1
        );
    

INSERT into salaries 
        (emp_no, start_day, end_day, elevel, salary, dep_id)
    VALUES (
        70,
        "1991-04-05",
        "1992-04-06",
        2,
        73300,
        7
        );
    

INSERT into salaries 
        (emp_no, start_day, end_day, elevel, salary, dep_id)
    VALUES (
        70,
        "1992-04-06",
        "1993-05-02",
        2,
        74800,
        6
        );
    

INSERT INTO employees
    (emp_no, birth_date, first_name, last_name, gender, citizenship, hire_day, last_day)
    VALUES (
        71,
        "1931-06-11",
        "Mildred",
        "Myers",
        "f",
        "USA",
        "1990-03-01",
        "1990-11-09"
    );
    

INSERT into salaries 
        (emp_no, start_day, end_day, elevel, salary, dep_id)
    VALUES (
        71,
        "1990-03-01",
        "1990-11-09",
        2,
        74100,
        7
        );
    

INSERT INTO employees
    (emp_no, birth_date, first_name, last_name, gender, citizenship, hire_day, last_day)
    VALUES (
        72,
        "1951-02-23",
        "Helen",
        "Taylor",
        "f",
        "USA",
        "1990-03-01",
        "1997-02-17"
    );
    

INSERT into salaries 
        (emp_no, start_day, end_day, elevel, salary, dep_id)
    VALUES (
        72,
        "1990-03-01",
        "1991-04-05",
        1,
        69300,
        6
        );
    

INSERT into salaries 
        (emp_no, start_day, end_day, elevel, salary, dep_id)
    VALUES (
        72,
        "1991-04-05",
        "1992-04-06",
        1,
        70700,
        2
        );
    

INSERT into salaries 
        (emp_no, start_day, end_day, elevel, salary, dep_id)
    VALUES (
        72,
        "1992-04-06",
        "1993-04-07",
        2,
        75200,
        6
        );
    

INSERT into salaries 
        (emp_no, start_day, end_day, elevel, salary, dep_id)
    VALUES (
        72,
        "1993-04-07",
        "1994-04-08",
        2,
        79000,
        1
        );
    

INSERT into salaries 
        (emp_no, start_day, end_day, elevel, salary, dep_id)
    VALUES (
        72,
        "1994-04-08",
        "1995-04-10",
        2,
        79800,
        5
        );
    

INSERT into salaries 
        (emp_no, start_day, end_day, elevel, salary, dep_id)
    VALUES (
        72,
        "1995-04-10",
        "1996-04-10",
        2,
        83800,
        3
        );
    

INSERT into salaries 
        (emp_no, start_day, end_day, elevel, salary, dep_id)
    VALUES (
        72,
        "1996-04-10",
        "1997-02-17",
        3,
        88600,
        6
        );
    

INSERT INTO employees
    (emp_no, birth_date, first_name, last_name, gender, citizenship, hire_day, last_day)
    VALUES (
        73,
        "1932-09-28",
        "Francisco",
        "Blanco",
        "m",
        "Argentina",
        "1990-03-01",
        "1993-07-15"
    );
    

INSERT into salaries 
        (emp_no, start_day, end_day, elevel, salary, dep_id)
    VALUES (
        73,
        "1990-03-01",
        "1991-04-05",
        1,
        72700,
        5
        );
    

INSERT into salaries 
        (emp_no, start_day, end_day, elevel, salary, dep_id)
    VALUES (
        73,
        "1991-04-05",
        "1992-04-06",
        2,
        77300,
        7
        );
    

INSERT into salaries 
        (emp_no, start_day, end_day, elevel, salary, dep_id)
    VALUES (
        73,
        "1992-04-06",
        "1993-07-15",
        2,
        78100,
        3
        );
    

INSERT INTO employees
    (emp_no, birth_date, first_name, last_name, gender, citizenship, hire_day, last_day)
    VALUES (
        74,
        "1952-07-09",
        "Luciano",
        "Sánchez",
        "m",
        "USA",
        "1990-03-01",
        "1992-12-26"
    );
    

INSERT into salaries 
        (emp_no, start_day, end_day, elevel, salary, dep_id)
    VALUES (
        74,
        "1990-03-01",
        "1991-04-05",
        1,
        74500,
        5
        );
    

INSERT into salaries 
        (emp_no, start_day, end_day, elevel, salary, dep_id)
    VALUES (
        74,
        "1991-04-05",
        "1992-04-06",
        1,
        75300,
        2
        );
    

INSERT into salaries 
        (emp_no, start_day, end_day, elevel, salary, dep_id)
    VALUES (
        74,
        "1992-04-06",
        "1992-12-26",
        1,
        79100,
        3
        );
    

INSERT INTO employees
    (emp_no, birth_date, first_name, last_name, gender, citizenship, hire_day, last_day)
    VALUES (
        75,
        "1930-11-08",
        "Agustina",
        "Castro",
        "f",
        "Argentina",
        "1990-03-01",
        "1994-02-16"
    );
    

INSERT into salaries 
        (emp_no, start_day, end_day, elevel, salary, dep_id)
    VALUES (
        75,
        "1990-03-01",
        "1991-04-05",
        1,
        72500,
        5
        );
    

INSERT into salaries 
        (emp_no, start_day, end_day, elevel, salary, dep_id)
    VALUES (
        75,
        "1991-04-05",
        "1992-04-06",
        1,
        74000,
        3
        );
    

INSERT into salaries 
        (emp_no, start_day, end_day, elevel, salary, dep_id)
    VALUES (
        75,
        "1992-04-06",
        "1993-04-07",
        1,
        75500,
        3
        );
    

INSERT into salaries 
        (emp_no, start_day, end_day, elevel, salary, dep_id)
    VALUES (
        75,
        "1993-04-07",
        "1994-02-16",
        2,
        80100,
        6
        );
    

INSERT INTO employees
    (emp_no, birth_date, first_name, last_name, gender, citizenship, hire_day, last_day)
    VALUES (
        76,
        "1942-10-28",
        "Claudia",
        "Günther",
        "f",
        "Germany",
        "1990-03-01",
        "1999-07-17"
    );
    

INSERT into salaries 
        (emp_no, start_day, end_day, elevel, salary, dep_id)
    VALUES (
        76,
        "1990-03-01",
        "1991-04-05",
        2,
        76900,
        7
        );
    

INSERT into salaries 
        (emp_no, start_day, end_day, elevel, salary, dep_id)
    VALUES (
        76,
        "1991-04-05",
        "1992-04-06",
        2,
        77700,
        2
        );
    

INSERT into salaries 
        (emp_no, start_day, end_day, elevel, salary, dep_id)
    VALUES (
        76,
        "1992-04-06",
        "1993-04-07",
        2,
        79300,
        3
        );
    

INSERT into salaries 
        (emp_no, start_day, end_day, elevel, salary, dep_id)
    VALUES (
        76,
        "1993-04-07",
        "1994-04-08",
        3,
        84000,
        1
        );
    

INSERT into salaries 
        (emp_no, start_day, end_day, elevel, salary, dep_id)
    VALUES (
        76,
        "1994-04-08",
        "1995-04-10",
        3,
        83200,
        7
        );
    

INSERT into salaries 
        (emp_no, start_day, end_day, elevel, salary, dep_id)
    VALUES (
        76,
        "1995-04-10",
        "1996-04-10",
        3,
        84900,
        5
        );
    

INSERT into salaries 
        (emp_no, start_day, end_day, elevel, salary, dep_id)
    VALUES (
        76,
        "1996-04-10",
        "1997-04-11",
        3,
        86600,
        7
        );
    

INSERT into salaries 
        (emp_no, start_day, end_day, elevel, salary, dep_id)
    VALUES (
        76,
        "1997-04-11",
        "1998-04-13",
        3,
        88400,
        7
        );
    

INSERT into salaries 
        (emp_no, start_day, end_day, elevel, salary, dep_id)
    VALUES (
        76,
        "1998-04-13",
        "1999-07-17",
        3,
        90200,
        7
        );
    

INSERT INTO employees
    (emp_no, birth_date, first_name, last_name, gender, citizenship, hire_day, last_day)
    VALUES (
        77,
        "1953-11-21",
        "Agustín",
        "Alonso",
        "m",
        "USA",
        "1990-03-01",
        "1992-08-05"
    );
    

INSERT into salaries 
        (emp_no, start_day, end_day, elevel, salary, dep_id)
    VALUES (
        77,
        "1990-03-01",
        "1991-04-05",
        1,
        67200,
        6
        );
    

INSERT into salaries 
        (emp_no, start_day, end_day, elevel, salary, dep_id)
    VALUES (
        77,
        "1991-04-05",
        "1992-08-05",
        1,
        68600,
        6
        );
    

INSERT INTO employees
    (emp_no, birth_date, first_name, last_name, gender, citizenship, hire_day, last_day)
    VALUES (
        78,
        "1938-11-04",
        "Frank",
        "Martin",
        "m",
        "USA",
        "1990-03-01",
        "1992-03-04"
    );
    

INSERT into salaries 
        (emp_no, start_day, end_day, elevel, salary, dep_id)
    VALUES (
        78,
        "1990-03-01",
        "1991-04-05",
        1,
        69600,
        4
        );
    

INSERT into salaries 
        (emp_no, start_day, end_day, elevel, salary, dep_id)
    VALUES (
        78,
        "1991-04-05",
        "1992-03-04",
        1,
        71000,
        4
        );
    

INSERT INTO employees
    (emp_no, birth_date, first_name, last_name, gender, citizenship, hire_day, last_day)
    VALUES (
        79,
        "1944-09-07",
        "Gregory",
        "Stewart",
        "m",
        "USA",
        "1990-03-01",
        "1991-05-21"
    );
    

INSERT into salaries 
        (emp_no, start_day, end_day, elevel, salary, dep_id)
    VALUES (
        79,
        "1990-03-01",
        "1991-05-21",
        1,
        69500,
        5
        );
    

INSERT INTO employees
    (emp_no, birth_date, first_name, last_name, gender, citizenship, hire_day, last_day)
    VALUES (
        80,
        "1944-06-05",
        "Nisha",
        "Bag",
        "f",
        "USA",
        "1990-03-01",
        "1995-01-12"
    );
    

INSERT into salaries 
        (emp_no, start_day, end_day, elevel, salary, dep_id)
    VALUES (
        80,
        "1990-03-01",
        "1991-04-05",
        1,
        67300,
        2
        );
    

INSERT into salaries 
        (emp_no, start_day, end_day, elevel, salary, dep_id)
    VALUES (
        80,
        "1991-04-05",
        "1992-04-06",
        1,
        68700,
        3
        );
    

INSERT into salaries 
        (emp_no, start_day, end_day, elevel, salary, dep_id)
    VALUES (
        80,
        "1992-04-06",
        "1993-04-07",
        1,
        70100,
        3
        );
    

INSERT into salaries 
        (emp_no, start_day, end_day, elevel, salary, dep_id)
    VALUES (
        80,
        "1993-04-07",
        "1994-04-08",
        1,
        70900,
        3
        );
    

INSERT into salaries 
        (emp_no, start_day, end_day, elevel, salary, dep_id)
    VALUES (
        80,
        "1994-04-08",
        "1995-01-12",
        1,
        72400,
        2
        );
    

INSERT INTO employees
    (emp_no, birth_date, first_name, last_name, gender, citizenship, hire_day, last_day)
    VALUES (
        81,
        "1939-04-08",
        "Chris",
        "Davis",
        "m",
        "USA",
        "1990-03-01",
        "1991-06-14"
    );
    

INSERT into salaries 
        (emp_no, start_day, end_day, elevel, salary, dep_id)
    VALUES (
        81,
        "1990-03-01",
        "1991-06-14",
        1,
        65100,
        7
        );
    

INSERT INTO employees
    (emp_no, birth_date, first_name, last_name, gender, citizenship, hire_day, last_day)
    VALUES (
        82,
        "1937-10-23",
        "Jonathan",
        "Robinson",
        "m",
        "USA",
        "1990-03-01",
        "1993-04-15"
    );
    

INSERT into salaries 
        (emp_no, start_day, end_day, elevel, salary, dep_id)
    VALUES (
        82,
        "1990-03-01",
        "1991-04-05",
        1,
        71300,
        3
        );
    

INSERT into salaries 
        (emp_no, start_day, end_day, elevel, salary, dep_id)
    VALUES (
        82,
        "1991-04-05",
        "1992-04-06",
        1,
        72800,
        1
        );
    

INSERT into salaries 
        (emp_no, start_day, end_day, elevel, salary, dep_id)
    VALUES (
        82,
        "1992-04-06",
        "1993-04-15",
        1,
        73600,
        6
        );
    

INSERT INTO employees
    (emp_no, birth_date, first_name, last_name, gender, citizenship, hire_day, last_day)
    VALUES (
        83,
        "1946-09-27",
        "Randy",
        "Jackson",
        "m",
        "USA",
        "1990-03-01",
        "1997-02-10"
    );
    

INSERT into salaries 
        (emp_no, start_day, end_day, elevel, salary, dep_id)
    VALUES (
        83,
        "1990-03-01",
        "1991-04-05",
        2,
        72000,
        6
        );
    

INSERT into salaries 
        (emp_no, start_day, end_day, elevel, salary, dep_id)
    VALUES (
        83,
        "1991-04-05",
        "1992-04-06",
        2,
        75600,
        1
        );
    

INSERT into salaries 
        (emp_no, start_day, end_day, elevel, salary, dep_id)
    VALUES (
        83,
        "1992-04-06",
        "1993-04-07",
        2,
        77200,
        2
        );
    

INSERT into salaries 
        (emp_no, start_day, end_day, elevel, salary, dep_id)
    VALUES (
        83,
        "1993-04-07",
        "1994-04-08",
        2,
        81100,
        4
        );
    

INSERT into salaries 
        (emp_no, start_day, end_day, elevel, salary, dep_id)
    VALUES (
        83,
        "1994-04-08",
        "1995-04-10",
        2,
        82800,
        2
        );
    

INSERT into salaries 
        (emp_no, start_day, end_day, elevel, salary, dep_id)
    VALUES (
        83,
        "1995-04-10",
        "1996-04-10",
        2,
        83700,
        2
        );
    

INSERT into salaries 
        (emp_no, start_day, end_day, elevel, salary, dep_id)
    VALUES (
        83,
        "1996-04-10",
        "1997-02-10",
        2,
        87900,
        7
        );
    

INSERT INTO employees
    (emp_no, birth_date, first_name, last_name, gender, citizenship, hire_day, last_day)
    VALUES (
        84,
        "1954-12-31",
        "Sheila",
        "Adams",
        "f",
        "USA",
        "1990-03-01",
        "1993-01-27"
    );
    

INSERT into salaries 
        (emp_no, start_day, end_day, elevel, salary, dep_id)
    VALUES (
        84,
        "1990-03-01",
        "1991-04-05",
        1,
        68500,
        4
        );
    

INSERT into salaries 
        (emp_no, start_day, end_day, elevel, salary, dep_id)
    VALUES (
        84,
        "1991-04-05",
        "1992-04-06",
        1,
        67900,
        2
        );
    

INSERT into salaries 
        (emp_no, start_day, end_day, elevel, salary, dep_id)
    VALUES (
        84,
        "1992-04-06",
        "1993-01-27",
        2,
        71700,
        4
        );
    

INSERT INTO employees
    (emp_no, birth_date, first_name, last_name, gender, citizenship, hire_day, last_day)
    VALUES (
        85,
        "1959-01-01",
        "Shiv",
        "Begam",
        "m",
        "India",
        "1990-03-01",
        "1994-01-25"
    );
    

INSERT into salaries 
        (emp_no, start_day, end_day, elevel, salary, dep_id)
    VALUES (
        85,
        "1990-03-01",
        "1991-04-05",
        2,
        78200,
        6
        );
    

INSERT into salaries 
        (emp_no, start_day, end_day, elevel, salary, dep_id)
    VALUES (
        85,
        "1991-04-05",
        "1992-04-06",
        2,
        79000,
        5
        );
    

INSERT into salaries 
        (emp_no, start_day, end_day, elevel, salary, dep_id)
    VALUES (
        85,
        "1992-04-06",
        "1993-04-07",
        2,
        80600,
        2
        );
    

INSERT into salaries 
        (emp_no, start_day, end_day, elevel, salary, dep_id)
    VALUES (
        85,
        "1993-04-07",
        "1994-01-25",
        2,
        79800,
        1
        );
    

INSERT INTO employees
    (emp_no, birth_date, first_name, last_name, gender, citizenship, hire_day, last_day)
    VALUES (
        86,
        "1936-01-02",
        "Larry",
        "Hughes",
        "m",
        "USA",
        "1990-03-01",
        "1991-05-27"
    );
    

INSERT into salaries 
        (emp_no, start_day, end_day, elevel, salary, dep_id)
    VALUES (
        86,
        "1990-03-01",
        "1991-05-27",
        2,
        75200,
        1
        );
    

INSERT INTO employees
    (emp_no, birth_date, first_name, last_name, gender, citizenship, hire_day, last_day)
    VALUES (
        87,
        "1932-08-22",
        "Isabella",
        "Díez",
        "f",
        "Uruguay",
        "1990-03-01",
        "1993-05-10"
    );
    

INSERT into salaries 
        (emp_no, start_day, end_day, elevel, salary, dep_id)
    VALUES (
        87,
        "1990-03-01",
        "1991-04-05",
        2,
        76300,
        3
        );
    

INSERT into salaries 
        (emp_no, start_day, end_day, elevel, salary, dep_id)
    VALUES (
        87,
        "1991-04-05",
        "1992-04-06",
        2,
        75600,
        1
        );
    

INSERT into salaries 
        (emp_no, start_day, end_day, elevel, salary, dep_id)
    VALUES (
        87,
        "1992-04-06",
        "1993-05-10",
        3,
        79400,
        4
        );
    

INSERT INTO employees
    (emp_no, birth_date, first_name, last_name, gender, citizenship, hire_day, last_day)
    VALUES (
        88,
        "1934-09-01",
        "Jennifer",
        "Davis",
        "f",
        "USA",
        "1990-03-01",
        "2000-01-25"
    );
    

INSERT into salaries 
        (emp_no, start_day, end_day, elevel, salary, dep_id)
    VALUES (
        88,
        "1990-03-01",
        "1991-04-05",
        1,
        67200,
        1
        );
    

INSERT into salaries 
        (emp_no, start_day, end_day, elevel, salary, dep_id)
    VALUES (
        88,
        "1991-04-05",
        "1992-04-06",
        1,
        70600,
        2
        );
    

INSERT into salaries 
        (emp_no, start_day, end_day, elevel, salary, dep_id)
    VALUES (
        88,
        "1992-04-06",
        "1993-04-07",
        1,
        72100,
        2
        );
    

INSERT into salaries 
        (emp_no, start_day, end_day, elevel, salary, dep_id)
    VALUES (
        88,
        "1993-04-07",
        "1994-04-08",
        1,
        73600,
        1
        );
    

INSERT into salaries 
        (emp_no, start_day, end_day, elevel, salary, dep_id)
    VALUES (
        88,
        "1994-04-08",
        "1995-04-10",
        1,
        75100,
        6
        );
    

INSERT into salaries 
        (emp_no, start_day, end_day, elevel, salary, dep_id)
    VALUES (
        88,
        "1995-04-10",
        "1996-04-10",
        1,
        78900,
        5
        );
    

INSERT into salaries 
        (emp_no, start_day, end_day, elevel, salary, dep_id)
    VALUES (
        88,
        "1996-04-10",
        "1997-04-11",
        1,
        82900,
        7
        );
    

INSERT into salaries 
        (emp_no, start_day, end_day, elevel, salary, dep_id)
    VALUES (
        88,
        "1997-04-11",
        "1998-04-13",
        1,
        82100,
        7
        );
    

INSERT into salaries 
        (emp_no, start_day, end_day, elevel, salary, dep_id)
    VALUES (
        88,
        "1998-04-13",
        "1999-04-14",
        1,
        83000,
        4
        );
    

INSERT into salaries 
        (emp_no, start_day, end_day, elevel, salary, dep_id)
    VALUES (
        88,
        "1999-04-14",
        "2000-01-25",
        1,
        82200,
        4
        );
    

INSERT INTO employees
    (emp_no, birth_date, first_name, last_name, gender, citizenship, hire_day, last_day)
    VALUES (
        89,
        "1940-03-01",
        "Rita",
        "Wilson",
        "f",
        "USA",
        "1990-03-01",
        "1996-04-04"
    );
    

INSERT into salaries 
        (emp_no, start_day, end_day, elevel, salary, dep_id)
    VALUES (
        89,
        "1990-03-01",
        "1991-04-05",
        1,
        69600,
        1
        );
    

INSERT into salaries 
        (emp_no, start_day, end_day, elevel, salary, dep_id)
    VALUES (
        89,
        "1991-04-05",
        "1992-04-06",
        1,
        71000,
        4
        );
    

INSERT into salaries 
        (emp_no, start_day, end_day, elevel, salary, dep_id)
    VALUES (
        89,
        "1992-04-06",
        "1993-04-07",
        1,
        72500,
        3
        );
    

INSERT into salaries 
        (emp_no, start_day, end_day, elevel, salary, dep_id)
    VALUES (
        89,
        "1993-04-07",
        "1994-04-08",
        1,
        71800,
        1
        );
    

INSERT into salaries 
        (emp_no, start_day, end_day, elevel, salary, dep_id)
    VALUES (
        89,
        "1994-04-08",
        "1995-04-10",
        1,
        75400,
        4
        );
    

INSERT into salaries 
        (emp_no, start_day, end_day, elevel, salary, dep_id)
    VALUES (
        89,
        "1995-04-10",
        "1996-04-04",
        1,
        77000,
        6
        );
    

INSERT INTO employees
    (emp_no, birth_date, first_name, last_name, gender, citizenship, hire_day, last_day)
    VALUES (
        90,
        "1931-12-14",
        "Gabriel",
        "Torres",
        "m",
        "Argentina",
        "1990-03-01",
        "1997-08-30"
    );
    

INSERT into salaries 
        (emp_no, start_day, end_day, elevel, salary, dep_id)
    VALUES (
        90,
        "1990-03-01",
        "1991-04-05",
        1,
        70700,
        5
        );
    

INSERT into salaries 
        (emp_no, start_day, end_day, elevel, salary, dep_id)
    VALUES (
        90,
        "1991-04-05",
        "1992-04-06",
        1,
        72200,
        1
        );
    

INSERT into salaries 
        (emp_no, start_day, end_day, elevel, salary, dep_id)
    VALUES (
        90,
        "1992-04-06",
        "1993-04-07",
        1,
        73000,
        3
        );
    

INSERT into salaries 
        (emp_no, start_day, end_day, elevel, salary, dep_id)
    VALUES (
        90,
        "1993-04-07",
        "1994-04-08",
        1,
        76700,
        6
        );
    

INSERT into salaries 
        (emp_no, start_day, end_day, elevel, salary, dep_id)
    VALUES (
        90,
        "1994-04-08",
        "1995-04-10",
        1,
        78300,
        6
        );
    

INSERT into salaries 
        (emp_no, start_day, end_day, elevel, salary, dep_id)
    VALUES (
        90,
        "1995-04-10",
        "1996-04-10",
        1,
        79100,
        1
        );
    

INSERT into salaries 
        (emp_no, start_day, end_day, elevel, salary, dep_id)
    VALUES (
        90,
        "1996-04-10",
        "1997-08-30",
        1,
        78400,
        4
        );
    

INSERT INTO employees
    (emp_no, birth_date, first_name, last_name, gender, citizenship, hire_day, last_day)
    VALUES (
        91,
        "1959-11-08",
        "Arthur",
        "Walker",
        "m",
        "USA",
        "1990-03-01",
        "1992-04-07"
    );
    

INSERT into salaries 
        (emp_no, start_day, end_day, elevel, salary, dep_id)
    VALUES (
        91,
        "1990-03-01",
        "1991-04-05",
        2,
        77600,
        2
        );
    

INSERT into salaries 
        (emp_no, start_day, end_day, elevel, salary, dep_id)
    VALUES (
        91,
        "1991-04-05",
        "1992-04-07",
        2,
        79200,
        4
        );
    

INSERT INTO employees
    (emp_no, birth_date, first_name, last_name, gender, citizenship, hire_day, last_day)
    VALUES (
        92,
        "1936-08-26",
        "Ahana",
        "Giri",
        "f",
        "USA",
        "1990-03-01",
        "1997-02-18"
    );
    

INSERT into salaries 
        (emp_no, start_day, end_day, elevel, salary, dep_id)
    VALUES (
        92,
        "1990-03-01",
        "1991-04-05",
        1,
        71400,
        2
        );
    

INSERT into salaries 
        (emp_no, start_day, end_day, elevel, salary, dep_id)
    VALUES (
        92,
        "1991-04-05",
        "1992-04-06",
        1,
        72200,
        2
        );
    

INSERT into salaries 
        (emp_no, start_day, end_day, elevel, salary, dep_id)
    VALUES (
        92,
        "1992-04-06",
        "1993-04-07",
        1,
        73700,
        1
        );
    

INSERT into salaries 
        (emp_no, start_day, end_day, elevel, salary, dep_id)
    VALUES (
        92,
        "1993-04-07",
        "1994-04-08",
        1,
        77400,
        4
        );
    

INSERT into salaries 
        (emp_no, start_day, end_day, elevel, salary, dep_id)
    VALUES (
        92,
        "1994-04-08",
        "1995-04-10",
        1,
        79000,
        3
        );
    

INSERT into salaries 
        (emp_no, start_day, end_day, elevel, salary, dep_id)
    VALUES (
        92,
        "1995-04-10",
        "1996-04-10",
        1,
        79800,
        5
        );
    

INSERT into salaries 
        (emp_no, start_day, end_day, elevel, salary, dep_id)
    VALUES (
        92,
        "1996-04-10",
        "1997-02-18",
        1,
        80600,
        7
        );
    

INSERT INTO employees
    (emp_no, birth_date, first_name, last_name, gender, citizenship, hire_day, last_day)
    VALUES (
        93,
        "1958-03-06",
        "Lillian",
        "Jackson",
        "f",
        "USA",
        "1990-03-01",
        "1992-08-14"
    );
    

INSERT into salaries 
        (emp_no, start_day, end_day, elevel, salary, dep_id)
    VALUES (
        93,
        "1990-03-01",
        "1991-04-05",
        2,
        71500,
        7
        );
    

INSERT into salaries 
        (emp_no, start_day, end_day, elevel, salary, dep_id)
    VALUES (
        93,
        "1991-04-05",
        "1992-08-14",
        2,
        73000,
        4
        );
    

INSERT INTO employees
    (emp_no, birth_date, first_name, last_name, gender, citizenship, hire_day, last_day)
    VALUES (
        94,
        "1949-03-31",
        "Matthew",
        "Davis",
        "m",
        "USA",
        "1990-03-01",
        "1990-12-31"
    );
    

INSERT into salaries 
        (emp_no, start_day, end_day, elevel, salary, dep_id)
    VALUES (
        94,
        "1990-03-01",
        "1990-12-31",
        1,
        66200,
        7
        );
    

INSERT INTO employees
    (emp_no, birth_date, first_name, last_name, gender, citizenship, hire_day, last_day)
    VALUES (
        95,
        "1947-06-04",
        "Harry",
        "Taylor",
        "m",
        "USA",
        "1990-03-01",
        "2002-07-23"
    );
    

INSERT into salaries 
        (emp_no, start_day, end_day, elevel, salary, dep_id)
    VALUES (
        95,
        "1990-03-01",
        "1991-04-05",
        2,
        74400,
        3
        );
    

INSERT into salaries 
        (emp_no, start_day, end_day, elevel, salary, dep_id)
    VALUES (
        95,
        "1991-04-05",
        "1992-04-06",
        3,
        81300,
        1
        );
    

INSERT into salaries 
        (emp_no, start_day, end_day, elevel, salary, dep_id)
    VALUES (
        95,
        "1992-04-06",
        "1993-04-07",
        3,
        85400,
        6
        );
    

INSERT into salaries 
        (emp_no, start_day, end_day, elevel, salary, dep_id)
    VALUES (
        95,
        "1993-04-07",
        "1994-04-08",
        3,
        87200,
        6
        );
    

INSERT into salaries 
        (emp_no, start_day, end_day, elevel, salary, dep_id)
    VALUES (
        95,
        "1994-04-08",
        "1995-04-10",
        3,
        89000,
        2
        );
    

INSERT into salaries 
        (emp_no, start_day, end_day, elevel, salary, dep_id)
    VALUES (
        95,
        "1995-04-10",
        "1996-04-10",
        3,
        88200,
        2
        );
    

INSERT into salaries 
        (emp_no, start_day, end_day, elevel, salary, dep_id)
    VALUES (
        95,
        "1996-04-10",
        "1997-04-11",
        3,
        90000,
        4
        );
    

INSERT into salaries 
        (emp_no, start_day, end_day, elevel, salary, dep_id)
    VALUES (
        95,
        "1997-04-11",
        "1998-04-13",
        3,
        91800,
        4
        );
    

INSERT into salaries 
        (emp_no, start_day, end_day, elevel, salary, dep_id)
    VALUES (
        95,
        "1998-04-13",
        "1999-04-14",
        3,
        93700,
        1
        );
    

INSERT into salaries 
        (emp_no, start_day, end_day, elevel, salary, dep_id)
    VALUES (
        95,
        "1999-04-14",
        "2000-04-14",
        3,
        98400,
        6
        );
    

INSERT into salaries 
        (emp_no, start_day, end_day, elevel, salary, dep_id)
    VALUES (
        95,
        "2000-04-14",
        "2001-04-16",
        3,
        97500,
        6
        );
    

INSERT into salaries 
        (emp_no, start_day, end_day, elevel, salary, dep_id)
    VALUES (
        95,
        "2001-04-16",
        "2002-07-23",
        3,
        102400,
        7
        );
    

INSERT INTO employees
    (emp_no, birth_date, first_name, last_name, gender, citizenship, hire_day, last_day)
    VALUES (
        96,
        "1951-02-11",
        "Camilo",
        "Sanz",
        "m",
        "USA",
        "1990-03-01",
        "1993-05-06"
    );
    

INSERT into salaries 
        (emp_no, start_day, end_day, elevel, salary, dep_id)
    VALUES (
        96,
        "1990-03-01",
        "1991-04-05",
        1,
        66700,
        3
        );
    

INSERT into salaries 
        (emp_no, start_day, end_day, elevel, salary, dep_id)
    VALUES (
        96,
        "1991-04-05",
        "1992-04-06",
        1,
        68100,
        4
        );
    

INSERT into salaries 
        (emp_no, start_day, end_day, elevel, salary, dep_id)
    VALUES (
        96,
        "1992-04-06",
        "1993-05-06",
        1,
        69500,
        3
        );
    

INSERT INTO employees
    (emp_no, birth_date, first_name, last_name, gender, citizenship, hire_day, last_day)
    VALUES (
        97,
        "1933-12-16",
        "Benjamin",
        "Devi",
        "m",
        "India",
        "1990-03-01",
        "1994-03-14"
    );
    

INSERT into salaries 
        (emp_no, start_day, end_day, elevel, salary, dep_id)
    VALUES (
        97,
        "1990-03-01",
        "1991-04-05",
        2,
        79700,
        2
        );
    

INSERT into salaries 
        (emp_no, start_day, end_day, elevel, salary, dep_id)
    VALUES (
        97,
        "1991-04-05",
        "1992-04-06",
        2,
        81300,
        6
        );
    

INSERT into salaries 
        (emp_no, start_day, end_day, elevel, salary, dep_id)
    VALUES (
        97,
        "1992-04-06",
        "1993-04-07",
        2,
        83000,
        4
        );
    

INSERT into salaries 
        (emp_no, start_day, end_day, elevel, salary, dep_id)
    VALUES (
        97,
        "1993-04-07",
        "1994-03-14",
        2,
        87200,
        1
        );
    

INSERT INTO employees
    (emp_no, birth_date, first_name, last_name, gender, citizenship, hire_day, last_day)
    VALUES (
        98,
        "1941-02-07",
        "Josef",
        "Schuster",
        "m",
        "USA",
        "1990-03-01",
        "1990-12-26"
    );
    

INSERT into salaries 
        (emp_no, start_day, end_day, elevel, salary, dep_id)
    VALUES (
        98,
        "1990-03-01",
        "1990-12-26",
        2,
        73400,
        7
        );
    

INSERT INTO employees
    (emp_no, birth_date, first_name, last_name, gender, citizenship, hire_day, last_day)
    VALUES (
        99,
        "1952-06-09",
        "Charles",
        "Thomas",
        "m",
        "USA",
        "1990-03-01",
        "1992-04-15"
    );
    

INSERT into salaries 
        (emp_no, start_day, end_day, elevel, salary, dep_id)
    VALUES (
        99,
        "1990-03-01",
        "1991-04-05",
        1,
        70900,
        7
        );
    

INSERT into salaries 
        (emp_no, start_day, end_day, elevel, salary, dep_id)
    VALUES (
        99,
        "1991-04-05",
        "1992-04-15",
        1,
        71700,
        6
        );
    

INSERT INTO employees
    (emp_no, birth_date, first_name, last_name, gender, citizenship, hire_day, last_day)
    VALUES (
        100,
        "1943-01-01",
        "Heather",
        "Young",
        "f",
        "USA",
        "1990-03-01",
        "1996-07-09"
    );
    

INSERT into salaries 
        (emp_no, start_day, end_day, elevel, salary, dep_id)
    VALUES (
        100,
        "1990-03-01",
        "1991-04-05",
        2,
        79100,
        3
        );
    

INSERT into salaries 
        (emp_no, start_day, end_day, elevel, salary, dep_id)
    VALUES (
        100,
        "1991-04-05",
        "1992-04-06",
        2,
        78400,
        5
        );
    

INSERT into salaries 
        (emp_no, start_day, end_day, elevel, salary, dep_id)
    VALUES (
        100,
        "1992-04-06",
        "1993-04-07",
        2,
        79200,
        3
        );
    

INSERT into salaries 
        (emp_no, start_day, end_day, elevel, salary, dep_id)
    VALUES (
        100,
        "1993-04-07",
        "1994-04-08",
        2,
        80800,
        1
        );
    

INSERT into salaries 
        (emp_no, start_day, end_day, elevel, salary, dep_id)
    VALUES (
        100,
        "1994-04-08",
        "1995-04-10",
        2,
        82500,
        6
        );
    

INSERT into salaries 
        (emp_no, start_day, end_day, elevel, salary, dep_id)
    VALUES (
        100,
        "1995-04-10",
        "1996-07-09",
        2,
        83400,
        5
        );
    

INSERT INTO employees
    (emp_no, birth_date, first_name, last_name, gender, citizenship, hire_day, last_day)
    VALUES (
        101,
        "1957-07-06",
        "Jessica",
        "Wilson",
        "f",
        "USA",
        "1990-03-01",
        "1991-02-16"
    );
    

INSERT into salaries 
        (emp_no, start_day, end_day, elevel, salary, dep_id)
    VALUES (
        101,
        "1990-03-01",
        "1991-02-16",
        2,
        77200,
        6
        );
    

INSERT INTO employees
    (emp_no, birth_date, first_name, last_name, gender, citizenship, hire_day, last_day)
    VALUES (
        102,
        "1935-03-20",
        "Juan",
        "Rodríguez",
        "m",
        "Argentina",
        "1990-03-01",
        "1991-11-22"
    );
    

INSERT into salaries 
        (emp_no, start_day, end_day, elevel, salary, dep_id)
    VALUES (
        102,
        "1990-03-01",
        "1991-04-05",
        2,
        72200,
        6
        );
    

INSERT into salaries 
        (emp_no, start_day, end_day, elevel, salary, dep_id)
    VALUES (
        102,
        "1991-04-05",
        "1991-11-22",
        2,
        73000,
        5
        );
    

INSERT INTO employees
    (emp_no, birth_date, first_name, last_name, gender, citizenship, hire_day, last_day)
    VALUES (
        103,
        "1944-12-09",
        "Eric",
        "Harris",
        "m",
        "USA",
        "1990-03-01",
        "1998-05-12"
    );
    

INSERT into salaries 
        (emp_no, start_day, end_day, elevel, salary, dep_id)
    VALUES (
        103,
        "1990-03-01",
        "1991-04-05",
        1,
        70300,
        3
        );
    

INSERT into salaries 
        (emp_no, start_day, end_day, elevel, salary, dep_id)
    VALUES (
        103,
        "1991-04-05",
        "1992-04-06",
        1,
        71800,
        3
        );
    

INSERT into salaries 
        (emp_no, start_day, end_day, elevel, salary, dep_id)
    VALUES (
        103,
        "1992-04-06",
        "1993-04-07",
        1,
        72600,
        6
        );
    

INSERT into salaries 
        (emp_no, start_day, end_day, elevel, salary, dep_id)
    VALUES (
        103,
        "1993-04-07",
        "1994-04-08",
        1,
        73400,
        2
        );
    

INSERT into salaries 
        (emp_no, start_day, end_day, elevel, salary, dep_id)
    VALUES (
        103,
        "1994-04-08",
        "1995-04-10",
        1,
        74900,
        7
        );
    

INSERT into salaries 
        (emp_no, start_day, end_day, elevel, salary, dep_id)
    VALUES (
        103,
        "1995-04-10",
        "1996-04-10",
        1,
        76400,
        6
        );
    

INSERT into salaries 
        (emp_no, start_day, end_day, elevel, salary, dep_id)
    VALUES (
        103,
        "1996-04-10",
        "1997-04-11",
        1,
        78000,
        2
        );
    

INSERT into salaries 
        (emp_no, start_day, end_day, elevel, salary, dep_id)
    VALUES (
        103,
        "1997-04-11",
        "1998-05-12",
        1,
        81900,
        1
        );
    

INSERT INTO employees
    (emp_no, birth_date, first_name, last_name, gender, citizenship, hire_day, last_day)
    VALUES (
        104,
        "1941-05-30",
        "Emily",
        "Evans",
        "f",
        "USA",
        "1990-03-01",
        "1993-05-22"
    );
    

INSERT into salaries 
        (emp_no, start_day, end_day, elevel, salary, dep_id)
    VALUES (
        104,
        "1990-03-01",
        "1991-04-05",
        2,
        79900,
        2
        );
    

INSERT into salaries 
        (emp_no, start_day, end_day, elevel, salary, dep_id)
    VALUES (
        104,
        "1991-04-05",
        "1992-04-06",
        2,
        81500,
        2
        );
    

INSERT into salaries 
        (emp_no, start_day, end_day, elevel, salary, dep_id)
    VALUES (
        104,
        "1992-04-06",
        "1993-05-22",
        2,
        83200,
        5
        );
    

INSERT INTO employees
    (emp_no, birth_date, first_name, last_name, gender, citizenship, hire_day, last_day)
    VALUES (
        105,
        "1950-03-20",
        "Martina",
        "Rubio",
        "f",
        "Uruguay",
        "1990-03-01",
        "1993-08-03"
    );
    

INSERT into salaries 
        (emp_no, start_day, end_day, elevel, salary, dep_id)
    VALUES (
        105,
        "1990-03-01",
        "1991-04-05",
        2,
        73700,
        2
        );
    

INSERT into salaries 
        (emp_no, start_day, end_day, elevel, salary, dep_id)
    VALUES (
        105,
        "1991-04-05",
        "1992-04-06",
        3,
        78300,
        1
        );
    

INSERT into salaries 
        (emp_no, start_day, end_day, elevel, salary, dep_id)
    VALUES (
        105,
        "1992-04-06",
        "1993-08-03",
        3,
        79900,
        7
        );
    

INSERT INTO employees
    (emp_no, birth_date, first_name, last_name, gender, citizenship, hire_day, last_day)
    VALUES (
        106,
        "1936-01-16",
        "Lillian",
        "Phillips",
        "f",
        "USA",
        "1990-03-01",
        "1991-12-30"
    );
    

INSERT into salaries 
        (emp_no, start_day, end_day, elevel, salary, dep_id)
    VALUES (
        106,
        "1990-03-01",
        "1991-04-05",
        2,
        76800,
        3
        );
    

INSERT into salaries 
        (emp_no, start_day, end_day, elevel, salary, dep_id)
    VALUES (
        106,
        "1991-04-05",
        "1991-12-30",
        2,
        77600,
        7
        );
    

INSERT INTO employees
    (emp_no, birth_date, first_name, last_name, gender, citizenship, hire_day, last_day)
    VALUES (
        107,
        "1930-09-28",
        "Ayman",
        "Rao",
        "m",
        "India",
        "1990-03-01",
        "1999-02-18"
    );
    

INSERT into salaries 
        (emp_no, start_day, end_day, elevel, salary, dep_id)
    VALUES (
        107,
        "1990-03-01",
        "1991-04-05",
        1,
        72100,
        2
        );
    

INSERT into salaries 
        (emp_no, start_day, end_day, elevel, salary, dep_id)
    VALUES (
        107,
        "1991-04-05",
        "1992-04-06",
        2,
        76700,
        1
        );
    

INSERT into salaries 
        (emp_no, start_day, end_day, elevel, salary, dep_id)
    VALUES (
        107,
        "1992-04-06",
        "1993-04-07",
        2,
        77500,
        5
        );
    

INSERT into salaries 
        (emp_no, start_day, end_day, elevel, salary, dep_id)
    VALUES (
        107,
        "1993-04-07",
        "1994-04-08",
        2,
        78300,
        2
        );
    

INSERT into salaries 
        (emp_no, start_day, end_day, elevel, salary, dep_id)
    VALUES (
        107,
        "1994-04-08",
        "1995-04-10",
        2,
        79900,
        6
        );
    

INSERT into salaries 
        (emp_no, start_day, end_day, elevel, salary, dep_id)
    VALUES (
        107,
        "1995-04-10",
        "1996-04-10",
        2,
        81500,
        2
        );
    

INSERT into salaries 
        (emp_no, start_day, end_day, elevel, salary, dep_id)
    VALUES (
        107,
        "1996-04-10",
        "1997-04-11",
        2,
        82400,
        3
        );
    

INSERT into salaries 
        (emp_no, start_day, end_day, elevel, salary, dep_id)
    VALUES (
        107,
        "1997-04-11",
        "1998-04-13",
        2,
        84100,
        1
        );
    

INSERT into salaries 
        (emp_no, start_day, end_day, elevel, salary, dep_id)
    VALUES (
        107,
        "1998-04-13",
        "1999-02-18",
        2,
        85800,
        3
        );
    

INSERT INTO employees
    (emp_no, birth_date, first_name, last_name, gender, citizenship, hire_day, last_day)
    VALUES (
        108,
        "1947-05-28",
        "Christian",
        "Marín",
        "m",
        "Mexico",
        "1990-03-01",
        "1991-11-14"
    );
    

INSERT into salaries 
        (emp_no, start_day, end_day, elevel, salary, dep_id)
    VALUES (
        108,
        "1990-03-01",
        "1991-04-05",
        2,
        79200,
        1
        );
    

INSERT into salaries 
        (emp_no, start_day, end_day, elevel, salary, dep_id)
    VALUES (
        108,
        "1991-04-05",
        "1991-11-14",
        2,
        78500,
        5
        );
    

INSERT INTO employees
    (emp_no, birth_date, first_name, last_name, gender, citizenship, hire_day, last_day)
    VALUES (
        109,
        "1933-08-09",
        "Joshua",
        "Gómez",
        "m",
        "Uruguay",
        "1990-03-01",
        "1991-04-28"
    );
    

INSERT into salaries 
        (emp_no, start_day, end_day, elevel, salary, dep_id)
    VALUES (
        109,
        "1990-03-01",
        "1991-04-28",
        1,
        68000,
        2
        );
    

INSERT INTO employees
    (emp_no, birth_date, first_name, last_name, gender, citizenship, hire_day, last_day)
    VALUES (
        110,
        "1952-05-24",
        "Bruno",
        "Castro",
        "m",
        "Uruguay",
        "1990-03-01",
        "1991-12-12"
    );
    

INSERT into salaries 
        (emp_no, start_day, end_day, elevel, salary, dep_id)
    VALUES (
        110,
        "1990-03-01",
        "1991-04-05",
        1,
        70100,
        5
        );
    

INSERT into salaries 
        (emp_no, start_day, end_day, elevel, salary, dep_id)
    VALUES (
        110,
        "1991-04-05",
        "1991-12-12",
        1,
        71600,
        1
        );
    

INSERT INTO employees
    (emp_no, birth_date, first_name, last_name, gender, citizenship, hire_day, last_day)
    VALUES (
        111,
        "1952-01-04",
        "Dhvani",
        "Kumari",
        "f",
        "India",
        "1990-03-01",
        "2000-09-02"
    );
    

INSERT into salaries 
        (emp_no, start_day, end_day, elevel, salary, dep_id)
    VALUES (
        111,
        "1990-03-01",
        "1991-04-05",
        2,
        74900,
        2
        );
    

INSERT into salaries 
        (emp_no, start_day, end_day, elevel, salary, dep_id)
    VALUES (
        111,
        "1991-04-05",
        "1992-04-06",
        2,
        76400,
        4
        );
    

INSERT into salaries 
        (emp_no, start_day, end_day, elevel, salary, dep_id)
    VALUES (
        111,
        "1992-04-06",
        "1993-04-07",
        2,
        78000,
        5
        );
    

INSERT into salaries 
        (emp_no, start_day, end_day, elevel, salary, dep_id)
    VALUES (
        111,
        "1993-04-07",
        "1994-04-08",
        2,
        77300,
        7
        );
    

INSERT into salaries 
        (emp_no, start_day, end_day, elevel, salary, dep_id)
    VALUES (
        111,
        "1994-04-08",
        "1995-04-10",
        2,
        76600,
        1
        );
    

INSERT into salaries 
        (emp_no, start_day, end_day, elevel, salary, dep_id)
    VALUES (
        111,
        "1995-04-10",
        "1996-04-10",
        2,
        78200,
        2
        );
    

INSERT into salaries 
        (emp_no, start_day, end_day, elevel, salary, dep_id)
    VALUES (
        111,
        "1996-04-10",
        "1997-04-11",
        2,
        77500,
        7
        );
    

INSERT into salaries 
        (emp_no, start_day, end_day, elevel, salary, dep_id)
    VALUES (
        111,
        "1997-04-11",
        "1998-04-13",
        2,
        81400,
        1
        );
    

INSERT into salaries 
        (emp_no, start_day, end_day, elevel, salary, dep_id)
    VALUES (
        111,
        "1998-04-13",
        "1999-04-14",
        2,
        85500,
        5
        );
    

INSERT into salaries 
        (emp_no, start_day, end_day, elevel, salary, dep_id)
    VALUES (
        111,
        "1999-04-14",
        "2000-09-02",
        2,
        87300,
        3
        );
    

INSERT INTO employees
    (emp_no, birth_date, first_name, last_name, gender, citizenship, hire_day, last_day)
    VALUES (
        112,
        "1936-08-15",
        "Silvana",
        "Suárez",
        "f",
        "Uruguay",
        "1990-03-01",
        "1993-08-05"
    );
    

INSERT into salaries 
        (emp_no, start_day, end_day, elevel, salary, dep_id)
    VALUES (
        112,
        "1990-03-01",
        "1991-04-05",
        2,
        78900,
        1
        );
    

INSERT into salaries 
        (emp_no, start_day, end_day, elevel, salary, dep_id)
    VALUES (
        112,
        "1991-04-05",
        "1992-04-06",
        2,
        80500,
        2
        );
    

INSERT into salaries 
        (emp_no, start_day, end_day, elevel, salary, dep_id)
    VALUES (
        112,
        "1992-04-06",
        "1993-08-05",
        2,
        82200,
        4
        );
    

INSERT INTO employees
    (emp_no, birth_date, first_name, last_name, gender, citizenship, hire_day, last_day)
    VALUES (
        113,
        "1932-06-13",
        "Carl",
        "Jackson",
        "m",
        "USA",
        "1990-03-01",
        "1998-08-16"
    );
    

INSERT into salaries 
        (emp_no, start_day, end_day, elevel, salary, dep_id)
    VALUES (
        113,
        "1990-03-01",
        "1991-04-05",
        2,
        75900,
        4
        );
    

INSERT into salaries 
        (emp_no, start_day, end_day, elevel, salary, dep_id)
    VALUES (
        113,
        "1991-04-05",
        "1992-04-06",
        2,
        77500,
        6
        );
    

INSERT into salaries 
        (emp_no, start_day, end_day, elevel, salary, dep_id)
    VALUES (
        113,
        "1992-04-06",
        "1993-04-07",
        2,
        81400,
        5
        );
    

INSERT into salaries 
        (emp_no, start_day, end_day, elevel, salary, dep_id)
    VALUES (
        113,
        "1993-04-07",
        "1994-04-08",
        2,
        80600,
        7
        );
    

INSERT into salaries 
        (emp_no, start_day, end_day, elevel, salary, dep_id)
    VALUES (
        113,
        "1994-04-08",
        "1995-04-10",
        2,
        79800,
        3
        );
    

INSERT into salaries 
        (emp_no, start_day, end_day, elevel, salary, dep_id)
    VALUES (
        113,
        "1995-04-10",
        "1996-04-10",
        2,
        83800,
        6
        );
    

INSERT into salaries 
        (emp_no, start_day, end_day, elevel, salary, dep_id)
    VALUES (
        113,
        "1996-04-10",
        "1997-04-11",
        2,
        85500,
        5
        );
    

INSERT into salaries 
        (emp_no, start_day, end_day, elevel, salary, dep_id)
    VALUES (
        113,
        "1997-04-11",
        "1998-08-16",
        2,
        87300,
        1
        );
    

INSERT INTO employees
    (emp_no, birth_date, first_name, last_name, gender, citizenship, hire_day, last_day)
    VALUES (
        114,
        "1940-11-05",
        "Randy",
        "Turner",
        "m",
        "USA",
        "1990-03-01",
        "1991-02-28"
    );
    

INSERT into salaries 
        (emp_no, start_day, end_day, elevel, salary, dep_id)
    VALUES (
        114,
        "1990-03-01",
        "1991-02-28",
        1,
        70900,
        4
        );
    

INSERT INTO employees
    (emp_no, birth_date, first_name, last_name, gender, citizenship, hire_day, last_day)
    VALUES (
        115,
        "1948-09-25",
        "Swara",
        "Khatoon",
        "f",
        "USA",
        "1990-03-01",
        "1993-07-07"
    );
    

INSERT into salaries 
        (emp_no, start_day, end_day, elevel, salary, dep_id)
    VALUES (
        115,
        "1990-03-01",
        "1991-04-05",
        2,
        74000,
        7
        );
    

INSERT into salaries 
        (emp_no, start_day, end_day, elevel, salary, dep_id)
    VALUES (
        115,
        "1991-04-05",
        "1992-04-06",
        2,
        75500,
        3
        );
    

INSERT into salaries 
        (emp_no, start_day, end_day, elevel, salary, dep_id)
    VALUES (
        115,
        "1992-04-06",
        "1993-07-07",
        2,
        77100,
        2
        );
    

INSERT INTO employees
    (emp_no, birth_date, first_name, last_name, gender, citizenship, hire_day, last_day)
    VALUES (
        116,
        "1932-08-14",
        "Juan",
        "Muñoz",
        "m",
        "Uruguay",
        "1990-03-01",
        "1994-01-19"
    );
    

INSERT into salaries 
        (emp_no, start_day, end_day, elevel, salary, dep_id)
    VALUES (
        116,
        "1990-03-01",
        "1991-04-05",
        1,
        66100,
        1
        );
    

INSERT into salaries 
        (emp_no, start_day, end_day, elevel, salary, dep_id)
    VALUES (
        116,
        "1991-04-05",
        "1992-04-06",
        1,
        66800,
        3
        );
    

INSERT into salaries 
        (emp_no, start_day, end_day, elevel, salary, dep_id)
    VALUES (
        116,
        "1992-04-06",
        "1993-04-07",
        1,
        66200,
        3
        );
    

INSERT into salaries 
        (emp_no, start_day, end_day, elevel, salary, dep_id)
    VALUES (
        116,
        "1993-04-07",
        "1994-01-19",
        1,
        65600,
        7
        );
    

INSERT INTO employees
    (emp_no, birth_date, first_name, last_name, gender, citizenship, hire_day, last_day)
    VALUES (
        117,
        "1940-03-08",
        "Yazhini",
        "Khatoon",
        "f",
        "USA",
        "1990-03-01",
        "1995-03-31"
    );
    

INSERT into salaries 
        (emp_no, start_day, end_day, elevel, salary, dep_id)
    VALUES (
        117,
        "1990-03-01",
        "1991-04-05",
        1,
        68800,
        6
        );
    

INSERT into salaries 
        (emp_no, start_day, end_day, elevel, salary, dep_id)
    VALUES (
        117,
        "1991-04-05",
        "1992-04-06",
        2,
        71100,
        2
        );
    

INSERT into salaries 
        (emp_no, start_day, end_day, elevel, salary, dep_id)
    VALUES (
        117,
        "1992-04-06",
        "1993-04-07",
        2,
        74700,
        3
        );
    

INSERT into salaries 
        (emp_no, start_day, end_day, elevel, salary, dep_id)
    VALUES (
        117,
        "1993-04-07",
        "1994-04-08",
        3,
        79300,
        4
        );
    

INSERT into salaries 
        (emp_no, start_day, end_day, elevel, salary, dep_id)
    VALUES (
        117,
        "1994-04-08",
        "1995-03-31",
        4,
        84000,
        2
        );
    

INSERT INTO employees
    (emp_no, birth_date, first_name, last_name, gender, citizenship, hire_day, last_day)
    VALUES (
        118,
        "1943-10-01",
        "Luciano",
        "Gil",
        "m",
        "Uruguay",
        "1990-03-01",
        "1992-02-16"
    );
    

INSERT into salaries 
        (emp_no, start_day, end_day, elevel, salary, dep_id)
    VALUES (
        118,
        "1990-03-01",
        "1991-04-05",
        2,
        70200,
        5
        );
    

INSERT into salaries 
        (emp_no, start_day, end_day, elevel, salary, dep_id)
    VALUES (
        118,
        "1991-04-05",
        "1992-02-16",
        2,
        71700,
        4
        );
    

INSERT INTO employees
    (emp_no, birth_date, first_name, last_name, gender, citizenship, hire_day, last_day)
    VALUES (
        119,
        "1951-09-20",
        "Willie",
        "Green",
        "m",
        "USA",
        "1990-03-01",
        "1991-07-19"
    );
    

INSERT into salaries 
        (emp_no, start_day, end_day, elevel, salary, dep_id)
    VALUES (
        119,
        "1990-03-01",
        "1991-07-19",
        2,
        74300,
        6
        );
    

INSERT INTO employees
    (emp_no, birth_date, first_name, last_name, gender, citizenship, hire_day, last_day)
    VALUES (
        120,
        "1946-10-15",
        "Maite",
        "Suárez",
        "f",
        "Mexico",
        "1990-03-01",
        "1995-01-27"
    );
    

INSERT into salaries 
        (emp_no, start_day, end_day, elevel, salary, dep_id)
    VALUES (
        120,
        "1990-03-01",
        "1991-04-05",
        2,
        75600,
        2
        );
    

INSERT into salaries 
        (emp_no, start_day, end_day, elevel, salary, dep_id)
    VALUES (
        120,
        "1991-04-05",
        "1992-04-06",
        2,
        77200,
        4
        );
    

INSERT into salaries 
        (emp_no, start_day, end_day, elevel, salary, dep_id)
    VALUES (
        120,
        "1992-04-06",
        "1993-04-07",
        2,
        78800,
        3
        );
    

INSERT into salaries 
        (emp_no, start_day, end_day, elevel, salary, dep_id)
    VALUES (
        120,
        "1993-04-07",
        "1994-04-08",
        2,
        80400,
        4
        );
    

INSERT into salaries 
        (emp_no, start_day, end_day, elevel, salary, dep_id)
    VALUES (
        120,
        "1994-04-08",
        "1995-01-27",
        2,
        82100,
        2
        );
    

INSERT INTO employees
    (emp_no, birth_date, first_name, last_name, gender, citizenship, hire_day, last_day)
    VALUES (
        121,
        "1932-04-23",
        "Emily",
        "Martínez",
        "f",
        "USA",
        "1990-03-01",
        "1991-12-15"
    );
    

INSERT into salaries 
        (emp_no, start_day, end_day, elevel, salary, dep_id)
    VALUES (
        121,
        "1990-03-01",
        "1991-04-05",
        1,
        67900,
        6
        );
    

INSERT into salaries 
        (emp_no, start_day, end_day, elevel, salary, dep_id)
    VALUES (
        121,
        "1991-04-05",
        "1991-12-15",
        1,
        71300,
        2
        );
    

INSERT INTO employees
    (emp_no, birth_date, first_name, last_name, gender, citizenship, hire_day, last_day)
    VALUES (
        122,
        "1935-10-13",
        "Jörg",
        "Neumann",
        "m",
        "USA",
        "1990-03-01",
        "1992-03-12"
    );
    

INSERT into salaries 
        (emp_no, start_day, end_day, elevel, salary, dep_id)
    VALUES (
        122,
        "1990-03-01",
        "1991-04-05",
        1,
        67300,
        7
        );
    

INSERT into salaries 
        (emp_no, start_day, end_day, elevel, salary, dep_id)
    VALUES (
        122,
        "1991-04-05",
        "1992-03-12",
        2,
        71800,
        6
        );
    

INSERT INTO employees
    (emp_no, birth_date, first_name, last_name, gender, citizenship, hire_day, last_day)
    VALUES (
        123,
        "1937-08-22",
        "Aviraj",
        "Rajak",
        "m",
        "USA",
        "1990-03-01",
        "2006-06-19"
    );
    

INSERT into salaries 
        (emp_no, start_day, end_day, elevel, salary, dep_id)
    VALUES (
        123,
        "1990-03-01",
        "1991-04-05",
        2,
        73700,
        7
        );
    

INSERT into salaries 
        (emp_no, start_day, end_day, elevel, salary, dep_id)
    VALUES (
        123,
        "1991-04-05",
        "1992-04-06",
        2,
        77400,
        2
        );
    

INSERT into salaries 
        (emp_no, start_day, end_day, elevel, salary, dep_id)
    VALUES (
        123,
        "1992-04-06",
        "1993-04-07",
        2,
        78200,
        6
        );
    

INSERT into salaries 
        (emp_no, start_day, end_day, elevel, salary, dep_id)
    VALUES (
        123,
        "1993-04-07",
        "1994-04-08",
        3,
        82900,
        7
        );
    

INSERT into salaries 
        (emp_no, start_day, end_day, elevel, salary, dep_id)
    VALUES (
        123,
        "1994-04-08",
        "1995-04-10",
        3,
        84600,
        1
        );
    

INSERT into salaries 
        (emp_no, start_day, end_day, elevel, salary, dep_id)
    VALUES (
        123,
        "1995-04-10",
        "1996-04-10",
        3,
        88900,
        4
        );
    

INSERT into salaries 
        (emp_no, start_day, end_day, elevel, salary, dep_id)
    VALUES (
        123,
        "1996-04-10",
        "1997-04-11",
        3,
        93400,
        4
        );
    

INSERT into salaries 
        (emp_no, start_day, end_day, elevel, salary, dep_id)
    VALUES (
        123,
        "1997-04-11",
        "1998-04-13",
        3,
        98100,
        7
        );
    

INSERT into salaries 
        (emp_no, start_day, end_day, elevel, salary, dep_id)
    VALUES (
        123,
        "1998-04-13",
        "1999-04-14",
        3,
        100100,
        2
        );
    

INSERT into salaries 
        (emp_no, start_day, end_day, elevel, salary, dep_id)
    VALUES (
        123,
        "1999-04-14",
        "2000-04-14",
        3,
        99100,
        2
        );
    

INSERT into salaries 
        (emp_no, start_day, end_day, elevel, salary, dep_id)
    VALUES (
        123,
        "2000-04-14",
        "2001-04-16",
        3,
        104100,
        2
        );
    

INSERT into salaries 
        (emp_no, start_day, end_day, elevel, salary, dep_id)
    VALUES (
        123,
        "2001-04-16",
        "2002-04-17",
        4,
        108200,
        6
        );
    

INSERT into salaries 
        (emp_no, start_day, end_day, elevel, salary, dep_id)
    VALUES (
        123,
        "2002-04-17",
        "2003-04-18",
        4,
        109300,
        3
        );
    

INSERT into salaries 
        (emp_no, start_day, end_day, elevel, salary, dep_id)
    VALUES (
        123,
        "2003-04-18",
        "2004-04-19",
        4,
        111500,
        3
        );
    

INSERT into salaries 
        (emp_no, start_day, end_day, elevel, salary, dep_id)
    VALUES (
        123,
        "2004-04-19",
        "2005-04-20",
        4,
        112700,
        2
        );
    

INSERT into salaries 
        (emp_no, start_day, end_day, elevel, salary, dep_id)
    VALUES (
        123,
        "2005-04-20",
        "2006-06-19",
        5,
        118100,
        3
        );
    

INSERT INTO employees
    (emp_no, birth_date, first_name, last_name, gender, citizenship, hire_day, last_day)
    VALUES (
        124,
        "1949-01-10",
        "Pihu",
        "Panda",
        "f",
        "India",
        "1990-03-01",
        "1996-03-28"
    );
    

INSERT into salaries 
        (emp_no, start_day, end_day, elevel, salary, dep_id)
    VALUES (
        124,
        "1990-03-01",
        "1991-04-05",
        1,
        74300,
        3
        );
    

INSERT into salaries 
        (emp_no, start_day, end_day, elevel, salary, dep_id)
    VALUES (
        124,
        "1991-04-05",
        "1992-04-06",
        1,
        75800,
        6
        );
    

INSERT into salaries 
        (emp_no, start_day, end_day, elevel, salary, dep_id)
    VALUES (
        124,
        "1992-04-06",
        "1993-04-07",
        1,
        76600,
        4
        );
    

INSERT into salaries 
        (emp_no, start_day, end_day, elevel, salary, dep_id)
    VALUES (
        124,
        "1993-04-07",
        "1994-04-08",
        1,
        78200,
        4
        );
    

INSERT into salaries 
        (emp_no, start_day, end_day, elevel, salary, dep_id)
    VALUES (
        124,
        "1994-04-08",
        "1995-04-10",
        1,
        82200,
        2
        );
    

INSERT into salaries 
        (emp_no, start_day, end_day, elevel, salary, dep_id)
    VALUES (
        124,
        "1995-04-10",
        "1996-03-28",
        1,
        83900,
        5
        );
    

INSERT INTO employees
    (emp_no, birth_date, first_name, last_name, gender, citizenship, hire_day, last_day)
    VALUES (
        125,
        "1956-11-26",
        "Andreas",
        "Schulz",
        "m",
        "Germany",
        "1990-03-01",
        "1991-01-02"
    );
    

INSERT into salaries 
        (emp_no, start_day, end_day, elevel, salary, dep_id)
    VALUES (
        125,
        "1990-03-01",
        "1991-01-02",
        1,
        67700,
        1
        );
    

INSERT INTO employees
    (emp_no, birth_date, first_name, last_name, gender, citizenship, hire_day, last_day)
    VALUES (
        126,
        "1944-11-21",
        "Ximena",
        "González",
        "f",
        "USA",
        "1990-03-01",
        "1991-08-18"
    );
    

INSERT into salaries 
        (emp_no, start_day, end_day, elevel, salary, dep_id)
    VALUES (
        126,
        "1990-03-01",
        "1991-08-18",
        1,
        69600,
        4
        );
    

INSERT INTO employees
    (emp_no, birth_date, first_name, last_name, gender, citizenship, hire_day, last_day)
    VALUES (
        127,
        "1932-10-26",
        "Anthony",
        "Stewart",
        "m",
        "USA",
        "1990-03-01",
        "1991-08-28"
    );
    

INSERT into salaries 
        (emp_no, start_day, end_day, elevel, salary, dep_id)
    VALUES (
        127,
        "1990-03-01",
        "1991-08-28",
        2,
        71200,
        6
        );
    

INSERT INTO employees
    (emp_no, birth_date, first_name, last_name, gender, citizenship, hire_day, last_day)
    VALUES (
        128,
        "1952-06-12",
        "Sarah",
        "Wood",
        "f",
        "USA",
        "1990-03-01",
        "1993-07-04"
    );
    

INSERT into salaries 
        (emp_no, start_day, end_day, elevel, salary, dep_id)
    VALUES (
        128,
        "1990-03-01",
        "1991-04-05",
        2,
        75600,
        1
        );
    

INSERT into salaries 
        (emp_no, start_day, end_day, elevel, salary, dep_id)
    VALUES (
        128,
        "1991-04-05",
        "1992-04-06",
        2,
        77200,
        2
        );
    

INSERT into salaries 
        (emp_no, start_day, end_day, elevel, salary, dep_id)
    VALUES (
        128,
        "1992-04-06",
        "1993-07-04",
        2,
        78800,
        3
        );
    

INSERT INTO employees
    (emp_no, birth_date, first_name, last_name, gender, citizenship, hire_day, last_day)
    VALUES (
        129,
        "1959-05-20",
        "Anita",
        "Reed",
        "f",
        "USA",
        "1990-03-01",
        "1992-12-24"
    );
    

INSERT into salaries 
        (emp_no, start_day, end_day, elevel, salary, dep_id)
    VALUES (
        129,
        "1990-03-01",
        "1991-04-05",
        1,
        69700,
        5
        );
    

INSERT into salaries 
        (emp_no, start_day, end_day, elevel, salary, dep_id)
    VALUES (
        129,
        "1991-04-05",
        "1992-04-06",
        1,
        70400,
        7
        );
    

INSERT into salaries 
        (emp_no, start_day, end_day, elevel, salary, dep_id)
    VALUES (
        129,
        "1992-04-06",
        "1992-12-24",
        1,
        74000,
        3
        );
    

INSERT INTO employees
    (emp_no, birth_date, first_name, last_name, gender, citizenship, hire_day, last_day)
    VALUES (
        130,
        "1950-03-12",
        "Sabine",
        "Sauer",
        "f",
        "Germany",
        "1990-03-01",
        "1991-07-22"
    );
    

INSERT into salaries 
        (emp_no, start_day, end_day, elevel, salary, dep_id)
    VALUES (
        130,
        "1990-03-01",
        "1991-07-22",
        2,
        75200,
        2
        );
    

INSERT INTO employees
    (emp_no, birth_date, first_name, last_name, gender, citizenship, hire_day, last_day)
    VALUES (
        131,
        "1944-08-10",
        "Syed",
        "Jadhav",
        "m",
        "USA",
        "1990-03-01",
        "1992-03-22"
    );
    

INSERT into salaries 
        (emp_no, start_day, end_day, elevel, salary, dep_id)
    VALUES (
        131,
        "1990-03-01",
        "1991-04-05",
        2,
        76200,
        6
        );
    

INSERT into salaries 
        (emp_no, start_day, end_day, elevel, salary, dep_id)
    VALUES (
        131,
        "1991-04-05",
        "1992-03-22",
        2,
        77800,
        5
        );
    

INSERT INTO employees
    (emp_no, birth_date, first_name, last_name, gender, citizenship, hire_day, last_day)
    VALUES (
        132,
        "1934-05-29",
        "Frank",
        "Fischer",
        "m",
        "USA",
        "1990-03-01",
        "1995-04-13"
    );
    

INSERT into salaries 
        (emp_no, start_day, end_day, elevel, salary, dep_id)
    VALUES (
        132,
        "1990-03-01",
        "1991-04-05",
        2,
        75600,
        1
        );
    

INSERT into salaries 
        (emp_no, start_day, end_day, elevel, salary, dep_id)
    VALUES (
        132,
        "1991-04-05",
        "1992-04-06",
        3,
        80200,
        1
        );
    

INSERT into salaries 
        (emp_no, start_day, end_day, elevel, salary, dep_id)
    VALUES (
        132,
        "1992-04-06",
        "1993-04-07",
        3,
        84300,
        5
        );
    

INSERT into salaries 
        (emp_no, start_day, end_day, elevel, salary, dep_id)
    VALUES (
        132,
        "1993-04-07",
        "1994-04-08",
        3,
        88600,
        6
        );
    

INSERT into salaries 
        (emp_no, start_day, end_day, elevel, salary, dep_id)
    VALUES (
        132,
        "1994-04-08",
        "1995-04-13",
        3,
        89500,
        7
        );
    

INSERT INTO employees
    (emp_no, birth_date, first_name, last_name, gender, citizenship, hire_day, last_day)
    VALUES (
        133,
        "1940-04-04",
        "Johannes",
        "Richter",
        "m",
        "USA",
        "1990-03-01",
        "1992-05-31"
    );
    

INSERT into salaries 
        (emp_no, start_day, end_day, elevel, salary, dep_id)
    VALUES (
        133,
        "1990-03-01",
        "1991-04-05",
        1,
        73200,
        1
        );
    

INSERT into salaries 
        (emp_no, start_day, end_day, elevel, salary, dep_id)
    VALUES (
        133,
        "1991-04-05",
        "1992-05-31",
        1,
        74700,
        6
        );
    

INSERT INTO employees
    (emp_no, birth_date, first_name, last_name, gender, citizenship, hire_day, last_day)
    VALUES (
        134,
        "1940-01-06",
        "Avyaan",
        "Kumari",
        "m",
        "India",
        "1990-03-01",
        "1993-01-23"
    );
    

INSERT into salaries 
        (emp_no, start_day, end_day, elevel, salary, dep_id)
    VALUES (
        134,
        "1990-03-01",
        "1991-04-05",
        2,
        78200,
        7
        );
    

INSERT into salaries 
        (emp_no, start_day, end_day, elevel, salary, dep_id)
    VALUES (
        134,
        "1991-04-05",
        "1992-04-06",
        2,
        77500,
        1
        );
    

INSERT into salaries 
        (emp_no, start_day, end_day, elevel, salary, dep_id)
    VALUES (
        134,
        "1992-04-06",
        "1993-01-23",
        3,
        84600,
        7
        );
    

INSERT INTO employees
    (emp_no, birth_date, first_name, last_name, gender, citizenship, hire_day, last_day)
    VALUES (
        135,
        "1930-10-13",
        "Samuel",
        "Torres",
        "m",
        "USA",
        "1990-03-01",
        "1996-02-09"
    );
    

INSERT into salaries 
        (emp_no, start_day, end_day, elevel, salary, dep_id)
    VALUES (
        135,
        "1990-03-01",
        "1991-04-05",
        2,
        79100,
        4
        );
    

INSERT into salaries 
        (emp_no, start_day, end_day, elevel, salary, dep_id)
    VALUES (
        135,
        "1991-04-05",
        "1992-04-06",
        2,
        79900,
        2
        );
    

INSERT into salaries 
        (emp_no, start_day, end_day, elevel, salary, dep_id)
    VALUES (
        135,
        "1992-04-06",
        "1993-04-07",
        2,
        81500,
        5
        );
    

INSERT into salaries 
        (emp_no, start_day, end_day, elevel, salary, dep_id)
    VALUES (
        135,
        "1993-04-07",
        "1994-04-08",
        2,
        82400,
        2
        );
    

INSERT into salaries 
        (emp_no, start_day, end_day, elevel, salary, dep_id)
    VALUES (
        135,
        "1994-04-08",
        "1995-04-10",
        3,
        87200,
        1
        );
    

INSERT into salaries 
        (emp_no, start_day, end_day, elevel, salary, dep_id)
    VALUES (
        135,
        "1995-04-10",
        "1996-02-09",
        3,
        88100,
        3
        );
    

INSERT INTO employees
    (emp_no, birth_date, first_name, last_name, gender, citizenship, hire_day, last_day)
    VALUES (
        136,
        "1947-01-29",
        "Rita",
        "Campbell",
        "f",
        "USA",
        "1990-03-01",
        "1991-04-13"
    );
    

INSERT into salaries 
        (emp_no, start_day, end_day, elevel, salary, dep_id)
    VALUES (
        136,
        "1990-03-01",
        "1991-04-13",
        1,
        74900,
        2
        );
    

INSERT INTO employees
    (emp_no, birth_date, first_name, last_name, gender, citizenship, hire_day, last_day)
    VALUES (
        137,
        "1941-10-04",
        "Heinz",
        "Huber",
        "m",
        "USA",
        "1990-03-01",
        "1993-08-21"
    );
    

INSERT into salaries 
        (emp_no, start_day, end_day, elevel, salary, dep_id)
    VALUES (
        137,
        "1990-03-01",
        "1991-04-05",
        1,
        65900,
        2
        );
    

INSERT into salaries 
        (emp_no, start_day, end_day, elevel, salary, dep_id)
    VALUES (
        137,
        "1991-04-05",
        "1992-04-06",
        1,
        67300,
        4
        );
    

INSERT into salaries 
        (emp_no, start_day, end_day, elevel, salary, dep_id)
    VALUES (
        137,
        "1992-04-06",
        "1993-08-21",
        1,
        70700,
        1
        );
    

INSERT INTO employees
    (emp_no, birth_date, first_name, last_name, gender, citizenship, hire_day, last_day)
    VALUES (
        138,
        "1940-10-06",
        "Beverly",
        "Watson",
        "f",
        "USA",
        "1990-03-01",
        "1991-03-24"
    );
    

INSERT into salaries 
        (emp_no, start_day, end_day, elevel, salary, dep_id)
    VALUES (
        138,
        "1990-03-01",
        "1991-03-24",
        2,
        70700,
        3
        );
    

INSERT INTO employees
    (emp_no, birth_date, first_name, last_name, gender, citizenship, hire_day, last_day)
    VALUES (
        139,
        "1931-10-18",
        "Romina",
        "Ortiz",
        "f",
        "Argentina",
        "1990-03-01",
        "1991-01-27"
    );
    

INSERT into salaries 
        (emp_no, start_day, end_day, elevel, salary, dep_id)
    VALUES (
        139,
        "1990-03-01",
        "1991-01-27",
        2,
        75000,
        4
        );
    

INSERT INTO employees
    (emp_no, birth_date, first_name, last_name, gender, citizenship, hire_day, last_day)
    VALUES (
        140,
        "1957-06-15",
        "Paul",
        "Taylor",
        "m",
        "USA",
        "1990-03-01",
        "1993-04-12"
    );
    

INSERT into salaries 
        (emp_no, start_day, end_day, elevel, salary, dep_id)
    VALUES (
        140,
        "1990-03-01",
        "1991-04-05",
        1,
        71000,
        5
        );
    

INSERT into salaries 
        (emp_no, start_day, end_day, elevel, salary, dep_id)
    VALUES (
        140,
        "1991-04-05",
        "1992-04-06",
        1,
        74600,
        5
        );
    

INSERT into salaries 
        (emp_no, start_day, end_day, elevel, salary, dep_id)
    VALUES (
        140,
        "1992-04-06",
        "1993-04-12",
        1,
        73900,
        5
        );
    

INSERT INTO employees
    (emp_no, birth_date, first_name, last_name, gender, citizenship, hire_day, last_day)
    VALUES (
        141,
        "1939-01-17",
        "Saatvik",
        "Shankar",
        "m",
        "India",
        "1990-03-01",
        "2001-01-02"
    );
    

INSERT into salaries 
        (emp_no, start_day, end_day, elevel, salary, dep_id)
    VALUES (
        141,
        "1990-03-01",
        "1991-04-05",
        1,
        74100,
        5
        );
    

INSERT into salaries 
        (emp_no, start_day, end_day, elevel, salary, dep_id)
    VALUES (
        141,
        "1991-04-05",
        "1992-04-06",
        1,
        75600,
        5
        );
    

INSERT into salaries 
        (emp_no, start_day, end_day, elevel, salary, dep_id)
    VALUES (
        141,
        "1992-04-06",
        "1993-04-07",
        1,
        76400,
        1
        );
    

INSERT into salaries 
        (emp_no, start_day, end_day, elevel, salary, dep_id)
    VALUES (
        141,
        "1993-04-07",
        "1994-04-08",
        1,
        77200,
        5
        );
    

INSERT into salaries 
        (emp_no, start_day, end_day, elevel, salary, dep_id)
    VALUES (
        141,
        "1994-04-08",
        "1995-04-10",
        1,
        76500,
        5
        );
    

INSERT into salaries 
        (emp_no, start_day, end_day, elevel, salary, dep_id)
    VALUES (
        141,
        "1995-04-10",
        "1996-04-10",
        1,
        78100,
        7
        );
    

INSERT into salaries 
        (emp_no, start_day, end_day, elevel, salary, dep_id)
    VALUES (
        141,
        "1996-04-10",
        "1997-04-11",
        1,
        82100,
        1
        );
    

INSERT into salaries 
        (emp_no, start_day, end_day, elevel, salary, dep_id)
    VALUES (
        141,
        "1997-04-11",
        "1998-04-13",
        1,
        83000,
        2
        );
    

INSERT into salaries 
        (emp_no, start_day, end_day, elevel, salary, dep_id)
    VALUES (
        141,
        "1998-04-13",
        "1999-04-14",
        1,
        84700,
        1
        );
    

INSERT into salaries 
        (emp_no, start_day, end_day, elevel, salary, dep_id)
    VALUES (
        141,
        "1999-04-14",
        "2000-04-14",
        2,
        92100,
        1
        );
    

INSERT into salaries 
        (emp_no, start_day, end_day, elevel, salary, dep_id)
    VALUES (
        141,
        "2000-04-14",
        "2001-01-02",
        2,
        94000,
        3
        );
    

INSERT INTO employees
    (emp_no, birth_date, first_name, last_name, gender, citizenship, hire_day, last_day)
    VALUES (
        142,
        "1930-06-19",
        "Nicole",
        "Morgan",
        "f",
        "USA",
        "1990-03-01",
        "1993-06-08"
    );
    

INSERT into salaries 
        (emp_no, start_day, end_day, elevel, salary, dep_id)
    VALUES (
        142,
        "1990-03-01",
        "1991-04-05",
        2,
        76400,
        3
        );
    

INSERT into salaries 
        (emp_no, start_day, end_day, elevel, salary, dep_id)
    VALUES (
        142,
        "1991-04-05",
        "1992-04-06",
        2,
        78000,
        7
        );
    

INSERT into salaries 
        (emp_no, start_day, end_day, elevel, salary, dep_id)
    VALUES (
        142,
        "1992-04-06",
        "1993-06-08",
        2,
        78800,
        2
        );
    

INSERT INTO employees
    (emp_no, birth_date, first_name, last_name, gender, citizenship, hire_day, last_day)
    VALUES (
        143,
        "1948-06-17",
        "Esteban",
        "Ortiz",
        "m",
        "Uruguay",
        "1990-03-01",
        "2002-06-07"
    );
    

INSERT into salaries 
        (emp_no, start_day, end_day, elevel, salary, dep_id)
    VALUES (
        143,
        "1990-03-01",
        "1991-04-05",
        2,
        77800,
        2
        );
    

INSERT into salaries 
        (emp_no, start_day, end_day, elevel, salary, dep_id)
    VALUES (
        143,
        "1991-04-05",
        "1992-04-06",
        2,
        79400,
        2
        );
    

INSERT into salaries 
        (emp_no, start_day, end_day, elevel, salary, dep_id)
    VALUES (
        143,
        "1992-04-06",
        "1993-04-07",
        2,
        81000,
        3
        );
    

INSERT into salaries 
        (emp_no, start_day, end_day, elevel, salary, dep_id)
    VALUES (
        143,
        "1993-04-07",
        "1994-04-08",
        2,
        82700,
        6
        );
    

INSERT into salaries 
        (emp_no, start_day, end_day, elevel, salary, dep_id)
    VALUES (
        143,
        "1994-04-08",
        "1995-04-10",
        2,
        84400,
        3
        );
    

INSERT into salaries 
        (emp_no, start_day, end_day, elevel, salary, dep_id)
    VALUES (
        143,
        "1995-04-10",
        "1996-04-10",
        2,
        88700,
        5
        );
    

INSERT into salaries 
        (emp_no, start_day, end_day, elevel, salary, dep_id)
    VALUES (
        143,
        "1996-04-10",
        "1997-04-11",
        2,
        90500,
        1
        );
    

INSERT into salaries 
        (emp_no, start_day, end_day, elevel, salary, dep_id)
    VALUES (
        143,
        "1997-04-11",
        "1998-04-13",
        2,
        91500,
        4
        );
    

INSERT into salaries 
        (emp_no, start_day, end_day, elevel, salary, dep_id)
    VALUES (
        143,
        "1998-04-13",
        "1999-04-14",
        2,
        93400,
        1
        );
    

INSERT into salaries 
        (emp_no, start_day, end_day, elevel, salary, dep_id)
    VALUES (
        143,
        "1999-04-14",
        "2000-04-14",
        2,
        95300,
        4
        );
    

INSERT into salaries 
        (emp_no, start_day, end_day, elevel, salary, dep_id)
    VALUES (
        143,
        "2000-04-14",
        "2001-04-16",
        3,
        103300,
        3
        );
    

INSERT into salaries 
        (emp_no, start_day, end_day, elevel, salary, dep_id)
    VALUES (
        143,
        "2001-04-16",
        "2002-06-07",
        3,
        108500,
        4
        );
    

INSERT INTO employees
    (emp_no, birth_date, first_name, last_name, gender, citizenship, hire_day, last_day)
    VALUES (
        144,
        "1931-04-02",
        "Anthony",
        "Navarro",
        "m",
        "USA",
        "1990-03-01",
        "1990-12-06"
    );
    

INSERT into salaries 
        (emp_no, start_day, end_day, elevel, salary, dep_id)
    VALUES (
        144,
        "1990-03-01",
        "1990-12-06",
        2,
        77300,
        5
        );
    

INSERT INTO employees
    (emp_no, birth_date, first_name, last_name, gender, citizenship, hire_day, last_day)
    VALUES (
        145,
        "1957-04-12",
        "Jutta",
        "Müller",
        "f",
        "Germany",
        "1990-03-01",
        "1992-04-27"
    );
    

INSERT into salaries 
        (emp_no, start_day, end_day, elevel, salary, dep_id)
    VALUES (
        145,
        "1990-03-01",
        "1991-04-05",
        1,
        67500,
        7
        );
    

INSERT into salaries 
        (emp_no, start_day, end_day, elevel, salary, dep_id)
    VALUES (
        145,
        "1991-04-05",
        "1992-04-27",
        2,
        74100,
        3
        );
    

INSERT INTO employees
    (emp_no, birth_date, first_name, last_name, gender, citizenship, hire_day, last_day)
    VALUES (
        146,
        "1958-04-12",
        "Riya",
        "Jahan",
        "f",
        "USA",
        "1990-03-01",
        "1992-08-12"
    );
    

INSERT into salaries 
        (emp_no, start_day, end_day, elevel, salary, dep_id)
    VALUES (
        146,
        "1990-03-01",
        "1991-04-05",
        2,
        73800,
        2
        );
    

INSERT into salaries 
        (emp_no, start_day, end_day, elevel, salary, dep_id)
    VALUES (
        146,
        "1991-04-05",
        "1992-08-12",
        2,
        74600,
        4
        );
    

INSERT INTO employees
    (emp_no, birth_date, first_name, last_name, gender, citizenship, hire_day, last_day)
    VALUES (
        147,
        "1948-03-18",
        "Diego",
        "Gómez",
        "m",
        "Uruguay",
        "1990-03-01",
        "1993-02-03"
    );
    

INSERT into salaries 
        (emp_no, start_day, end_day, elevel, salary, dep_id)
    VALUES (
        147,
        "1990-03-01",
        "1991-04-05",
        1,
        65300,
        3
        );
    

INSERT into salaries 
        (emp_no, start_day, end_day, elevel, salary, dep_id)
    VALUES (
        147,
        "1991-04-05",
        "1992-04-06",
        1,
        66700,
        2
        );
    

INSERT into salaries 
        (emp_no, start_day, end_day, elevel, salary, dep_id)
    VALUES (
        147,
        "1992-04-06",
        "1993-02-03",
        1,
        66100,
        3
        );
    

INSERT INTO employees
    (emp_no, birth_date, first_name, last_name, gender, citizenship, hire_day, last_day)
    VALUES (
        148,
        "1958-04-29",
        "Jane",
        "Howard",
        "f",
        "USA",
        "1990-03-01",
        "1996-05-27"
    );
    

INSERT into salaries 
        (emp_no, start_day, end_day, elevel, salary, dep_id)
    VALUES (
        148,
        "1990-03-01",
        "1991-04-05",
        1,
        70600,
        6
        );
    

INSERT into salaries 
        (emp_no, start_day, end_day, elevel, salary, dep_id)
    VALUES (
        148,
        "1991-04-05",
        "1992-04-06",
        1,
        74200,
        7
        );
    

INSERT into salaries 
        (emp_no, start_day, end_day, elevel, salary, dep_id)
    VALUES (
        148,
        "1992-04-06",
        "1993-04-07",
        1,
        75000,
        5
        );
    

INSERT into salaries 
        (emp_no, start_day, end_day, elevel, salary, dep_id)
    VALUES (
        148,
        "1993-04-07",
        "1994-04-08",
        1,
        78800,
        6
        );
    

INSERT into salaries 
        (emp_no, start_day, end_day, elevel, salary, dep_id)
    VALUES (
        148,
        "1994-04-08",
        "1995-04-10",
        1,
        80400,
        1
        );
    

INSERT into salaries 
        (emp_no, start_day, end_day, elevel, salary, dep_id)
    VALUES (
        148,
        "1995-04-10",
        "1996-05-27",
        1,
        79600,
        1
        );
    

INSERT INTO employees
    (emp_no, birth_date, first_name, last_name, gender, citizenship, hire_day, last_day)
    VALUES (
        149,
        "1936-03-17",
        "Edna",
        "Hall",
        "f",
        "USA",
        "1990-03-01",
        "1992-01-11"
    );
    

INSERT into salaries 
        (emp_no, start_day, end_day, elevel, salary, dep_id)
    VALUES (
        149,
        "1990-03-01",
        "1991-04-05",
        2,
        73100,
        4
        );
    

INSERT into salaries 
        (emp_no, start_day, end_day, elevel, salary, dep_id)
    VALUES (
        149,
        "1991-04-05",
        "1992-01-11",
        2,
        76800,
        1
        );
    

INSERT INTO employees
    (emp_no, birth_date, first_name, last_name, gender, citizenship, hire_day, last_day)
    VALUES (
        150,
        "1930-05-20",
        "Adrián",
        "Morales",
        "m",
        "Uruguay",
        "1990-03-01",
        "1991-01-12"
    );
    

INSERT into salaries 
        (emp_no, start_day, end_day, elevel, salary, dep_id)
    VALUES (
        150,
        "1990-03-01",
        "1991-01-12",
        1,
        73600,
        6
        );
    

INSERT INTO employees
    (emp_no, birth_date, first_name, last_name, gender, citizenship, hire_day, last_day)
    VALUES (
        151,
        "1952-03-19",
        "Daniela",
        "Torres",
        "f",
        "USA",
        "1990-03-08",
        "1993-12-15"
    );
    

INSERT into salaries 
        (emp_no, start_day, end_day, elevel, salary, dep_id)
    VALUES (
        151,
        "1990-03-08",
        "1991-04-12",
        1,
        65600,
        4
        );
    

INSERT into salaries 
        (emp_no, start_day, end_day, elevel, salary, dep_id)
    VALUES (
        151,
        "1991-04-12",
        "1992-04-13",
        1,
        67000,
        7
        );
    

INSERT into salaries 
        (emp_no, start_day, end_day, elevel, salary, dep_id)
    VALUES (
        151,
        "1992-04-13",
        "1993-04-14",
        1,
        68400,
        4
        );
    

INSERT into salaries 
        (emp_no, start_day, end_day, elevel, salary, dep_id)
    VALUES (
        151,
        "1993-04-14",
        "1993-12-15",
        1,
        69100,
        5
        );
    

INSERT INTO employees
    (emp_no, birth_date, first_name, last_name, gender, citizenship, hire_day, last_day)
    VALUES (
        152,
        "1940-03-23",
        "Carl",
        "Collins",
        "m",
        "USA",
        "1990-03-12",
        "1995-05-26"
    );
    

INSERT into salaries 
        (emp_no, start_day, end_day, elevel, salary, dep_id)
    VALUES (
        152,
        "1990-03-12",
        "1991-04-16",
        2,
        77900,
        6
        );
    

INSERT into salaries 
        (emp_no, start_day, end_day, elevel, salary, dep_id)
    VALUES (
        152,
        "1991-04-16",
        "1992-04-16",
        2,
        79500,
        6
        );
    

INSERT into salaries 
        (emp_no, start_day, end_day, elevel, salary, dep_id)
    VALUES (
        152,
        "1992-04-16",
        "1993-04-19",
        2,
        81100,
        1
        );
    

INSERT into salaries 
        (emp_no, start_day, end_day, elevel, salary, dep_id)
    VALUES (
        152,
        "1993-04-19",
        "1994-04-20",
        3,
        85800,
        3
        );
    

INSERT into salaries 
        (emp_no, start_day, end_day, elevel, salary, dep_id)
    VALUES (
        152,
        "1994-04-20",
        "1995-05-26",
        3,
        86700,
        6
        );
    

INSERT INTO employees
    (emp_no, birth_date, first_name, last_name, gender, citizenship, hire_day, last_day)
    VALUES (
        153,
        "1943-05-09",
        "Ángel",
        "Gutiérrez",
        "m",
        "Uruguay",
        "1990-03-19",
        "1995-06-10"
    );
    

INSERT into salaries 
        (emp_no, start_day, end_day, elevel, salary, dep_id)
    VALUES (
        153,
        "1990-03-19",
        "1991-04-23",
        2,
        76800,
        2
        );
    

INSERT into salaries 
        (emp_no, start_day, end_day, elevel, salary, dep_id)
    VALUES (
        153,
        "1991-04-23",
        "1992-04-23",
        2,
        77600,
        4
        );
    

INSERT into salaries 
        (emp_no, start_day, end_day, elevel, salary, dep_id)
    VALUES (
        153,
        "1992-04-23",
        "1993-04-26",
        2,
        79200,
        7
        );
    

INSERT into salaries 
        (emp_no, start_day, end_day, elevel, salary, dep_id)
    VALUES (
        153,
        "1993-04-26",
        "1994-04-27",
        2,
        80000,
        6
        );
    

INSERT into salaries 
        (emp_no, start_day, end_day, elevel, salary, dep_id)
    VALUES (
        153,
        "1994-04-27",
        "1995-06-10",
        2,
        81600,
        5
        );
    

INSERT INTO employees
    (emp_no, birth_date, first_name, last_name, gender, citizenship, hire_day, last_day)
    VALUES (
        154,
        "1938-06-07",
        "Shawn",
        "Wood",
        "m",
        "USA",
        "1990-03-26",
        "1993-06-14"
    );
    

INSERT into salaries 
        (emp_no, start_day, end_day, elevel, salary, dep_id)
    VALUES (
        154,
        "1990-03-26",
        "1991-04-30",
        2,
        76300,
        2
        );
    

INSERT into salaries 
        (emp_no, start_day, end_day, elevel, salary, dep_id)
    VALUES (
        154,
        "1991-04-30",
        "1992-04-30",
        3,
        80900,
        1
        );
    

INSERT into salaries 
        (emp_no, start_day, end_day, elevel, salary, dep_id)
    VALUES (
        154,
        "1992-04-30",
        "1993-06-14",
        4,
        84800,
        5
        );
    

INSERT INTO employees
    (emp_no, birth_date, first_name, last_name, gender, citizenship, hire_day, last_day)
    VALUES (
        155,
        "1940-11-19",
        "Maria",
        "Chaudhari",
        "f",
        "USA",
        "1990-03-27",
        "1999-02-21"
    );
    

INSERT into salaries 
        (emp_no, start_day, end_day, elevel, salary, dep_id)
    VALUES (
        155,
        "1990-03-27",
        "1991-05-01",
        1,
        71600,
        6
        );
    

INSERT into salaries 
        (emp_no, start_day, end_day, elevel, salary, dep_id)
    VALUES (
        155,
        "1991-05-01",
        "1992-05-01",
        1,
        72400,
        1
        );
    

INSERT into salaries 
        (emp_no, start_day, end_day, elevel, salary, dep_id)
    VALUES (
        155,
        "1992-05-01",
        "1993-05-03",
        1,
        73200,
        5
        );
    

INSERT into salaries 
        (emp_no, start_day, end_day, elevel, salary, dep_id)
    VALUES (
        155,
        "1993-05-03",
        "1994-05-04",
        2,
        77800,
        4
        );
    

INSERT into salaries 
        (emp_no, start_day, end_day, elevel, salary, dep_id)
    VALUES (
        155,
        "1994-05-04",
        "1995-05-05",
        3,
        82500,
        1
        );
    

INSERT into salaries 
        (emp_no, start_day, end_day, elevel, salary, dep_id)
    VALUES (
        155,
        "1995-05-05",
        "1996-05-06",
        3,
        84200,
        2
        );
    

INSERT into salaries 
        (emp_no, start_day, end_day, elevel, salary, dep_id)
    VALUES (
        155,
        "1996-05-06",
        "1997-05-07",
        3,
        85900,
        6
        );
    

INSERT into salaries 
        (emp_no, start_day, end_day, elevel, salary, dep_id)
    VALUES (
        155,
        "1997-05-07",
        "1998-05-08",
        3,
        90200,
        5
        );
    

INSERT into salaries 
        (emp_no, start_day, end_day, elevel, salary, dep_id)
    VALUES (
        155,
        "1998-05-08",
        "1999-02-21",
        3,
        89300,
        7
        );
    

INSERT INTO employees
    (emp_no, birth_date, first_name, last_name, gender, citizenship, hire_day, last_day)
    VALUES (
        156,
        "1953-05-01",
        "Russell",
        "Watson",
        "m",
        "USA",
        "1990-04-02",
        "1997-04-26"
    );
    

INSERT into salaries 
        (emp_no, start_day, end_day, elevel, salary, dep_id)
    VALUES (
        156,
        "1990-04-02",
        "1991-05-07",
        2,
        73700,
        5
        );
    

INSERT into salaries 
        (emp_no, start_day, end_day, elevel, salary, dep_id)
    VALUES (
        156,
        "1991-05-07",
        "1992-05-07",
        2,
        77400,
        7
        );
    

INSERT into salaries 
        (emp_no, start_day, end_day, elevel, salary, dep_id)
    VALUES (
        156,
        "1992-05-07",
        "1993-05-10",
        2,
        79000,
        6
        );
    

INSERT into salaries 
        (emp_no, start_day, end_day, elevel, salary, dep_id)
    VALUES (
        156,
        "1993-05-10",
        "1994-05-11",
        2,
        83000,
        7
        );
    

INSERT into salaries 
        (emp_no, start_day, end_day, elevel, salary, dep_id)
    VALUES (
        156,
        "1994-05-11",
        "1995-05-12",
        2,
        84700,
        2
        );
    

INSERT into salaries 
        (emp_no, start_day, end_day, elevel, salary, dep_id)
    VALUES (
        156,
        "1995-05-12",
        "1996-05-13",
        2,
        86400,
        4
        );
    

INSERT into salaries 
        (emp_no, start_day, end_day, elevel, salary, dep_id)
    VALUES (
        156,
        "1996-05-13",
        "1997-04-26",
        2,
        88200,
        1
        );
    

INSERT INTO employees
    (emp_no, birth_date, first_name, last_name, gender, citizenship, hire_day, last_day)
    VALUES (
        157,
        "1933-03-09",
        "Mia",
        "Rabha",
        "f",
        "USA",
        "1990-04-06",
        "1992-07-31"
    );
    

INSERT into salaries 
        (emp_no, start_day, end_day, elevel, salary, dep_id)
    VALUES (
        157,
        "1990-04-06",
        "1991-05-13",
        2,
        79000,
        3
        );
    

INSERT into salaries 
        (emp_no, start_day, end_day, elevel, salary, dep_id)
    VALUES (
        157,
        "1991-05-13",
        "1992-07-31",
        2,
        80600,
        4
        );
    

INSERT INTO employees
    (emp_no, birth_date, first_name, last_name, gender, citizenship, hire_day, last_day)
    VALUES (
        158,
        "1951-09-28",
        "Jerry",
        "Rogers",
        "m",
        "USA",
        "1990-04-10",
        "1993-07-18"
    );
    

INSERT into salaries 
        (emp_no, start_day, end_day, elevel, salary, dep_id)
    VALUES (
        158,
        "1990-04-10",
        "1991-05-15",
        2,
        71200,
        7
        );
    

INSERT into salaries 
        (emp_no, start_day, end_day, elevel, salary, dep_id)
    VALUES (
        158,
        "1991-05-15",
        "1992-05-15",
        2,
        72700,
        1
        );
    

INSERT into salaries 
        (emp_no, start_day, end_day, elevel, salary, dep_id)
    VALUES (
        158,
        "1992-05-15",
        "1993-07-18",
        2,
        72000,
        6
        );
    

INSERT INTO employees
    (emp_no, birth_date, first_name, last_name, gender, citizenship, hire_day, last_day)
    VALUES (
        159,
        "1932-09-22",
        "Billy",
        "Green",
        "m",
        "USA",
        "1990-04-17",
        "1992-04-16"
    );
    

INSERT into salaries 
        (emp_no, start_day, end_day, elevel, salary, dep_id)
    VALUES (
        159,
        "1990-04-17",
        "1991-05-22",
        2,
        78400,
        2
        );
    

INSERT into salaries 
        (emp_no, start_day, end_day, elevel, salary, dep_id)
    VALUES (
        159,
        "1991-05-22",
        "1992-04-16",
        2,
        82400,
        6
        );
    

INSERT INTO employees
    (emp_no, birth_date, first_name, last_name, gender, citizenship, hire_day, last_day)
    VALUES (
        160,
        "1933-01-08",
        "Franco",
        "González",
        "m",
        "Uruguay",
        "1990-04-23",
        "1994-08-25"
    );
    

INSERT into salaries 
        (emp_no, start_day, end_day, elevel, salary, dep_id)
    VALUES (
        160,
        "1990-04-23",
        "1991-05-28",
        2,
        79200,
        6
        );
    

INSERT into salaries 
        (emp_no, start_day, end_day, elevel, salary, dep_id)
    VALUES (
        160,
        "1991-05-28",
        "1992-05-28",
        3,
        83100,
        2
        );
    

INSERT into salaries 
        (emp_no, start_day, end_day, elevel, salary, dep_id)
    VALUES (
        160,
        "1992-05-28",
        "1993-05-31",
        3,
        84800,
        4
        );
    

INSERT into salaries 
        (emp_no, start_day, end_day, elevel, salary, dep_id)
    VALUES (
        160,
        "1993-05-31",
        "1994-08-25",
        3,
        85700,
        3
        );
    

INSERT INTO employees
    (emp_no, birth_date, first_name, last_name, gender, citizenship, hire_day, last_day)
    VALUES (
        161,
        "1940-03-27",
        "Diego",
        "Gil",
        "m",
        "Uruguay",
        "1990-04-26",
        "1991-03-07"
    );
    

INSERT into salaries 
        (emp_no, start_day, end_day, elevel, salary, dep_id)
    VALUES (
        161,
        "1990-04-26",
        "1991-03-07",
        1,
        71700,
        1
        );
    

INSERT INTO employees
    (emp_no, birth_date, first_name, last_name, gender, citizenship, hire_day, last_day)
    VALUES (
        162,
        "1951-10-15",
        "Jamie",
        "Anderson",
        "f",
        "USA",
        "1990-05-02",
        "1992-09-29"
    );
    

INSERT into salaries 
        (emp_no, start_day, end_day, elevel, salary, dep_id)
    VALUES (
        162,
        "1990-05-02",
        "1991-06-06",
        1,
        74200,
        4
        );
    

INSERT into salaries 
        (emp_no, start_day, end_day, elevel, salary, dep_id)
    VALUES (
        162,
        "1991-06-06",
        "1992-09-29",
        1,
        78000,
        2
        );
    

INSERT INTO employees
    (emp_no, birth_date, first_name, last_name, gender, citizenship, hire_day, last_day)
    VALUES (
        163,
        "1934-08-13",
        "Kimberly",
        "Harris",
        "f",
        "USA",
        "1990-05-07",
        "1997-09-08"
    );
    

INSERT into salaries 
        (emp_no, start_day, end_day, elevel, salary, dep_id)
    VALUES (
        163,
        "1990-05-07",
        "1991-06-11",
        2,
        76500,
        7
        );
    

INSERT into salaries 
        (emp_no, start_day, end_day, elevel, salary, dep_id)
    VALUES (
        163,
        "1991-06-11",
        "1992-06-11",
        2,
        78100,
        6
        );
    

INSERT into salaries 
        (emp_no, start_day, end_day, elevel, salary, dep_id)
    VALUES (
        163,
        "1992-06-11",
        "1993-06-14",
        2,
        79700,
        7
        );
    

INSERT into salaries 
        (emp_no, start_day, end_day, elevel, salary, dep_id)
    VALUES (
        163,
        "1993-06-14",
        "1994-06-15",
        2,
        83700,
        3
        );
    

INSERT into salaries 
        (emp_no, start_day, end_day, elevel, salary, dep_id)
    VALUES (
        163,
        "1994-06-15",
        "1995-06-16",
        2,
        82900,
        1
        );
    

INSERT into salaries 
        (emp_no, start_day, end_day, elevel, salary, dep_id)
    VALUES (
        163,
        "1995-06-16",
        "1996-06-17",
        2,
        83800,
        4
        );
    

INSERT into salaries 
        (emp_no, start_day, end_day, elevel, salary, dep_id)
    VALUES (
        163,
        "1996-06-17",
        "1997-09-08",
        3,
        88600,
        6
        );
    

INSERT INTO employees
    (emp_no, birth_date, first_name, last_name, gender, citizenship, hire_day, last_day)
    VALUES (
        164,
        "1960-04-25",
        "Florence",
        "Foster",
        "f",
        "USA",
        "1990-05-11",
        "1992-05-15"
    );
    

INSERT into salaries 
        (emp_no, start_day, end_day, elevel, salary, dep_id)
    VALUES (
        164,
        "1990-05-11",
        "1991-06-17",
        1,
        65700,
        5
        );
    

INSERT into salaries 
        (emp_no, start_day, end_day, elevel, salary, dep_id)
    VALUES (
        164,
        "1991-06-17",
        "1992-05-15",
        1,
        67100,
        7
        );
    

INSERT INTO employees
    (emp_no, birth_date, first_name, last_name, gender, citizenship, hire_day, last_day)
    VALUES (
        165,
        "1947-01-23",
        "Christopher",
        "Martín",
        "m",
        "Uruguay",
        "1990-05-14",
        "1998-03-11"
    );
    

INSERT into salaries 
        (emp_no, start_day, end_day, elevel, salary, dep_id)
    VALUES (
        165,
        "1990-05-14",
        "1991-06-18",
        2,
        71000,
        3
        );
    

INSERT into salaries 
        (emp_no, start_day, end_day, elevel, salary, dep_id)
    VALUES (
        165,
        "1991-06-18",
        "1992-06-18",
        2,
        72500,
        4
        );
    

INSERT into salaries 
        (emp_no, start_day, end_day, elevel, salary, dep_id)
    VALUES (
        165,
        "1992-06-18",
        "1993-06-21",
        2,
        73300,
        5
        );
    

INSERT into salaries 
        (emp_no, start_day, end_day, elevel, salary, dep_id)
    VALUES (
        165,
        "1993-06-21",
        "1994-06-22",
        2,
        74100,
        3
        );
    

INSERT into salaries 
        (emp_no, start_day, end_day, elevel, salary, dep_id)
    VALUES (
        165,
        "1994-06-22",
        "1995-06-23",
        2,
        75600,
        7
        );
    

INSERT into salaries 
        (emp_no, start_day, end_day, elevel, salary, dep_id)
    VALUES (
        165,
        "1995-06-23",
        "1996-06-24",
        2,
        79400,
        2
        );
    

INSERT into salaries 
        (emp_no, start_day, end_day, elevel, salary, dep_id)
    VALUES (
        165,
        "1996-06-24",
        "1997-06-25",
        2,
        81000,
        4
        );
    

INSERT into salaries 
        (emp_no, start_day, end_day, elevel, salary, dep_id)
    VALUES (
        165,
        "1997-06-25",
        "1998-03-11",
        2,
        82700,
        1
        );
    

INSERT INTO employees
    (emp_no, birth_date, first_name, last_name, gender, citizenship, hire_day, last_day)
    VALUES (
        166,
        "1948-12-04",
        "Luana",
        "Muñoz",
        "f",
        "Mexico",
        "1990-05-14",
        "1991-11-05"
    );
    

INSERT into salaries 
        (emp_no, start_day, end_day, elevel, salary, dep_id)
    VALUES (
        166,
        "1990-05-14",
        "1991-11-05",
        2,
        71900,
        5
        );
    

INSERT INTO employees
    (emp_no, birth_date, first_name, last_name, gender, citizenship, hire_day, last_day)
    VALUES (
        167,
        "1947-10-03",
        "Daniel",
        "Scott",
        "m",
        "USA",
        "1990-05-18",
        "1991-10-27"
    );
    

INSERT into salaries 
        (emp_no, start_day, end_day, elevel, salary, dep_id)
    VALUES (
        167,
        "1990-05-18",
        "1991-10-27",
        1,
        69400,
        1
        );
    

INSERT INTO employees
    (emp_no, birth_date, first_name, last_name, gender, citizenship, hire_day, last_day)
    VALUES (
        168,
        "1940-05-09",
        "Vicente",
        "Serrano",
        "m",
        "USA",
        "1990-05-21",
        "2002-08-27"
    );
    

INSERT into salaries 
        (emp_no, start_day, end_day, elevel, salary, dep_id)
    VALUES (
        168,
        "1990-05-21",
        "1991-06-25",
        2,
        73200,
        4
        );
    

INSERT into salaries 
        (emp_no, start_day, end_day, elevel, salary, dep_id)
    VALUES (
        168,
        "1991-06-25",
        "1992-06-25",
        2,
        72500,
        2
        );
    

INSERT into salaries 
        (emp_no, start_day, end_day, elevel, salary, dep_id)
    VALUES (
        168,
        "1992-06-25",
        "1993-06-28",
        2,
        76200,
        2
        );
    

INSERT into salaries 
        (emp_no, start_day, end_day, elevel, salary, dep_id)
    VALUES (
        168,
        "1993-06-28",
        "1994-06-29",
        2,
        80100,
        4
        );
    

INSERT into salaries 
        (emp_no, start_day, end_day, elevel, salary, dep_id)
    VALUES (
        168,
        "1994-06-29",
        "1995-06-30",
        3,
        84800,
        2
        );
    

INSERT into salaries 
        (emp_no, start_day, end_day, elevel, salary, dep_id)
    VALUES (
        168,
        "1995-06-30",
        "1996-07-01",
        4,
        89600,
        6
        );
    

INSERT into salaries 
        (emp_no, start_day, end_day, elevel, salary, dep_id)
    VALUES (
        168,
        "1996-07-01",
        "1997-07-02",
        4,
        91400,
        1
        );
    

INSERT into salaries 
        (emp_no, start_day, end_day, elevel, salary, dep_id)
    VALUES (
        168,
        "1997-07-02",
        "1998-07-03",
        4,
        93300,
        2
        );
    

INSERT into salaries 
        (emp_no, start_day, end_day, elevel, salary, dep_id)
    VALUES (
        168,
        "1998-07-03",
        "1999-07-05",
        4,
        98000,
        3
        );
    

INSERT into salaries 
        (emp_no, start_day, end_day, elevel, salary, dep_id)
    VALUES (
        168,
        "1999-07-05",
        "2000-07-05",
        4,
        99000,
        1
        );
    

INSERT into salaries 
        (emp_no, start_day, end_day, elevel, salary, dep_id)
    VALUES (
        168,
        "2000-07-05",
        "2001-07-06",
        4,
        101000,
        6
        );
    

INSERT into salaries 
        (emp_no, start_day, end_day, elevel, salary, dep_id)
    VALUES (
        168,
        "2001-07-06",
        "2002-08-27",
        4,
        100000,
        3
        );
    

INSERT INTO employees
    (emp_no, birth_date, first_name, last_name, gender, citizenship, hire_day, last_day)
    VALUES (
        169,
        "1931-03-10",
        "Isaac",
        "Vázquez",
        "m",
        "Argentina",
        "1990-05-21",
        "1991-11-15"
    );
    

INSERT into salaries 
        (emp_no, start_day, end_day, elevel, salary, dep_id)
    VALUES (
        169,
        "1990-05-21",
        "1991-11-15",
        1,
        68000,
        7
        );
    

INSERT INTO employees
    (emp_no, birth_date, first_name, last_name, gender, citizenship, hire_day, last_day)
    VALUES (
        170,
        "1938-04-10",
        "Lola",
        "Marín",
        "f",
        "Uruguay",
        "1990-05-24",
        "1994-04-06"
    );
    

INSERT into salaries 
        (emp_no, start_day, end_day, elevel, salary, dep_id)
    VALUES (
        170,
        "1990-05-24",
        "1991-06-28",
        2,
        74100,
        4
        );
    

INSERT into salaries 
        (emp_no, start_day, end_day, elevel, salary, dep_id)
    VALUES (
        170,
        "1991-06-28",
        "1992-06-29",
        3,
        81000,
        3
        );
    

INSERT into salaries 
        (emp_no, start_day, end_day, elevel, salary, dep_id)
    VALUES (
        170,
        "1992-06-29",
        "1993-06-30",
        3,
        81900,
        3
        );
    

INSERT into salaries 
        (emp_no, start_day, end_day, elevel, salary, dep_id)
    VALUES (
        170,
        "1993-06-30",
        "1994-04-06",
        3,
        83600,
        1
        );
    

INSERT INTO employees
    (emp_no, birth_date, first_name, last_name, gender, citizenship, hire_day, last_day)
    VALUES (
        171,
        "1951-04-21",
        "Anay",
        "More",
        "m",
        "India",
        "1990-05-28",
        "1992-06-01"
    );
    

INSERT into salaries 
        (emp_no, start_day, end_day, elevel, salary, dep_id)
    VALUES (
        171,
        "1990-05-28",
        "1991-07-02",
        1,
        69600,
        6
        );
    

INSERT into salaries 
        (emp_no, start_day, end_day, elevel, salary, dep_id)
    VALUES (
        171,
        "1991-07-02",
        "1992-06-01",
        1,
        71000,
        2
        );
    

INSERT INTO employees
    (emp_no, birth_date, first_name, last_name, gender, citizenship, hire_day, last_day)
    VALUES (
        172,
        "1951-07-17",
        "Juan",
        "Marín",
        "m",
        "USA",
        "1990-06-04",
        "1992-04-25"
    );
    

INSERT into salaries 
        (emp_no, start_day, end_day, elevel, salary, dep_id)
    VALUES (
        172,
        "1990-06-04",
        "1991-07-09",
        1,
        71200,
        6
        );
    

INSERT into salaries 
        (emp_no, start_day, end_day, elevel, salary, dep_id)
    VALUES (
        172,
        "1991-07-09",
        "1992-04-25",
        1,
        72700,
        7
        );
    

INSERT INTO employees
    (emp_no, birth_date, first_name, last_name, gender, citizenship, hire_day, last_day)
    VALUES (
        173,
        "1935-07-13",
        "Sergio",
        "Hernández",
        "m",
        "USA",
        "1990-06-06",
        "1992-05-02"
    );
    

INSERT into salaries 
        (emp_no, start_day, end_day, elevel, salary, dep_id)
    VALUES (
        173,
        "1990-06-06",
        "1991-07-11",
        2,
        72700,
        6
        );
    

INSERT into salaries 
        (emp_no, start_day, end_day, elevel, salary, dep_id)
    VALUES (
        173,
        "1991-07-11",
        "1992-05-02",
        2,
        76400,
        6
        );
    

INSERT INTO employees
    (emp_no, birth_date, first_name, last_name, gender, citizenship, hire_day, last_day)
    VALUES (
        174,
        "1932-11-06",
        "Arthur",
        "Young",
        "m",
        "USA",
        "1990-06-13",
        "1992-06-19"
    );
    

INSERT into salaries 
        (emp_no, start_day, end_day, elevel, salary, dep_id)
    VALUES (
        174,
        "1990-06-13",
        "1991-07-18",
        1,
        69400,
        7
        );
    

INSERT into salaries 
        (emp_no, start_day, end_day, elevel, salary, dep_id)
    VALUES (
        174,
        "1991-07-18",
        "1992-06-19",
        1,
        70800,
        5
        );
    

INSERT INTO employees
    (emp_no, birth_date, first_name, last_name, gender, citizenship, hire_day, last_day)
    VALUES (
        175,
        "1954-09-05",
        "Willie",
        "Martin",
        "m",
        "USA",
        "1990-06-18",
        "1995-12-16"
    );
    

INSERT into salaries 
        (emp_no, start_day, end_day, elevel, salary, dep_id)
    VALUES (
        175,
        "1990-06-18",
        "1991-07-23",
        2,
        78200,
        4
        );
    

INSERT into salaries 
        (emp_no, start_day, end_day, elevel, salary, dep_id)
    VALUES (
        175,
        "1991-07-23",
        "1992-07-23",
        2,
        77500,
        1
        );
    

INSERT into salaries 
        (emp_no, start_day, end_day, elevel, salary, dep_id)
    VALUES (
        175,
        "1992-07-23",
        "1993-07-26",
        2,
        79100,
        1
        );
    

INSERT into salaries 
        (emp_no, start_day, end_day, elevel, salary, dep_id)
    VALUES (
        175,
        "1993-07-26",
        "1994-07-27",
        2,
        79900,
        5
        );
    

INSERT into salaries 
        (emp_no, start_day, end_day, elevel, salary, dep_id)
    VALUES (
        175,
        "1994-07-27",
        "1995-12-16",
        2,
        81500,
        5
        );
    

INSERT INTO employees
    (emp_no, birth_date, first_name, last_name, gender, citizenship, hire_day, last_day)
    VALUES (
        176,
        "1936-08-16",
        "Juana",
        "Gutiérrez",
        "f",
        "USA",
        "1990-06-19",
        "1991-12-06"
    );
    

INSERT into salaries 
        (emp_no, start_day, end_day, elevel, salary, dep_id)
    VALUES (
        176,
        "1990-06-19",
        "1991-12-06",
        2,
        71900,
        3
        );
    

INSERT INTO employees
    (emp_no, birth_date, first_name, last_name, gender, citizenship, hire_day, last_day)
    VALUES (
        177,
        "1937-12-05",
        "Rita",
        "Lewis",
        "f",
        "USA",
        "1990-06-20",
        "1991-12-19"
    );
    

INSERT into salaries 
        (emp_no, start_day, end_day, elevel, salary, dep_id)
    VALUES (
        177,
        "1990-06-20",
        "1991-12-19",
        2,
        76300,
        7
        );
    

INSERT INTO employees
    (emp_no, birth_date, first_name, last_name, gender, citizenship, hire_day, last_day)
    VALUES (
        178,
        "1938-07-31",
        "Harald",
        "Engel",
        "m",
        "Germany",
        "1990-06-25",
        "1991-12-11"
    );
    

INSERT into salaries 
        (emp_no, start_day, end_day, elevel, salary, dep_id)
    VALUES (
        178,
        "1990-06-25",
        "1991-12-11",
        2,
        80000,
        4
        );
    

INSERT INTO employees
    (emp_no, birth_date, first_name, last_name, gender, citizenship, hire_day, last_day)
    VALUES (
        179,
        "1944-03-30",
        "Mía",
        "Castro",
        "f",
        "Uruguay",
        "1990-06-27",
        "1995-09-27"
    );
    

INSERT into salaries 
        (emp_no, start_day, end_day, elevel, salary, dep_id)
    VALUES (
        179,
        "1990-06-27",
        "1991-08-01",
        2,
        70300,
        4
        );
    

INSERT into salaries 
        (emp_no, start_day, end_day, elevel, salary, dep_id)
    VALUES (
        179,
        "1991-08-01",
        "1992-08-03",
        2,
        73900,
        3
        );
    

INSERT into salaries 
        (emp_no, start_day, end_day, elevel, salary, dep_id)
    VALUES (
        179,
        "1992-08-03",
        "1993-08-04",
        2,
        75400,
        6
        );
    

INSERT into salaries 
        (emp_no, start_day, end_day, elevel, salary, dep_id)
    VALUES (
        179,
        "1993-08-04",
        "1994-08-05",
        3,
        79200,
        2
        );
    

INSERT into salaries 
        (emp_no, start_day, end_day, elevel, salary, dep_id)
    VALUES (
        179,
        "1994-08-05",
        "1995-09-27",
        3,
        83200,
        3
        );
    

INSERT INTO employees
    (emp_no, birth_date, first_name, last_name, gender, citizenship, hire_day, last_day)
    VALUES (
        180,
        "1952-11-21",
        "Maximiliano",
        "Rodríguez",
        "m",
        "Uruguay",
        "1990-06-29",
        "1998-10-10"
    );
    

INSERT into salaries 
        (emp_no, start_day, end_day, elevel, salary, dep_id)
    VALUES (
        180,
        "1990-06-29",
        "1991-08-05",
        2,
        74100,
        3
        );
    

INSERT into salaries 
        (emp_no, start_day, end_day, elevel, salary, dep_id)
    VALUES (
        180,
        "1991-08-05",
        "1992-08-05",
        3,
        81000,
        3
        );
    

INSERT into salaries 
        (emp_no, start_day, end_day, elevel, salary, dep_id)
    VALUES (
        180,
        "1992-08-05",
        "1993-08-06",
        3,
        82700,
        7
        );
    

INSERT into salaries 
        (emp_no, start_day, end_day, elevel, salary, dep_id)
    VALUES (
        180,
        "1993-08-06",
        "1994-08-08",
        3,
        83600,
        7
        );
    

INSERT into salaries 
        (emp_no, start_day, end_day, elevel, salary, dep_id)
    VALUES (
        180,
        "1994-08-08",
        "1995-08-09",
        3,
        85300,
        5
        );
    

INSERT into salaries 
        (emp_no, start_day, end_day, elevel, salary, dep_id)
    VALUES (
        180,
        "1995-08-09",
        "1996-08-09",
        3,
        87100,
        5
        );
    

INSERT into salaries 
        (emp_no, start_day, end_day, elevel, salary, dep_id)
    VALUES (
        180,
        "1996-08-09",
        "1997-08-11",
        3,
        88000,
        5
        );
    

INSERT into salaries 
        (emp_no, start_day, end_day, elevel, salary, dep_id)
    VALUES (
        180,
        "1997-08-11",
        "1998-10-10",
        3,
        89800,
        7
        );
    

INSERT INTO employees
    (emp_no, birth_date, first_name, last_name, gender, citizenship, hire_day, last_day)
    VALUES (
        181,
        "1947-08-10",
        "Alejandra",
        "Gil",
        "f",
        "Mexico",
        "1990-07-05",
        "1991-07-09"
    );
    

INSERT into salaries 
        (emp_no, start_day, end_day, elevel, salary, dep_id)
    VALUES (
        181,
        "1990-07-05",
        "1991-07-09",
        1,
        72800,
        1
        );
    

INSERT INTO employees
    (emp_no, birth_date, first_name, last_name, gender, citizenship, hire_day, last_day)
    VALUES (
        182,
        "1939-06-20",
        "Betty",
        "Taylor",
        "f",
        "USA",
        "1990-07-06",
        "2000-04-27"
    );
    

INSERT into salaries 
        (emp_no, start_day, end_day, elevel, salary, dep_id)
    VALUES (
        182,
        "1990-07-06",
        "1991-08-12",
        2,
        77600,
        7
        );
    

INSERT into salaries 
        (emp_no, start_day, end_day, elevel, salary, dep_id)
    VALUES (
        182,
        "1991-08-12",
        "1992-08-12",
        2,
        78400,
        6
        );
    

INSERT into salaries 
        (emp_no, start_day, end_day, elevel, salary, dep_id)
    VALUES (
        182,
        "1992-08-12",
        "1993-08-13",
        2,
        82400,
        2
        );
    

INSERT into salaries 
        (emp_no, start_day, end_day, elevel, salary, dep_id)
    VALUES (
        182,
        "1993-08-13",
        "1994-08-15",
        2,
        84100,
        3
        );
    

INSERT into salaries 
        (emp_no, start_day, end_day, elevel, salary, dep_id)
    VALUES (
        182,
        "1994-08-15",
        "1995-08-16",
        3,
        91500,
        7
        );
    

INSERT into salaries 
        (emp_no, start_day, end_day, elevel, salary, dep_id)
    VALUES (
        182,
        "1995-08-16",
        "1996-08-16",
        3,
        96100,
        7
        );
    

INSERT into salaries 
        (emp_no, start_day, end_day, elevel, salary, dep_id)
    VALUES (
        182,
        "1996-08-16",
        "1997-08-18",
        3,
        97100,
        4
        );
    

INSERT into salaries 
        (emp_no, start_day, end_day, elevel, salary, dep_id)
    VALUES (
        182,
        "1997-08-18",
        "1998-08-19",
        3,
        99100,
        1
        );
    

INSERT into salaries 
        (emp_no, start_day, end_day, elevel, salary, dep_id)
    VALUES (
        182,
        "1998-08-19",
        "1999-08-20",
        3,
        100100,
        4
        );
    

INSERT into salaries 
        (emp_no, start_day, end_day, elevel, salary, dep_id)
    VALUES (
        182,
        "1999-08-20",
        "2000-04-27",
        4,
        102100,
        3
        );
    

INSERT INTO employees
    (emp_no, birth_date, first_name, last_name, gender, citizenship, hire_day, last_day)
    VALUES (
        183,
        "1932-06-26",
        "Allison",
        "Rodríguez",
        "f",
        "Uruguay",
        "1990-07-06",
        "1993-03-25"
    );
    

INSERT into salaries 
        (emp_no, start_day, end_day, elevel, salary, dep_id)
    VALUES (
        183,
        "1990-07-06",
        "1991-08-12",
        2,
        77900,
        5
        );
    

INSERT into salaries 
        (emp_no, start_day, end_day, elevel, salary, dep_id)
    VALUES (
        183,
        "1991-08-12",
        "1992-08-12",
        2,
        79500,
        6
        );
    

INSERT into salaries 
        (emp_no, start_day, end_day, elevel, salary, dep_id)
    VALUES (
        183,
        "1992-08-12",
        "1993-03-25",
        2,
        83500,
        1
        );
    

INSERT INTO employees
    (emp_no, birth_date, first_name, last_name, gender, citizenship, hire_day, last_day)
    VALUES (
        184,
        "1941-08-07",
        "Gabriel",
        "Ortega",
        "m",
        "Uruguay",
        "1990-07-10",
        "1995-09-04"
    );
    

INSERT into salaries 
        (emp_no, start_day, end_day, elevel, salary, dep_id)
    VALUES (
        184,
        "1990-07-10",
        "1991-08-14",
        2,
        78300,
        1
        );
    

INSERT into salaries 
        (emp_no, start_day, end_day, elevel, salary, dep_id)
    VALUES (
        184,
        "1991-08-14",
        "1992-08-14",
        2,
        79900,
        7
        );
    

INSERT into salaries 
        (emp_no, start_day, end_day, elevel, salary, dep_id)
    VALUES (
        184,
        "1992-08-14",
        "1993-08-16",
        2,
        81500,
        6
        );
    

INSERT into salaries 
        (emp_no, start_day, end_day, elevel, salary, dep_id)
    VALUES (
        184,
        "1993-08-16",
        "1994-08-17",
        2,
        82400,
        2
        );
    

INSERT into salaries 
        (emp_no, start_day, end_day, elevel, salary, dep_id)
    VALUES (
        184,
        "1994-08-17",
        "1995-09-04",
        2,
        84100,
        4
        );
    

INSERT INTO employees
    (emp_no, birth_date, first_name, last_name, gender, citizenship, hire_day, last_day)
    VALUES (
        185,
        "1945-08-14",
        "Randy",
        "Young",
        "m",
        "USA",
        "1990-07-11",
        "1992-03-25"
    );
    

INSERT into salaries 
        (emp_no, start_day, end_day, elevel, salary, dep_id)
    VALUES (
        185,
        "1990-07-11",
        "1991-08-15",
        2,
        76600,
        7
        );
    

INSERT into salaries 
        (emp_no, start_day, end_day, elevel, salary, dep_id)
    VALUES (
        185,
        "1991-08-15",
        "1992-03-25",
        3,
        83600,
        5
        );
    

INSERT INTO employees
    (emp_no, birth_date, first_name, last_name, gender, citizenship, hire_day, last_day)
    VALUES (
        186,
        "1936-10-16",
        "Victoria",
        "Iglesias",
        "f",
        "Argentina",
        "1990-07-13",
        "1996-01-01"
    );
    

INSERT into salaries 
        (emp_no, start_day, end_day, elevel, salary, dep_id)
    VALUES (
        186,
        "1990-07-13",
        "1991-08-19",
        1,
        67300,
        5
        );
    

INSERT into salaries 
        (emp_no, start_day, end_day, elevel, salary, dep_id)
    VALUES (
        186,
        "1991-08-19",
        "1992-08-19",
        1,
        70700,
        7
        );
    

INSERT into salaries 
        (emp_no, start_day, end_day, elevel, salary, dep_id)
    VALUES (
        186,
        "1992-08-19",
        "1993-08-20",
        1,
        72200,
        7
        );
    

INSERT into salaries 
        (emp_no, start_day, end_day, elevel, salary, dep_id)
    VALUES (
        186,
        "1993-08-20",
        "1994-08-22",
        1,
        73700,
        1
        );
    

INSERT into salaries 
        (emp_no, start_day, end_day, elevel, salary, dep_id)
    VALUES (
        186,
        "1994-08-22",
        "1996-01-01",
        1,
        73000,
        6
        );
    

INSERT INTO employees
    (emp_no, birth_date, first_name, last_name, gender, citizenship, hire_day, last_day)
    VALUES (
        187,
        "1960-04-16",
        "Josefina",
        "Rodríguez",
        "f",
        "USA",
        "1990-07-16",
        "1992-11-21"
    );
    

INSERT into salaries 
        (emp_no, start_day, end_day, elevel, salary, dep_id)
    VALUES (
        187,
        "1990-07-16",
        "1991-08-20",
        2,
        75700,
        5
        );
    

INSERT into salaries 
        (emp_no, start_day, end_day, elevel, salary, dep_id)
    VALUES (
        187,
        "1991-08-20",
        "1992-11-21",
        2,
        79500,
        2
        );
    

INSERT INTO employees
    (emp_no, birth_date, first_name, last_name, gender, citizenship, hire_day, last_day)
    VALUES (
        188,
        "1957-02-10",
        "Esteban",
        "Alonso",
        "m",
        "USA",
        "1990-07-19",
        "1993-05-14"
    );
    

INSERT into salaries 
        (emp_no, start_day, end_day, elevel, salary, dep_id)
    VALUES (
        188,
        "1990-07-19",
        "1991-08-23",
        2,
        73300,
        4
        );
    

INSERT into salaries 
        (emp_no, start_day, end_day, elevel, salary, dep_id)
    VALUES (
        188,
        "1991-08-23",
        "1992-08-24",
        3,
        80200,
        2
        );
    

INSERT into salaries 
        (emp_no, start_day, end_day, elevel, salary, dep_id)
    VALUES (
        188,
        "1992-08-24",
        "1993-05-14",
        3,
        81900,
        4
        );
    

INSERT INTO employees
    (emp_no, birth_date, first_name, last_name, gender, citizenship, hire_day, last_day)
    VALUES (
        189,
        "1946-10-07",
        "Roger",
        "Harris",
        "m",
        "USA",
        "1990-07-26",
        "1991-07-07"
    );
    

INSERT into salaries 
        (emp_no, start_day, end_day, elevel, salary, dep_id)
    VALUES (
        189,
        "1990-07-26",
        "1991-07-07",
        1,
        69400,
        5
        );
    

INSERT INTO employees
    (emp_no, birth_date, first_name, last_name, gender, citizenship, hire_day, last_day)
    VALUES (
        190,
        "1957-01-15",
        "Gabriella",
        "Sinha",
        "f",
        "USA",
        "1990-07-26",
        "2000-04-21"
    );
    

INSERT into salaries 
        (emp_no, start_day, end_day, elevel, salary, dep_id)
    VALUES (
        190,
        "1990-07-26",
        "1991-08-30",
        2,
        73000,
        6
        );
    

INSERT into salaries 
        (emp_no, start_day, end_day, elevel, salary, dep_id)
    VALUES (
        190,
        "1991-08-30",
        "1992-08-31",
        3,
        79800,
        2
        );
    

INSERT into salaries 
        (emp_no, start_day, end_day, elevel, salary, dep_id)
    VALUES (
        190,
        "1992-08-31",
        "1993-09-01",
        3,
        83800,
        5
        );
    

INSERT into salaries 
        (emp_no, start_day, end_day, elevel, salary, dep_id)
    VALUES (
        190,
        "1993-09-01",
        "1994-09-02",
        3,
        88000,
        1
        );
    

INSERT into salaries 
        (emp_no, start_day, end_day, elevel, salary, dep_id)
    VALUES (
        190,
        "1994-09-02",
        "1995-09-04",
        3,
        92400,
        3
        );
    

INSERT into salaries 
        (emp_no, start_day, end_day, elevel, salary, dep_id)
    VALUES (
        190,
        "1995-09-04",
        "1996-09-04",
        3,
        97100,
        7
        );
    

INSERT into salaries 
        (emp_no, start_day, end_day, elevel, salary, dep_id)
    VALUES (
        190,
        "1996-09-04",
        "1997-09-05",
        3,
        99100,
        2
        );
    

INSERT into salaries 
        (emp_no, start_day, end_day, elevel, salary, dep_id)
    VALUES (
        190,
        "1997-09-05",
        "1998-09-07",
        3,
        100100,
        4
        );
    

INSERT into salaries 
        (emp_no, start_day, end_day, elevel, salary, dep_id)
    VALUES (
        190,
        "1998-09-07",
        "1999-09-08",
        3,
        101200,
        4
        );
    

INSERT into salaries 
        (emp_no, start_day, end_day, elevel, salary, dep_id)
    VALUES (
        190,
        "1999-09-08",
        "2000-04-21",
        3,
        106300,
        5
        );
    

INSERT INTO employees
    (emp_no, birth_date, first_name, last_name, gender, citizenship, hire_day, last_day)
    VALUES (
        191,
        "1945-04-07",
        "Thiago",
        "Hernández",
        "m",
        "Uruguay",
        "1990-08-01",
        "1997-11-06"
    );
    

INSERT into salaries 
        (emp_no, start_day, end_day, elevel, salary, dep_id)
    VALUES (
        191,
        "1990-08-01",
        "1991-09-05",
        2,
        73100,
        3
        );
    

INSERT into salaries 
        (emp_no, start_day, end_day, elevel, salary, dep_id)
    VALUES (
        191,
        "1991-09-05",
        "1992-09-07",
        2,
        73900,
        5
        );
    

INSERT into salaries 
        (emp_no, start_day, end_day, elevel, salary, dep_id)
    VALUES (
        191,
        "1992-09-07",
        "1993-09-08",
        2,
        75400,
        6
        );
    

INSERT into salaries 
        (emp_no, start_day, end_day, elevel, salary, dep_id)
    VALUES (
        191,
        "1993-09-08",
        "1994-09-09",
        2,
        74700,
        2
        );
    

INSERT into salaries 
        (emp_no, start_day, end_day, elevel, salary, dep_id)
    VALUES (
        191,
        "1994-09-09",
        "1995-09-11",
        2,
        78500,
        5
        );
    

INSERT into salaries 
        (emp_no, start_day, end_day, elevel, salary, dep_id)
    VALUES (
        191,
        "1995-09-11",
        "1996-09-11",
        2,
        80100,
        5
        );
    

INSERT into salaries 
        (emp_no, start_day, end_day, elevel, salary, dep_id)
    VALUES (
        191,
        "1996-09-11",
        "1997-11-06",
        2,
        81000,
        4
        );
    

INSERT INTO employees
    (emp_no, birth_date, first_name, last_name, gender, citizenship, hire_day, last_day)
    VALUES (
        192,
        "1940-09-07",
        "Carlos",
        "Morgan",
        "m",
        "USA",
        "1990-08-08",
        "1992-07-10"
    );
    

INSERT into salaries 
        (emp_no, start_day, end_day, elevel, salary, dep_id)
    VALUES (
        192,
        "1990-08-08",
        "1991-09-12",
        1,
        67900,
        5
        );
    

INSERT into salaries 
        (emp_no, start_day, end_day, elevel, salary, dep_id)
    VALUES (
        192,
        "1991-09-12",
        "1992-07-10",
        1,
        69300,
        5
        );
    

INSERT INTO employees
    (emp_no, birth_date, first_name, last_name, gender, citizenship, hire_day, last_day)
    VALUES (
        193,
        "1947-04-26",
        "Danny",
        "Howard",
        "m",
        "USA",
        "1990-08-13",
        "1991-06-20"
    );
    

INSERT into salaries 
        (emp_no, start_day, end_day, elevel, salary, dep_id)
    VALUES (
        193,
        "1990-08-13",
        "1991-06-20",
        1,
        73900,
        3
        );
    

INSERT INTO employees
    (emp_no, birth_date, first_name, last_name, gender, citizenship, hire_day, last_day)
    VALUES (
        194,
        "1950-12-30",
        "Juan",
        "Hill",
        "m",
        "USA",
        "1990-08-20",
        "1993-06-11"
    );
    

INSERT into salaries 
        (emp_no, start_day, end_day, elevel, salary, dep_id)
    VALUES (
        194,
        "1990-08-20",
        "1991-09-24",
        1,
        74600,
        1
        );
    

INSERT into salaries 
        (emp_no, start_day, end_day, elevel, salary, dep_id)
    VALUES (
        194,
        "1991-09-24",
        "1992-09-24",
        1,
        76100,
        5
        );
    

INSERT into salaries 
        (emp_no, start_day, end_day, elevel, salary, dep_id)
    VALUES (
        194,
        "1992-09-24",
        "1993-06-11",
        2,
        80700,
        3
        );
    

INSERT INTO employees
    (emp_no, birth_date, first_name, last_name, gender, citizenship, hire_day, last_day)
    VALUES (
        195,
        "1932-11-03",
        "Maahi",
        "Pathak",
        "f",
        "India",
        "1990-08-27",
        "1992-06-09"
    );
    

INSERT into salaries 
        (emp_no, start_day, end_day, elevel, salary, dep_id)
    VALUES (
        195,
        "1990-08-27",
        "1991-10-01",
        1,
        72900,
        4
        );
    

INSERT into salaries 
        (emp_no, start_day, end_day, elevel, salary, dep_id)
    VALUES (
        195,
        "1991-10-01",
        "1992-06-09",
        1,
        74400,
        7
        );
    

INSERT INTO employees
    (emp_no, birth_date, first_name, last_name, gender, citizenship, hire_day, last_day)
    VALUES (
        196,
        "1959-01-06",
        "Emily",
        "Miller",
        "f",
        "USA",
        "1990-09-03",
        "1995-10-20"
    );
    

INSERT into salaries 
        (emp_no, start_day, end_day, elevel, salary, dep_id)
    VALUES (
        196,
        "1990-09-03",
        "1991-10-08",
        2,
        70300,
        3
        );
    

INSERT into salaries 
        (emp_no, start_day, end_day, elevel, salary, dep_id)
    VALUES (
        196,
        "1991-10-08",
        "1992-10-08",
        2,
        71100,
        7
        );
    

INSERT into salaries 
        (emp_no, start_day, end_day, elevel, salary, dep_id)
    VALUES (
        196,
        "1992-10-08",
        "1993-10-11",
        2,
        74700,
        4
        );
    

INSERT into salaries 
        (emp_no, start_day, end_day, elevel, salary, dep_id)
    VALUES (
        196,
        "1993-10-11",
        "1994-10-12",
        2,
        75500,
        4
        );
    

INSERT into salaries 
        (emp_no, start_day, end_day, elevel, salary, dep_id)
    VALUES (
        196,
        "1994-10-12",
        "1995-10-20",
        2,
        77100,
        7
        );
    

INSERT INTO employees
    (emp_no, birth_date, first_name, last_name, gender, citizenship, hire_day, last_day)
    VALUES (
        197,
        "1954-01-18",
        "Sophie",
        "González",
        "f",
        "USA",
        "1990-09-10",
        "1991-12-21"
    );
    

INSERT into salaries 
        (emp_no, start_day, end_day, elevel, salary, dep_id)
    VALUES (
        197,
        "1990-09-10",
        "1991-12-21",
        1,
        71000,
        4
        );
    

INSERT INTO employees
    (emp_no, birth_date, first_name, last_name, gender, citizenship, hire_day, last_day)
    VALUES (
        198,
        "1957-06-17",
        "Fatima",
        "Mahto",
        "f",
        "USA",
        "1990-09-17",
        "1991-06-11"
    );
    

INSERT into salaries 
        (emp_no, start_day, end_day, elevel, salary, dep_id)
    VALUES (
        198,
        "1990-09-17",
        "1991-06-11",
        1,
        67600,
        5
        );
    

INSERT INTO employees
    (emp_no, birth_date, first_name, last_name, gender, citizenship, hire_day, last_day)
    VALUES (
        199,
        "1959-06-09",
        "Maria",
        "Martínez",
        "f",
        "Argentina",
        "1990-09-24",
        "1994-07-17"
    );
    

INSERT into salaries 
        (emp_no, start_day, end_day, elevel, salary, dep_id)
    VALUES (
        199,
        "1990-09-24",
        "1991-10-29",
        1,
        66800,
        5
        );
    

INSERT into salaries 
        (emp_no, start_day, end_day, elevel, salary, dep_id)
    VALUES (
        199,
        "1991-10-29",
        "1992-10-29",
        1,
        68200,
        2
        );
    

INSERT into salaries 
        (emp_no, start_day, end_day, elevel, salary, dep_id)
    VALUES (
        199,
        "1992-10-29",
        "1993-11-01",
        1,
        69600,
        4
        );
    

INSERT into salaries 
        (emp_no, start_day, end_day, elevel, salary, dep_id)
    VALUES (
        199,
        "1993-11-01",
        "1994-07-17",
        1,
        69000,
        7
        );
    

INSERT INTO employees
    (emp_no, birth_date, first_name, last_name, gender, citizenship, hire_day, last_day)
    VALUES (
        200,
        "1937-06-08",
        "Gerd",
        "Jung",
        "m",
        "USA",
        "1990-09-24",
        "1996-03-16"
    );
    

INSERT into salaries 
        (emp_no, start_day, end_day, elevel, salary, dep_id)
    VALUES (
        200,
        "1990-09-24",
        "1991-10-29",
        1,
        65200,
        5
        );
    

INSERT into salaries 
        (emp_no, start_day, end_day, elevel, salary, dep_id)
    VALUES (
        200,
        "1991-10-29",
        "1992-10-29",
        1,
        66600,
        5
        );
    

INSERT into salaries 
        (emp_no, start_day, end_day, elevel, salary, dep_id)
    VALUES (
        200,
        "1992-10-29",
        "1993-11-01",
        2,
        73100,
        1
        );
    

INSERT into salaries 
        (emp_no, start_day, end_day, elevel, salary, dep_id)
    VALUES (
        200,
        "1993-11-01",
        "1994-11-02",
        2,
        73900,
        5
        );
    

INSERT into salaries 
        (emp_no, start_day, end_day, elevel, salary, dep_id)
    VALUES (
        200,
        "1994-11-02",
        "1996-03-16",
        2,
        77600,
        7
        );
    

INSERT INTO employees
    (emp_no, birth_date, first_name, last_name, gender, citizenship, hire_day, last_day)
    VALUES (
        201,
        "1939-08-08",
        "Saira",
        "Marak",
        "f",
        "India",
        "1990-09-27",
        "1991-08-16"
    );
    

INSERT into salaries 
        (emp_no, start_day, end_day, elevel, salary, dep_id)
    VALUES (
        201,
        "1990-09-27",
        "1991-08-16",
        2,
        76600,
        1
        );
    

INSERT INTO employees
    (emp_no, birth_date, first_name, last_name, gender, citizenship, hire_day, last_day)
    VALUES (
        202,
        "1952-01-19",
        "Manuel",
        "Alonso",
        "m",
        "Argentina",
        "1990-09-28",
        "1994-01-11"
    );
    

INSERT into salaries 
        (emp_no, start_day, end_day, elevel, salary, dep_id)
    VALUES (
        202,
        "1990-09-28",
        "1991-11-04",
        2,
        76800,
        2
        );
    

INSERT into salaries 
        (emp_no, start_day, end_day, elevel, salary, dep_id)
    VALUES (
        202,
        "1991-11-04",
        "1992-11-04",
        2,
        78400,
        2
        );
    

INSERT into salaries 
        (emp_no, start_day, end_day, elevel, salary, dep_id)
    VALUES (
        202,
        "1992-11-04",
        "1994-01-11",
        2,
        80000,
        3
        );
    

INSERT INTO employees
    (emp_no, birth_date, first_name, last_name, gender, citizenship, hire_day, last_day)
    VALUES (
        203,
        "1950-11-07",
        "Victoria",
        "Price",
        "f",
        "USA",
        "1990-10-01",
        "1995-01-18"
    );
    

INSERT into salaries 
        (emp_no, start_day, end_day, elevel, salary, dep_id)
    VALUES (
        203,
        "1990-10-01",
        "1991-11-05",
        2,
        72600,
        4
        );
    

INSERT into salaries 
        (emp_no, start_day, end_day, elevel, salary, dep_id)
    VALUES (
        203,
        "1991-11-05",
        "1992-11-05",
        3,
        74900,
        6
        );
    

INSERT into salaries 
        (emp_no, start_day, end_day, elevel, salary, dep_id)
    VALUES (
        203,
        "1992-11-05",
        "1993-11-08",
        4,
        79500,
        3
        );
    

INSERT into salaries 
        (emp_no, start_day, end_day, elevel, salary, dep_id)
    VALUES (
        203,
        "1993-11-08",
        "1995-01-18",
        4,
        78800,
        5
        );
    

INSERT INTO employees
    (emp_no, birth_date, first_name, last_name, gender, citizenship, hire_day, last_day)
    VALUES (
        204,
        "1935-11-20",
        "Angelika",
        "Becker",
        "f",
        "USA",
        "1990-10-05",
        "2000-12-23"
    );
    

INSERT into salaries 
        (emp_no, start_day, end_day, elevel, salary, dep_id)
    VALUES (
        204,
        "1990-10-05",
        "1991-11-11",
        2,
        74400,
        7
        );
    

INSERT into salaries 
        (emp_no, start_day, end_day, elevel, salary, dep_id)
    VALUES (
        204,
        "1991-11-11",
        "1992-11-11",
        2,
        75900,
        4
        );
    

INSERT into salaries 
        (emp_no, start_day, end_day, elevel, salary, dep_id)
    VALUES (
        204,
        "1992-11-11",
        "1993-11-12",
        2,
        77500,
        7
        );
    

INSERT into salaries 
        (emp_no, start_day, end_day, elevel, salary, dep_id)
    VALUES (
        204,
        "1993-11-12",
        "1994-11-14",
        2,
        81400,
        1
        );
    

INSERT into salaries 
        (emp_no, start_day, end_day, elevel, salary, dep_id)
    VALUES (
        204,
        "1994-11-14",
        "1995-11-15",
        2,
        83100,
        2
        );
    

INSERT into salaries 
        (emp_no, start_day, end_day, elevel, salary, dep_id)
    VALUES (
        204,
        "1995-11-15",
        "1996-11-15",
        3,
        87900,
        1
        );
    

INSERT into salaries 
        (emp_no, start_day, end_day, elevel, salary, dep_id)
    VALUES (
        204,
        "1996-11-15",
        "1997-11-17",
        3,
        89700,
        2
        );
    

INSERT into salaries 
        (emp_no, start_day, end_day, elevel, salary, dep_id)
    VALUES (
        204,
        "1997-11-17",
        "1998-11-18",
        3,
        91500,
        2
        );
    

INSERT into salaries 
        (emp_no, start_day, end_day, elevel, salary, dep_id)
    VALUES (
        204,
        "1998-11-18",
        "1999-11-19",
        3,
        93400,
        7
        );
    

INSERT into salaries 
        (emp_no, start_day, end_day, elevel, salary, dep_id)
    VALUES (
        204,
        "1999-11-19",
        "2000-12-23",
        3,
        95300,
        4
        );
    

INSERT INTO employees
    (emp_no, birth_date, first_name, last_name, gender, citizenship, hire_day, last_day)
    VALUES (
        205,
        "1939-03-16",
        "Adam",
        "Hall",
        "m",
        "USA",
        "1990-10-05",
        "1992-10-15"
    );
    

INSERT into salaries 
        (emp_no, start_day, end_day, elevel, salary, dep_id)
    VALUES (
        205,
        "1990-10-05",
        "1991-11-11",
        1,
        69800,
        3
        );
    

INSERT into salaries 
        (emp_no, start_day, end_day, elevel, salary, dep_id)
    VALUES (
        205,
        "1991-11-11",
        "1992-10-15",
        2,
        74300,
        7
        );
    

INSERT INTO employees
    (emp_no, birth_date, first_name, last_name, gender, citizenship, hire_day, last_day)
    VALUES (
        206,
        "1942-08-27",
        "Tia",
        "Jha",
        "f",
        "India",
        "1990-10-05",
        "1991-11-18"
    );
    

INSERT into salaries 
        (emp_no, start_day, end_day, elevel, salary, dep_id)
    VALUES (
        206,
        "1990-10-05",
        "1991-11-18",
        2,
        70800,
        4
        );
    

INSERT INTO employees
    (emp_no, birth_date, first_name, last_name, gender, citizenship, hire_day, last_day)
    VALUES (
        207,
        "1954-05-22",
        "Disha",
        "Pathak",
        "f",
        "USA",
        "1990-10-08",
        "1995-09-23"
    );
    

INSERT into salaries 
        (emp_no, start_day, end_day, elevel, salary, dep_id)
    VALUES (
        207,
        "1990-10-08",
        "1991-11-12",
        2,
        71200,
        6
        );
    

INSERT into salaries 
        (emp_no, start_day, end_day, elevel, salary, dep_id)
    VALUES (
        207,
        "1991-11-12",
        "1992-11-12",
        3,
        73500,
        7
        );
    

INSERT into salaries 
        (emp_no, start_day, end_day, elevel, salary, dep_id)
    VALUES (
        207,
        "1992-11-12",
        "1993-11-15",
        3,
        75000,
        4
        );
    

INSERT into salaries 
        (emp_no, start_day, end_day, elevel, salary, dep_id)
    VALUES (
        207,
        "1993-11-15",
        "1994-11-16",
        3,
        76500,
        6
        );
    

INSERT into salaries 
        (emp_no, start_day, end_day, elevel, salary, dep_id)
    VALUES (
        207,
        "1994-11-16",
        "1995-09-23",
        4,
        81100,
        3
        );
    

INSERT INTO employees
    (emp_no, birth_date, first_name, last_name, gender, citizenship, hire_day, last_day)
    VALUES (
        208,
        "1953-06-28",
        "Sara",
        "Stewart",
        "f",
        "USA",
        "1990-10-12",
        "1992-09-27"
    );
    

INSERT into salaries 
        (emp_no, start_day, end_day, elevel, salary, dep_id)
    VALUES (
        208,
        "1990-10-12",
        "1991-11-18",
        1,
        65100,
        6
        );
    

INSERT into salaries 
        (emp_no, start_day, end_day, elevel, salary, dep_id)
    VALUES (
        208,
        "1991-11-18",
        "1992-09-27",
        2,
        69500,
        5
        );
    

INSERT INTO employees
    (emp_no, birth_date, first_name, last_name, gender, citizenship, hire_day, last_day)
    VALUES (
        209,
        "1933-05-28",
        "Sara",
        "Serrano",
        "f",
        "Mexico",
        "1990-10-18",
        "1999-01-16"
    );
    

INSERT into salaries 
        (emp_no, start_day, end_day, elevel, salary, dep_id)
    VALUES (
        209,
        "1990-10-18",
        "1991-11-22",
        1,
        68400,
        1
        );
    

INSERT into salaries 
        (emp_no, start_day, end_day, elevel, salary, dep_id)
    VALUES (
        209,
        "1991-11-22",
        "1992-11-23",
        1,
        71900,
        2
        );
    

INSERT into salaries 
        (emp_no, start_day, end_day, elevel, salary, dep_id)
    VALUES (
        209,
        "1992-11-23",
        "1993-11-24",
        1,
        73400,
        6
        );
    

INSERT into salaries 
        (emp_no, start_day, end_day, elevel, salary, dep_id)
    VALUES (
        209,
        "1993-11-24",
        "1994-11-25",
        1,
        74200,
        3
        );
    

INSERT into salaries 
        (emp_no, start_day, end_day, elevel, salary, dep_id)
    VALUES (
        209,
        "1994-11-25",
        "1995-11-27",
        2,
        76500,
        1
        );
    

INSERT into salaries 
        (emp_no, start_day, end_day, elevel, salary, dep_id)
    VALUES (
        209,
        "1995-11-27",
        "1996-11-27",
        2,
        78100,
        6
        );
    

INSERT into salaries 
        (emp_no, start_day, end_day, elevel, salary, dep_id)
    VALUES (
        209,
        "1996-11-27",
        "1997-11-28",
        2,
        79700,
        1
        );
    

INSERT into salaries 
        (emp_no, start_day, end_day, elevel, salary, dep_id)
    VALUES (
        209,
        "1997-11-28",
        "1999-01-16",
        2,
        81300,
        5
        );
    

INSERT INTO employees
    (emp_no, birth_date, first_name, last_name, gender, citizenship, hire_day, last_day)
    VALUES (
        210,
        "1945-10-28",
        "Adam",
        "James",
        "m",
        "USA",
        "1990-10-18",
        "1993-07-01"
    );
    

INSERT into salaries 
        (emp_no, start_day, end_day, elevel, salary, dep_id)
    VALUES (
        210,
        "1990-10-18",
        "1991-11-22",
        2,
        70900,
        7
        );
    

INSERT into salaries 
        (emp_no, start_day, end_day, elevel, salary, dep_id)
    VALUES (
        210,
        "1991-11-22",
        "1992-11-23",
        2,
        72400,
        7
        );
    

INSERT into salaries 
        (emp_no, start_day, end_day, elevel, salary, dep_id)
    VALUES (
        210,
        "1992-11-23",
        "1993-07-01",
        3,
        79200,
        5
        );
    

INSERT INTO employees
    (emp_no, birth_date, first_name, last_name, gender, citizenship, hire_day, last_day)
    VALUES (
        211,
        "1937-01-06",
        "Sophie",
        "Jiménez",
        "f",
        "Argentina",
        "1990-10-22",
        "1994-02-21"
    );
    

INSERT into salaries 
        (emp_no, start_day, end_day, elevel, salary, dep_id)
    VALUES (
        211,
        "1990-10-22",
        "1991-11-26",
        2,
        74500,
        5
        );
    

INSERT into salaries 
        (emp_no, start_day, end_day, elevel, salary, dep_id)
    VALUES (
        211,
        "1991-11-26",
        "1992-11-26",
        2,
        76000,
        5
        );
    

INSERT into salaries 
        (emp_no, start_day, end_day, elevel, salary, dep_id)
    VALUES (
        211,
        "1992-11-26",
        "1994-02-21",
        2,
        77600,
        2
        );
    

INSERT INTO employees
    (emp_no, birth_date, first_name, last_name, gender, citizenship, hire_day, last_day)
    VALUES (
        212,
        "1941-07-11",
        "Beate",
        "Voigt",
        "f",
        "Germany",
        "1990-10-29",
        "1992-12-04"
    );
    

INSERT into salaries 
        (emp_no, start_day, end_day, elevel, salary, dep_id)
    VALUES (
        212,
        "1990-10-29",
        "1991-12-03",
        2,
        78500,
        3
        );
    

INSERT into salaries 
        (emp_no, start_day, end_day, elevel, salary, dep_id)
    VALUES (
        212,
        "1991-12-03",
        "1992-12-04",
        3,
        83200,
        6
        );
    

INSERT INTO employees
    (emp_no, birth_date, first_name, last_name, gender, citizenship, hire_day, last_day)
    VALUES (
        213,
        "1954-03-01",
        "Elizabeth",
        "Ortiz",
        "f",
        "Argentina",
        "1990-10-30",
        "2001-10-25"
    );
    

INSERT into salaries 
        (emp_no, start_day, end_day, elevel, salary, dep_id)
    VALUES (
        213,
        "1990-10-30",
        "1991-12-04",
        2,
        76800,
        4
        );
    

INSERT into salaries 
        (emp_no, start_day, end_day, elevel, salary, dep_id)
    VALUES (
        213,
        "1991-12-04",
        "1992-12-04",
        2,
        78400,
        5
        );
    

INSERT into salaries 
        (emp_no, start_day, end_day, elevel, salary, dep_id)
    VALUES (
        213,
        "1992-12-04",
        "1993-12-06",
        2,
        80000,
        4
        );
    

INSERT into salaries 
        (emp_no, start_day, end_day, elevel, salary, dep_id)
    VALUES (
        213,
        "1993-12-06",
        "1994-12-07",
        2,
        84000,
        1
        );
    

INSERT into salaries 
        (emp_no, start_day, end_day, elevel, salary, dep_id)
    VALUES (
        213,
        "1994-12-07",
        "1995-12-08",
        2,
        85700,
        4
        );
    

INSERT into salaries 
        (emp_no, start_day, end_day, elevel, salary, dep_id)
    VALUES (
        213,
        "1995-12-08",
        "1996-12-09",
        2,
        86600,
        7
        );
    

INSERT into salaries 
        (emp_no, start_day, end_day, elevel, salary, dep_id)
    VALUES (
        213,
        "1996-12-09",
        "1997-12-10",
        2,
        87500,
        5
        );
    

INSERT into salaries 
        (emp_no, start_day, end_day, elevel, salary, dep_id)
    VALUES (
        213,
        "1997-12-10",
        "1998-12-11",
        2,
        89300,
        1
        );
    

INSERT into salaries 
        (emp_no, start_day, end_day, elevel, salary, dep_id)
    VALUES (
        213,
        "1998-12-11",
        "1999-12-13",
        2,
        90200,
        7
        );
    

INSERT into salaries 
        (emp_no, start_day, end_day, elevel, salary, dep_id)
    VALUES (
        213,
        "1999-12-13",
        "2000-12-13",
        3,
        95100,
        6
        );
    

INSERT into salaries 
        (emp_no, start_day, end_day, elevel, salary, dep_id)
    VALUES (
        213,
        "2000-12-13",
        "2001-10-25",
        3,
        97100,
        5
        );
    

INSERT INTO employees
    (emp_no, birth_date, first_name, last_name, gender, citizenship, hire_day, last_day)
    VALUES (
        214,
        "1951-09-08",
        "Michelle",
        "Richardson",
        "f",
        "USA",
        "1990-10-30",
        "1998-02-16"
    );
    

INSERT into salaries 
        (emp_no, start_day, end_day, elevel, salary, dep_id)
    VALUES (
        214,
        "1990-10-30",
        "1991-12-04",
        1,
        65100,
        7
        );
    

INSERT into salaries 
        (emp_no, start_day, end_day, elevel, salary, dep_id)
    VALUES (
        214,
        "1991-12-04",
        "1992-12-04",
        1,
        66500,
        7
        );
    

INSERT into salaries 
        (emp_no, start_day, end_day, elevel, salary, dep_id)
    VALUES (
        214,
        "1992-12-04",
        "1993-12-06",
        1,
        67900,
        3
        );
    

INSERT into salaries 
        (emp_no, start_day, end_day, elevel, salary, dep_id)
    VALUES (
        214,
        "1993-12-06",
        "1994-12-07",
        1,
        69300,
        5
        );
    

INSERT into salaries 
        (emp_no, start_day, end_day, elevel, salary, dep_id)
    VALUES (
        214,
        "1994-12-07",
        "1995-12-08",
        1,
        70700,
        3
        );
    

INSERT into salaries 
        (emp_no, start_day, end_day, elevel, salary, dep_id)
    VALUES (
        214,
        "1995-12-08",
        "1996-12-09",
        1,
        71500,
        2
        );
    

INSERT into salaries 
        (emp_no, start_day, end_day, elevel, salary, dep_id)
    VALUES (
        214,
        "1996-12-09",
        "1998-02-16",
        1,
        70800,
        2
        );
    

INSERT INTO employees
    (emp_no, birth_date, first_name, last_name, gender, citizenship, hire_day, last_day)
    VALUES (
        215,
        "1944-06-29",
        "Otto",
        "Hoffman",
        "m",
        "Germany",
        "1990-11-05",
        "1992-09-11"
    );
    

INSERT into salaries 
        (emp_no, start_day, end_day, elevel, salary, dep_id)
    VALUES (
        215,
        "1990-11-05",
        "1991-12-10",
        1,
        71500,
        2
        );
    

INSERT into salaries 
        (emp_no, start_day, end_day, elevel, salary, dep_id)
    VALUES (
        215,
        "1991-12-10",
        "1992-09-11",
        1,
        72300,
        7
        );
    

INSERT INTO employees
    (emp_no, birth_date, first_name, last_name, gender, citizenship, hire_day, last_day)
    VALUES (
        216,
        "1957-06-30",
        "Aradhana",
        "Ahamad",
        "f",
        "India",
        "1990-11-07",
        "1999-08-28"
    );
    

INSERT into salaries 
        (emp_no, start_day, end_day, elevel, salary, dep_id)
    VALUES (
        216,
        "1990-11-07",
        "1991-12-12",
        2,
        74200,
        4
        );
    

INSERT into salaries 
        (emp_no, start_day, end_day, elevel, salary, dep_id)
    VALUES (
        216,
        "1991-12-12",
        "1992-12-14",
        2,
        73500,
        3
        );
    

INSERT into salaries 
        (emp_no, start_day, end_day, elevel, salary, dep_id)
    VALUES (
        216,
        "1992-12-14",
        "1993-12-15",
        2,
        74300,
        3
        );
    

INSERT into salaries 
        (emp_no, start_day, end_day, elevel, salary, dep_id)
    VALUES (
        216,
        "1993-12-15",
        "1994-12-16",
        3,
        78900,
        5
        );
    

INSERT into salaries 
        (emp_no, start_day, end_day, elevel, salary, dep_id)
    VALUES (
        216,
        "1994-12-16",
        "1995-12-18",
        4,
        81100,
        2
        );
    

INSERT into salaries 
        (emp_no, start_day, end_day, elevel, salary, dep_id)
    VALUES (
        216,
        "1995-12-18",
        "1996-12-18",
        4,
        80300,
        6
        );
    

INSERT into salaries 
        (emp_no, start_day, end_day, elevel, salary, dep_id)
    VALUES (
        216,
        "1996-12-18",
        "1997-12-19",
        4,
        81200,
        6
        );
    

INSERT into salaries 
        (emp_no, start_day, end_day, elevel, salary, dep_id)
    VALUES (
        216,
        "1997-12-19",
        "1998-12-21",
        4,
        80400,
        4
        );
    

INSERT into salaries 
        (emp_no, start_day, end_day, elevel, salary, dep_id)
    VALUES (
        216,
        "1998-12-21",
        "1999-08-28",
        5,
        85100,
        3
        );
    

INSERT INTO employees
    (emp_no, birth_date, first_name, last_name, gender, citizenship, hire_day, last_day)
    VALUES (
        217,
        "1959-08-12",
        "Rudolf",
        "Krause",
        "m",
        "USA",
        "1990-11-12",
        "1991-11-10"
    );
    

INSERT into salaries 
        (emp_no, start_day, end_day, elevel, salary, dep_id)
    VALUES (
        217,
        "1990-11-12",
        "1991-11-10",
        2,
        76400,
        4
        );
    

INSERT INTO employees
    (emp_no, birth_date, first_name, last_name, gender, citizenship, hire_day, last_day)
    VALUES (
        218,
        "1960-05-28",
        "Antonia",
        "Suárez",
        "f",
        "Uruguay",
        "1990-11-19",
        "1993-10-18"
    );
    

INSERT into salaries 
        (emp_no, start_day, end_day, elevel, salary, dep_id)
    VALUES (
        218,
        "1990-11-19",
        "1991-12-24",
        1,
        70700,
        4
        );
    

INSERT into salaries 
        (emp_no, start_day, end_day, elevel, salary, dep_id)
    VALUES (
        218,
        "1991-12-24",
        "1992-12-24",
        1,
        74300,
        6
        );
    

INSERT into salaries 
        (emp_no, start_day, end_day, elevel, salary, dep_id)
    VALUES (
        218,
        "1992-12-24",
        "1993-10-18",
        2,
        78900,
        3
        );
    

INSERT INTO employees
    (emp_no, birth_date, first_name, last_name, gender, citizenship, hire_day, last_day)
    VALUES (
        219,
        "1934-01-14",
        "Camila",
        "Ortega",
        "f",
        "Argentina",
        "1990-11-26",
        "1994-09-23"
    );
    

INSERT into salaries 
        (emp_no, start_day, end_day, elevel, salary, dep_id)
    VALUES (
        219,
        "1990-11-26",
        "1991-12-31",
        1,
        70400,
        4
        );
    

INSERT into salaries 
        (emp_no, start_day, end_day, elevel, salary, dep_id)
    VALUES (
        219,
        "1991-12-31",
        "1992-12-31",
        1,
        71900,
        3
        );
    

INSERT into salaries 
        (emp_no, start_day, end_day, elevel, salary, dep_id)
    VALUES (
        219,
        "1992-12-31",
        "1994-01-03",
        1,
        71200,
        3
        );
    

INSERT into salaries 
        (emp_no, start_day, end_day, elevel, salary, dep_id)
    VALUES (
        219,
        "1994-01-03",
        "1994-09-23",
        1,
        72000,
        1
        );
    

INSERT INTO employees
    (emp_no, birth_date, first_name, last_name, gender, citizenship, hire_day, last_day)
    VALUES (
        220,
        "1954-04-11",
        "Linda",
        "Hill",
        "f",
        "USA",
        "1990-12-03",
        "1992-08-28"
    );
    

INSERT into salaries 
        (emp_no, start_day, end_day, elevel, salary, dep_id)
    VALUES (
        220,
        "1990-12-03",
        "1992-01-07",
        1,
        65800,
        6
        );
    

INSERT into salaries 
        (emp_no, start_day, end_day, elevel, salary, dep_id)
    VALUES (
        220,
        "1992-01-07",
        "1992-08-28",
        2,
        70200,
        5
        );
    

INSERT INTO employees
    (emp_no, birth_date, first_name, last_name, gender, citizenship, hire_day, last_day)
    VALUES (
        221,
        "1938-05-19",
        "Vivaan",
        "Ya",
        "m",
        "India",
        "1990-12-07",
        "1997-04-01"
    );
    

INSERT into salaries 
        (emp_no, start_day, end_day, elevel, salary, dep_id)
    VALUES (
        221,
        "1990-12-07",
        "1992-01-13",
        1,
        66300,
        5
        );
    

INSERT into salaries 
        (emp_no, start_day, end_day, elevel, salary, dep_id)
    VALUES (
        221,
        "1992-01-13",
        "1993-01-13",
        1,
        69700,
        7
        );
    

INSERT into salaries 
        (emp_no, start_day, end_day, elevel, salary, dep_id)
    VALUES (
        221,
        "1993-01-13",
        "1994-01-14",
        1,
        69100,
        3
        );
    

INSERT into salaries 
        (emp_no, start_day, end_day, elevel, salary, dep_id)
    VALUES (
        221,
        "1994-01-14",
        "1995-01-16",
        1,
        72600,
        5
        );
    

INSERT into salaries 
        (emp_no, start_day, end_day, elevel, salary, dep_id)
    VALUES (
        221,
        "1995-01-16",
        "1996-01-17",
        1,
        74100,
        3
        );
    

INSERT into salaries 
        (emp_no, start_day, end_day, elevel, salary, dep_id)
    VALUES (
        221,
        "1996-01-17",
        "1997-04-01",
        1,
        77900,
        7
        );
    

INSERT INTO employees
    (emp_no, birth_date, first_name, last_name, gender, citizenship, hire_day, last_day)
    VALUES (
        222,
        "1947-12-10",
        "Luis",
        "Iglesias",
        "m",
        "Argentina",
        "1990-12-11",
        "1996-05-17"
    );
    

INSERT into salaries 
        (emp_no, start_day, end_day, elevel, salary, dep_id)
    VALUES (
        222,
        "1990-12-11",
        "1992-01-15",
        2,
        71000,
        7
        );
    

INSERT into salaries 
        (emp_no, start_day, end_day, elevel, salary, dep_id)
    VALUES (
        222,
        "1992-01-15",
        "1993-01-15",
        2,
        74600,
        5
        );
    

INSERT into salaries 
        (emp_no, start_day, end_day, elevel, salary, dep_id)
    VALUES (
        222,
        "1993-01-15",
        "1994-01-17",
        2,
        76100,
        4
        );
    

INSERT into salaries 
        (emp_no, start_day, end_day, elevel, salary, dep_id)
    VALUES (
        222,
        "1994-01-17",
        "1995-01-18",
        2,
        77700,
        4
        );
    

INSERT into salaries 
        (emp_no, start_day, end_day, elevel, salary, dep_id)
    VALUES (
        222,
        "1995-01-18",
        "1996-05-17",
        2,
        81600,
        4
        );
    

INSERT INTO employees
    (emp_no, birth_date, first_name, last_name, gender, citizenship, hire_day, last_day)
    VALUES (
        223,
        "1931-08-06",
        "Angelika",
        "Weiss",
        "f",
        "USA",
        "1990-12-13",
        "1991-11-30"
    );
    

INSERT into salaries 
        (emp_no, start_day, end_day, elevel, salary, dep_id)
    VALUES (
        223,
        "1990-12-13",
        "1991-11-30",
        2,
        74300,
        2
        );
    

INSERT INTO employees
    (emp_no, birth_date, first_name, last_name, gender, citizenship, hire_day, last_day)
    VALUES (
        224,
        "1949-04-22",
        "Thelma",
        "Mitchell",
        "f",
        "USA",
        "1990-12-14",
        "1999-01-31"
    );
    

INSERT into salaries 
        (emp_no, start_day, end_day, elevel, salary, dep_id)
    VALUES (
        224,
        "1990-12-14",
        "1992-01-20",
        2,
        70900,
        2
        );
    

INSERT into salaries 
        (emp_no, start_day, end_day, elevel, salary, dep_id)
    VALUES (
        224,
        "1992-01-20",
        "1993-01-20",
        3,
        75400,
        7
        );
    

INSERT into salaries 
        (emp_no, start_day, end_day, elevel, salary, dep_id)
    VALUES (
        224,
        "1993-01-20",
        "1994-01-21",
        3,
        76200,
        3
        );
    

INSERT into salaries 
        (emp_no, start_day, end_day, elevel, salary, dep_id)
    VALUES (
        224,
        "1994-01-21",
        "1995-01-23",
        3,
        80100,
        4
        );
    

INSERT into salaries 
        (emp_no, start_day, end_day, elevel, salary, dep_id)
    VALUES (
        224,
        "1995-01-23",
        "1996-01-24",
        3,
        81800,
        3
        );
    

INSERT into salaries 
        (emp_no, start_day, end_day, elevel, salary, dep_id)
    VALUES (
        224,
        "1996-01-24",
        "1997-01-24",
        3,
        85900,
        3
        );
    

INSERT into salaries 
        (emp_no, start_day, end_day, elevel, salary, dep_id)
    VALUES (
        224,
        "1997-01-24",
        "1998-01-26",
        3,
        87700,
        1
        );
    

INSERT into salaries 
        (emp_no, start_day, end_day, elevel, salary, dep_id)
    VALUES (
        224,
        "1998-01-26",
        "1999-01-31",
        3,
        92100,
        6
        );
    

INSERT INTO employees
    (emp_no, birth_date, first_name, last_name, gender, citizenship, hire_day, last_day)
    VALUES (
        225,
        "1951-11-02",
        "Magdalena",
        "Martínez",
        "f",
        "USA",
        "1990-12-19",
        "1991-08-29"
    );
    

INSERT into salaries 
        (emp_no, start_day, end_day, elevel, salary, dep_id)
    VALUES (
        225,
        "1990-12-19",
        "1991-08-29",
        1,
        66100,
        7
        );
    

INSERT INTO employees
    (emp_no, birth_date, first_name, last_name, gender, citizenship, hire_day, last_day)
    VALUES (
        226,
        "1931-09-15",
        "Malena",
        "Muñoz",
        "f",
        "Uruguay",
        "1990-12-24",
        "1999-05-25"
    );
    

INSERT into salaries 
        (emp_no, start_day, end_day, elevel, salary, dep_id)
    VALUES (
        226,
        "1990-12-24",
        "1992-01-28",
        1,
        65700,
        5
        );
    

INSERT into salaries 
        (emp_no, start_day, end_day, elevel, salary, dep_id)
    VALUES (
        226,
        "1992-01-28",
        "1993-01-28",
        1,
        67100,
        7
        );
    

INSERT into salaries 
        (emp_no, start_day, end_day, elevel, salary, dep_id)
    VALUES (
        226,
        "1993-01-28",
        "1994-01-31",
        1,
        66500,
        3
        );
    

INSERT into salaries 
        (emp_no, start_day, end_day, elevel, salary, dep_id)
    VALUES (
        226,
        "1994-01-31",
        "1995-02-01",
        1,
        69900,
        3
        );
    

INSERT into salaries 
        (emp_no, start_day, end_day, elevel, salary, dep_id)
    VALUES (
        226,
        "1995-02-01",
        "1996-02-02",
        1,
        69300,
        2
        );
    

INSERT into salaries 
        (emp_no, start_day, end_day, elevel, salary, dep_id)
    VALUES (
        226,
        "1996-02-02",
        "1997-02-03",
        1,
        70000,
        4
        );
    

INSERT into salaries 
        (emp_no, start_day, end_day, elevel, salary, dep_id)
    VALUES (
        226,
        "1997-02-03",
        "1998-02-04",
        2,
        74500,
        5
        );
    

INSERT into salaries 
        (emp_no, start_day, end_day, elevel, salary, dep_id)
    VALUES (
        226,
        "1998-02-04",
        "1999-05-25",
        2,
        76000,
        1
        );
    

INSERT INTO employees
    (emp_no, birth_date, first_name, last_name, gender, citizenship, hire_day, last_day)
    VALUES (
        227,
        "1953-10-29",
        "Melissa",
        "Hall",
        "f",
        "USA",
        "1990-12-31",
        "1992-01-26"
    );
    

INSERT into salaries 
        (emp_no, start_day, end_day, elevel, salary, dep_id)
    VALUES (
        227,
        "1990-12-31",
        "1992-01-26",
        1,
        70000,
        1
        );
    

INSERT INTO employees
    (emp_no, birth_date, first_name, last_name, gender, citizenship, hire_day, last_day)
    VALUES (
        228,
        "1939-05-18",
        "Patrick",
        "Rogers",
        "m",
        "USA",
        "1990-12-31",
        "1994-02-13"
    );
    

INSERT into salaries 
        (emp_no, start_day, end_day, elevel, salary, dep_id)
    VALUES (
        228,
        "1990-12-31",
        "1992-02-04",
        2,
        72100,
        3
        );
    

INSERT into salaries 
        (emp_no, start_day, end_day, elevel, salary, dep_id)
    VALUES (
        228,
        "1992-02-04",
        "1993-02-04",
        2,
        75800,
        6
        );
    

INSERT into salaries 
        (emp_no, start_day, end_day, elevel, salary, dep_id)
    VALUES (
        228,
        "1993-02-04",
        "1994-02-13",
        2,
        76600,
        4
        );
    

INSERT INTO employees
    (emp_no, birth_date, first_name, last_name, gender, citizenship, hire_day, last_day)
    VALUES (
        229,
        "1937-06-15",
        "Eduardo",
        "Blanco",
        "m",
        "Argentina",
        "1990-12-31",
        "1997-03-05"
    );
    

INSERT into salaries 
        (emp_no, start_day, end_day, elevel, salary, dep_id)
    VALUES (
        229,
        "1990-12-31",
        "1992-02-04",
        1,
        74500,
        6
        );
    

INSERT into salaries 
        (emp_no, start_day, end_day, elevel, salary, dep_id)
    VALUES (
        229,
        "1992-02-04",
        "1993-02-04",
        1,
        78300,
        6
        );
    

INSERT into salaries 
        (emp_no, start_day, end_day, elevel, salary, dep_id)
    VALUES (
        229,
        "1993-02-04",
        "1994-02-07",
        1,
        79100,
        4
        );
    

INSERT into salaries 
        (emp_no, start_day, end_day, elevel, salary, dep_id)
    VALUES (
        229,
        "1994-02-07",
        "1995-02-08",
        1,
        80700,
        6
        );
    

INSERT into salaries 
        (emp_no, start_day, end_day, elevel, salary, dep_id)
    VALUES (
        229,
        "1995-02-08",
        "1996-02-09",
        1,
        79900,
        2
        );
    

INSERT into salaries 
        (emp_no, start_day, end_day, elevel, salary, dep_id)
    VALUES (
        229,
        "1996-02-09",
        "1997-03-05",
        1,
        81500,
        7
        );
    

INSERT INTO employees
    (emp_no, birth_date, first_name, last_name, gender, citizenship, hire_day, last_day)
    VALUES (
        230,
        "1944-05-19",
        "Robert",
        "Schuster",
        "m",
        "Germany",
        "1991-01-02",
        "1996-06-25"
    );
    

INSERT into salaries 
        (emp_no, start_day, end_day, elevel, salary, dep_id)
    VALUES (
        230,
        "1991-01-02",
        "1992-02-06",
        1,
        72500,
        1
        );
    

INSERT into salaries 
        (emp_no, start_day, end_day, elevel, salary, dep_id)
    VALUES (
        230,
        "1992-02-06",
        "1993-02-08",
        2,
        76300,
        2
        );
    

INSERT into salaries 
        (emp_no, start_day, end_day, elevel, salary, dep_id)
    VALUES (
        230,
        "1993-02-08",
        "1994-02-09",
        2,
        80200,
        3
        );
    

INSERT into salaries 
        (emp_no, start_day, end_day, elevel, salary, dep_id)
    VALUES (
        230,
        "1994-02-09",
        "1995-02-10",
        2,
        81900,
        1
        );
    

INSERT into salaries 
        (emp_no, start_day, end_day, elevel, salary, dep_id)
    VALUES (
        230,
        "1995-02-10",
        "1996-06-25",
        3,
        86600,
        3
        );
    

INSERT INTO employees
    (emp_no, birth_date, first_name, last_name, gender, citizenship, hire_day, last_day)
    VALUES (
        231,
        "1945-07-27",
        "Elke",
        "Busch",
        "f",
        "Germany",
        "1991-01-03",
        "2010-11-04"
    );
    

INSERT into salaries 
        (emp_no, start_day, end_day, elevel, salary, dep_id)
    VALUES (
        231,
        "1991-01-03",
        "1992-02-07",
        2,
        73100,
        2
        );
    

INSERT into salaries 
        (emp_no, start_day, end_day, elevel, salary, dep_id)
    VALUES (
        231,
        "1992-02-07",
        "1993-02-08",
        2,
        74600,
        7
        );
    

INSERT into salaries 
        (emp_no, start_day, end_day, elevel, salary, dep_id)
    VALUES (
        231,
        "1993-02-08",
        "1994-02-09",
        3,
        79200,
        2
        );
    

INSERT into salaries 
        (emp_no, start_day, end_day, elevel, salary, dep_id)
    VALUES (
        231,
        "1994-02-09",
        "1995-02-10",
        3,
        78500,
        3
        );
    

INSERT into salaries 
        (emp_no, start_day, end_day, elevel, salary, dep_id)
    VALUES (
        231,
        "1995-02-10",
        "1996-02-12",
        3,
        80100,
        4
        );
    

INSERT into salaries 
        (emp_no, start_day, end_day, elevel, salary, dep_id)
    VALUES (
        231,
        "1996-02-12",
        "1997-02-12",
        3,
        84200,
        3
        );
    

INSERT into salaries 
        (emp_no, start_day, end_day, elevel, salary, dep_id)
    VALUES (
        231,
        "1997-02-12",
        "1998-02-13",
        3,
        85900,
        5
        );
    

INSERT into salaries 
        (emp_no, start_day, end_day, elevel, salary, dep_id)
    VALUES (
        231,
        "1998-02-13",
        "1999-02-15",
        3,
        90200,
        1
        );
    

INSERT into salaries 
        (emp_no, start_day, end_day, elevel, salary, dep_id)
    VALUES (
        231,
        "1999-02-15",
        "2000-02-16",
        3,
        94800,
        1
        );
    

INSERT into salaries 
        (emp_no, start_day, end_day, elevel, salary, dep_id)
    VALUES (
        231,
        "2000-02-16",
        "2001-02-16",
        3,
        99600,
        3
        );
    

INSERT into salaries 
        (emp_no, start_day, end_day, elevel, salary, dep_id)
    VALUES (
        231,
        "2001-02-16",
        "2002-02-18",
        3,
        98700,
        2
        );
    

INSERT into salaries 
        (emp_no, start_day, end_day, elevel, salary, dep_id)
    VALUES (
        231,
        "2002-02-18",
        "2003-02-19",
        3,
        100700,
        4
        );
    

INSERT into salaries 
        (emp_no, start_day, end_day, elevel, salary, dep_id)
    VALUES (
        231,
        "2003-02-19",
        "2004-02-20",
        3,
        101800,
        2
        );
    

INSERT into salaries 
        (emp_no, start_day, end_day, elevel, salary, dep_id)
    VALUES (
        231,
        "2004-02-20",
        "2005-02-21",
        3,
        103900,
        4
        );
    

INSERT into salaries 
        (emp_no, start_day, end_day, elevel, salary, dep_id)
    VALUES (
        231,
        "2005-02-21",
        "2006-02-22",
        3,
        106000,
        6
        );
    

INSERT into salaries 
        (emp_no, start_day, end_day, elevel, salary, dep_id)
    VALUES (
        231,
        "2006-02-22",
        "2007-02-23",
        3,
        105000,
        7
        );
    

INSERT into salaries 
        (emp_no, start_day, end_day, elevel, salary, dep_id)
    VALUES (
        231,
        "2007-02-23",
        "2008-02-25",
        3,
        110300,
        4
        );
    

INSERT into salaries 
        (emp_no, start_day, end_day, elevel, salary, dep_id)
    VALUES (
        231,
        "2008-02-25",
        "2009-02-25",
        4,
        115600,
        5
        );
    

INSERT into salaries 
        (emp_no, start_day, end_day, elevel, salary, dep_id)
    VALUES (
        231,
        "2009-02-25",
        "2010-02-26",
        4,
        118000,
        3
        );
    

INSERT into salaries 
        (emp_no, start_day, end_day, elevel, salary, dep_id)
    VALUES (
        231,
        "2010-02-26",
        "2010-11-04",
        4,
        123900,
        6
        );
    

INSERT INTO employees
    (emp_no, birth_date, first_name, last_name, gender, citizenship, hire_day, last_day)
    VALUES (
        232,
        "1936-01-15",
        "Frank",
        "Peterson",
        "m",
        "USA",
        "1991-01-03",
        "1996-02-20"
    );
    

INSERT into salaries 
        (emp_no, start_day, end_day, elevel, salary, dep_id)
    VALUES (
        232,
        "1991-01-03",
        "1992-02-07",
        1,
        76300,
        6
        );
    

INSERT into salaries 
        (emp_no, start_day, end_day, elevel, salary, dep_id)
    VALUES (
        232,
        "1992-02-07",
        "1993-02-08",
        1,
        80200,
        6
        );
    

INSERT into salaries 
        (emp_no, start_day, end_day, elevel, salary, dep_id)
    VALUES (
        232,
        "1993-02-08",
        "1994-02-09",
        1,
        81900,
        2
        );
    

INSERT into salaries 
        (emp_no, start_day, end_day, elevel, salary, dep_id)
    VALUES (
        232,
        "1994-02-09",
        "1995-02-10",
        1,
        83600,
        4
        );
    

INSERT into salaries 
        (emp_no, start_day, end_day, elevel, salary, dep_id)
    VALUES (
        232,
        "1995-02-10",
        "1996-02-20",
        1,
        85300,
        1
        );
    

INSERT INTO employees
    (emp_no, birth_date, first_name, last_name, gender, citizenship, hire_day, last_day)
    VALUES (
        233,
        "1946-03-31",
        "Maria",
        "Schulz",
        "f",
        "Germany",
        "1991-01-10",
        "1994-03-09"
    );
    

INSERT into salaries 
        (emp_no, start_day, end_day, elevel, salary, dep_id)
    VALUES (
        233,
        "1991-01-10",
        "1992-02-14",
        2,
        72400,
        2
        );
    

INSERT into salaries 
        (emp_no, start_day, end_day, elevel, salary, dep_id)
    VALUES (
        233,
        "1992-02-14",
        "1993-02-15",
        2,
        76100,
        3
        );
    

INSERT into salaries 
        (emp_no, start_day, end_day, elevel, salary, dep_id)
    VALUES (
        233,
        "1993-02-15",
        "1994-03-09",
        2,
        80000,
        5
        );
    

INSERT INTO employees
    (emp_no, birth_date, first_name, last_name, gender, citizenship, hire_day, last_day)
    VALUES (
        234,
        "1945-03-26",
        "Gertrud",
        "Berger",
        "f",
        "Germany",
        "1991-01-16",
        "1997-05-01"
    );
    

INSERT into salaries 
        (emp_no, start_day, end_day, elevel, salary, dep_id)
    VALUES (
        234,
        "1991-01-16",
        "1992-02-20",
        2,
        78100,
        3
        );
    

INSERT into salaries 
        (emp_no, start_day, end_day, elevel, salary, dep_id)
    VALUES (
        234,
        "1992-02-20",
        "1993-02-22",
        2,
        82100,
        4
        );
    

INSERT into salaries 
        (emp_no, start_day, end_day, elevel, salary, dep_id)
    VALUES (
        234,
        "1993-02-22",
        "1994-02-23",
        2,
        81300,
        3
        );
    

INSERT into salaries 
        (emp_no, start_day, end_day, elevel, salary, dep_id)
    VALUES (
        234,
        "1994-02-23",
        "1995-02-24",
        2,
        83000,
        2
        );
    

INSERT into salaries 
        (emp_no, start_day, end_day, elevel, salary, dep_id)
    VALUES (
        234,
        "1995-02-24",
        "1996-02-26",
        2,
        87200,
        4
        );
    

INSERT into salaries 
        (emp_no, start_day, end_day, elevel, salary, dep_id)
    VALUES (
        234,
        "1996-02-26",
        "1997-05-01",
        2,
        91600,
        2
        );
    

INSERT INTO employees
    (emp_no, birth_date, first_name, last_name, gender, citizenship, hire_day, last_day)
    VALUES (
        235,
        "1938-11-19",
        "Sai",
        "Babu",
        "m",
        "USA",
        "1991-01-22",
        "1992-04-30"
    );
    

INSERT into salaries 
        (emp_no, start_day, end_day, elevel, salary, dep_id)
    VALUES (
        235,
        "1991-01-22",
        "1992-04-30",
        2,
        74300,
        7
        );
    

INSERT INTO employees
    (emp_no, birth_date, first_name, last_name, gender, citizenship, hire_day, last_day)
    VALUES (
        236,
        "1946-03-28",
        "Marianne",
        "Huber",
        "f",
        "USA",
        "1991-01-23",
        "1993-07-07"
    );
    

INSERT into salaries 
        (emp_no, start_day, end_day, elevel, salary, dep_id)
    VALUES (
        236,
        "1991-01-23",
        "1992-02-27",
        1,
        69100,
        6
        );
    

INSERT into salaries 
        (emp_no, start_day, end_day, elevel, salary, dep_id)
    VALUES (
        236,
        "1992-02-27",
        "1993-07-07",
        1,
        72600,
        3
        );
    

INSERT INTO employees
    (emp_no, birth_date, first_name, last_name, gender, citizenship, hire_day, last_day)
    VALUES (
        237,
        "1954-12-23",
        "Stephen",
        "Ross",
        "m",
        "USA",
        "1991-01-24",
        "2001-05-10"
    );
    

INSERT into salaries 
        (emp_no, start_day, end_day, elevel, salary, dep_id)
    VALUES (
        237,
        "1991-01-24",
        "1992-02-28",
        1,
        67100,
        6
        );
    

INSERT into salaries 
        (emp_no, start_day, end_day, elevel, salary, dep_id)
    VALUES (
        237,
        "1992-02-28",
        "1993-03-01",
        1,
        67800,
        5
        );
    

INSERT into salaries 
        (emp_no, start_day, end_day, elevel, salary, dep_id)
    VALUES (
        237,
        "1993-03-01",
        "1994-03-02",
        1,
        69200,
        7
        );
    

INSERT into salaries 
        (emp_no, start_day, end_day, elevel, salary, dep_id)
    VALUES (
        237,
        "1994-03-02",
        "1995-03-03",
        1,
        72700,
        1
        );
    

INSERT into salaries 
        (emp_no, start_day, end_day, elevel, salary, dep_id)
    VALUES (
        237,
        "1995-03-03",
        "1996-03-04",
        1,
        74200,
        5
        );
    

INSERT into salaries 
        (emp_no, start_day, end_day, elevel, salary, dep_id)
    VALUES (
        237,
        "1996-03-04",
        "1997-03-05",
        1,
        75700,
        6
        );
    

INSERT into salaries 
        (emp_no, start_day, end_day, elevel, salary, dep_id)
    VALUES (
        237,
        "1997-03-05",
        "1998-03-06",
        1,
        79500,
        2
        );
    

INSERT into salaries 
        (emp_no, start_day, end_day, elevel, salary, dep_id)
    VALUES (
        237,
        "1998-03-06",
        "1999-03-08",
        1,
        80300,
        3
        );
    

INSERT into salaries 
        (emp_no, start_day, end_day, elevel, salary, dep_id)
    VALUES (
        237,
        "1999-03-08",
        "2000-03-08",
        1,
        82000,
        2
        );
    

INSERT into salaries 
        (emp_no, start_day, end_day, elevel, salary, dep_id)
    VALUES (
        237,
        "2000-03-08",
        "2001-05-10",
        1,
        86100,
        7
        );
    

INSERT INTO employees
    (emp_no, birth_date, first_name, last_name, gender, citizenship, hire_day, last_day)
    VALUES (
        238,
        "1934-09-24",
        "Saira",
        "Reddy",
        "f",
        "USA",
        "1991-01-28",
        "1994-01-14"
    );
    

INSERT into salaries 
        (emp_no, start_day, end_day, elevel, salary, dep_id)
    VALUES (
        238,
        "1991-01-28",
        "1992-03-03",
        1,
        68100,
        6
        );
    

INSERT into salaries 
        (emp_no, start_day, end_day, elevel, salary, dep_id)
    VALUES (
        238,
        "1992-03-03",
        "1993-03-04",
        1,
        69500,
        3
        );
    

INSERT into salaries 
        (emp_no, start_day, end_day, elevel, salary, dep_id)
    VALUES (
        238,
        "1993-03-04",
        "1994-01-14",
        1,
        70200,
        6
        );
    

INSERT INTO employees
    (emp_no, birth_date, first_name, last_name, gender, citizenship, hire_day, last_day)
    VALUES (
        239,
        "1959-12-02",
        "Ronald",
        "Edwards",
        "m",
        "USA",
        "1991-01-31",
        "1995-01-25"
    );
    

INSERT into salaries 
        (emp_no, start_day, end_day, elevel, salary, dep_id)
    VALUES (
        239,
        "1991-01-31",
        "1992-03-06",
        1,
        72300,
        2
        );
    

INSERT into salaries 
        (emp_no, start_day, end_day, elevel, salary, dep_id)
    VALUES (
        239,
        "1992-03-06",
        "1993-03-08",
        1,
        76000,
        3
        );
    

INSERT into salaries 
        (emp_no, start_day, end_day, elevel, salary, dep_id)
    VALUES (
        239,
        "1993-03-08",
        "1994-03-09",
        1,
        79800,
        5
        );
    

INSERT into salaries 
        (emp_no, start_day, end_day, elevel, salary, dep_id)
    VALUES (
        239,
        "1994-03-09",
        "1995-01-25",
        1,
        80600,
        1
        );
    

INSERT INTO employees
    (emp_no, birth_date, first_name, last_name, gender, citizenship, hire_day, last_day)
    VALUES (
        240,
        "1941-10-22",
        "Thiago",
        "Castro",
        "m",
        "Argentina",
        "1991-02-07",
        "1998-06-16"
    );
    

INSERT into salaries 
        (emp_no, start_day, end_day, elevel, salary, dep_id)
    VALUES (
        240,
        "1991-02-07",
        "1992-03-13",
        1,
        70500,
        7
        );
    

INSERT into salaries 
        (emp_no, start_day, end_day, elevel, salary, dep_id)
    VALUES (
        240,
        "1992-03-13",
        "1993-03-15",
        2,
        77200,
        6
        );
    

INSERT into salaries 
        (emp_no, start_day, end_day, elevel, salary, dep_id)
    VALUES (
        240,
        "1993-03-15",
        "1994-03-16",
        2,
        78800,
        3
        );
    

INSERT into salaries 
        (emp_no, start_day, end_day, elevel, salary, dep_id)
    VALUES (
        240,
        "1994-03-16",
        "1995-03-17",
        2,
        79600,
        6
        );
    

INSERT into salaries 
        (emp_no, start_day, end_day, elevel, salary, dep_id)
    VALUES (
        240,
        "1995-03-17",
        "1996-03-18",
        2,
        80400,
        4
        );
    

INSERT into salaries 
        (emp_no, start_day, end_day, elevel, salary, dep_id)
    VALUES (
        240,
        "1996-03-18",
        "1997-03-19",
        2,
        84500,
        2
        );
    

INSERT into salaries 
        (emp_no, start_day, end_day, elevel, salary, dep_id)
    VALUES (
        240,
        "1997-03-19",
        "1998-06-16",
        2,
        85400,
        2
        );
    

INSERT INTO employees
    (emp_no, birth_date, first_name, last_name, gender, citizenship, hire_day, last_day)
    VALUES (
        241,
        "1950-06-02",
        "Amber",
        "Peterson",
        "f",
        "USA",
        "1991-02-11",
        "1992-12-29"
    );
    

INSERT into salaries 
        (emp_no, start_day, end_day, elevel, salary, dep_id)
    VALUES (
        241,
        "1991-02-11",
        "1992-03-17",
        2,
        81000,
        7
        );
    

INSERT into salaries 
        (emp_no, start_day, end_day, elevel, salary, dep_id)
    VALUES (
        241,
        "1992-03-17",
        "1992-12-29",
        2,
        80200,
        5
        );
    

INSERT INTO employees
    (emp_no, birth_date, first_name, last_name, gender, citizenship, hire_day, last_day)
    VALUES (
        242,
        "1944-03-20",
        "Shreya",
        "Mallick",
        "f",
        "USA",
        "1991-02-13",
        "1993-05-12"
    );
    

INSERT into salaries 
        (emp_no, start_day, end_day, elevel, salary, dep_id)
    VALUES (
        242,
        "1991-02-13",
        "1992-03-19",
        2,
        72500,
        5
        );
    

INSERT into salaries 
        (emp_no, start_day, end_day, elevel, salary, dep_id)
    VALUES (
        242,
        "1992-03-19",
        "1993-05-12",
        2,
        73300,
        2
        );
    

INSERT INTO employees
    (emp_no, birth_date, first_name, last_name, gender, citizenship, hire_day, last_day)
    VALUES (
        243,
        "1933-06-24",
        "Bruno",
        "Gómez",
        "m",
        "USA",
        "1991-02-19",
        "1994-04-05"
    );
    

INSERT into salaries 
        (emp_no, start_day, end_day, elevel, salary, dep_id)
    VALUES (
        243,
        "1991-02-19",
        "1992-03-25",
        2,
        74000,
        1
        );
    

INSERT into salaries 
        (emp_no, start_day, end_day, elevel, salary, dep_id)
    VALUES (
        243,
        "1992-03-25",
        "1993-03-26",
        2,
        77700,
        5
        );
    

INSERT into salaries 
        (emp_no, start_day, end_day, elevel, salary, dep_id)
    VALUES (
        243,
        "1993-03-26",
        "1994-04-05",
        2,
        77000,
        7
        );
    

INSERT INTO employees
    (emp_no, birth_date, first_name, last_name, gender, citizenship, hire_day, last_day)
    VALUES (
        244,
        "1940-06-26",
        "Josefina",
        "Moreno",
        "f",
        "Uruguay",
        "1991-02-25",
        "1993-01-17"
    );
    

INSERT into salaries 
        (emp_no, start_day, end_day, elevel, salary, dep_id)
    VALUES (
        244,
        "1991-02-25",
        "1992-03-31",
        1,
        76300,
        3
        );
    

INSERT into salaries 
        (emp_no, start_day, end_day, elevel, salary, dep_id)
    VALUES (
        244,
        "1992-03-31",
        "1993-01-17",
        1,
        77900,
        1
        );
    

INSERT INTO employees
    (emp_no, birth_date, first_name, last_name, gender, citizenship, hire_day, last_day)
    VALUES (
        245,
        "1940-06-28",
        "Fred",
        "Johnson",
        "m",
        "USA",
        "1991-02-26",
        "1992-11-28"
    );
    

INSERT into salaries 
        (emp_no, start_day, end_day, elevel, salary, dep_id)
    VALUES (
        245,
        "1991-02-26",
        "1992-04-01",
        2,
        74100,
        2
        );
    

INSERT into salaries 
        (emp_no, start_day, end_day, elevel, salary, dep_id)
    VALUES (
        245,
        "1992-04-01",
        "1992-11-28",
        2,
        75600,
        1
        );
    

INSERT INTO employees
    (emp_no, birth_date, first_name, last_name, gender, citizenship, hire_day, last_day)
    VALUES (
        246,
        "1939-03-15",
        "Alejandra",
        "García",
        "f",
        "Uruguay",
        "1991-02-28",
        "1995-12-17"
    );
    

INSERT into salaries 
        (emp_no, start_day, end_day, elevel, salary, dep_id)
    VALUES (
        246,
        "1991-02-28",
        "1992-04-03",
        2,
        80300,
        1
        );
    

INSERT into salaries 
        (emp_no, start_day, end_day, elevel, salary, dep_id)
    VALUES (
        246,
        "1992-04-03",
        "1993-04-05",
        2,
        82000,
        4
        );
    

INSERT into salaries 
        (emp_no, start_day, end_day, elevel, salary, dep_id)
    VALUES (
        246,
        "1993-04-05",
        "1994-04-06",
        2,
        83700,
        5
        );
    

INSERT into salaries 
        (emp_no, start_day, end_day, elevel, salary, dep_id)
    VALUES (
        246,
        "1994-04-06",
        "1995-04-07",
        2,
        85400,
        2
        );
    

INSERT into salaries 
        (emp_no, start_day, end_day, elevel, salary, dep_id)
    VALUES (
        246,
        "1995-04-07",
        "1995-12-17",
        2,
        89700,
        6
        );
    

INSERT INTO employees
    (emp_no, birth_date, first_name, last_name, gender, citizenship, hire_day, last_day)
    VALUES (
        247,
        "1956-01-07",
        "Thelma",
        "Jones",
        "f",
        "USA",
        "1991-03-04",
        "1995-03-11"
    );
    

INSERT into salaries 
        (emp_no, start_day, end_day, elevel, salary, dep_id)
    VALUES (
        247,
        "1991-03-04",
        "1992-04-07",
        1,
        75700,
        1
        );
    

INSERT into salaries 
        (emp_no, start_day, end_day, elevel, salary, dep_id)
    VALUES (
        247,
        "1992-04-07",
        "1993-04-08",
        1,
        76500,
        1
        );
    

INSERT into salaries 
        (emp_no, start_day, end_day, elevel, salary, dep_id)
    VALUES (
        247,
        "1993-04-08",
        "1994-04-11",
        2,
        80300,
        5
        );
    

INSERT into salaries 
        (emp_no, start_day, end_day, elevel, salary, dep_id)
    VALUES (
        247,
        "1994-04-11",
        "1995-03-11",
        2,
        82000,
        4
        );
    

INSERT INTO employees
    (emp_no, birth_date, first_name, last_name, gender, citizenship, hire_day, last_day)
    VALUES (
        248,
        "1945-12-10",
        "Maite",
        "Gil",
        "f",
        "USA",
        "1991-03-05",
        "2000-03-18"
    );
    

INSERT into salaries 
        (emp_no, start_day, end_day, elevel, salary, dep_id)
    VALUES (
        248,
        "1991-03-05",
        "1992-04-08",
        1,
        76500,
        5
        );
    

INSERT into salaries 
        (emp_no, start_day, end_day, elevel, salary, dep_id)
    VALUES (
        248,
        "1992-04-08",
        "1993-04-09",
        1,
        80400,
        6
        );
    

INSERT into salaries 
        (emp_no, start_day, end_day, elevel, salary, dep_id)
    VALUES (
        248,
        "1993-04-09",
        "1994-04-11",
        1,
        81300,
        1
        );
    

INSERT into salaries 
        (emp_no, start_day, end_day, elevel, salary, dep_id)
    VALUES (
        248,
        "1994-04-11",
        "1995-04-12",
        1,
        85400,
        3
        );
    

INSERT into salaries 
        (emp_no, start_day, end_day, elevel, salary, dep_id)
    VALUES (
        248,
        "1995-04-12",
        "1996-04-12",
        1,
        87200,
        6
        );
    

INSERT into salaries 
        (emp_no, start_day, end_day, elevel, salary, dep_id)
    VALUES (
        248,
        "1996-04-12",
        "1997-04-14",
        1,
        89000,
        4
        );
    

INSERT into salaries 
        (emp_no, start_day, end_day, elevel, salary, dep_id)
    VALUES (
        248,
        "1997-04-14",
        "1998-04-15",
        1,
        89900,
        5
        );
    

INSERT into salaries 
        (emp_no, start_day, end_day, elevel, salary, dep_id)
    VALUES (
        248,
        "1998-04-15",
        "1999-04-16",
        1,
        94400,
        6
        );
    

INSERT into salaries 
        (emp_no, start_day, end_day, elevel, salary, dep_id)
    VALUES (
        248,
        "1999-04-16",
        "2000-03-18",
        1,
        96300,
        3
        );
    

INSERT INTO employees
    (emp_no, birth_date, first_name, last_name, gender, citizenship, hire_day, last_day)
    VALUES (
        249,
        "1952-10-17",
        "Riya",
        "Kumari",
        "f",
        "India",
        "1991-03-05",
        "1993-08-15"
    );
    

INSERT into salaries 
        (emp_no, start_day, end_day, elevel, salary, dep_id)
    VALUES (
        249,
        "1991-03-05",
        "1992-04-08",
        2,
        75100,
        7
        );
    

INSERT into salaries 
        (emp_no, start_day, end_day, elevel, salary, dep_id)
    VALUES (
        249,
        "1992-04-08",
        "1993-08-15",
        2,
        75900,
        2
        );
    

INSERT INTO employees
    (emp_no, birth_date, first_name, last_name, gender, citizenship, hire_day, last_day)
    VALUES (
        250,
        "1934-09-17",
        "Veer",
        "Rathav",
        "m",
        "USA",
        "1991-03-11",
        "1992-11-28"
    );
    

INSERT into salaries 
        (emp_no, start_day, end_day, elevel, salary, dep_id)
    VALUES (
        250,
        "1991-03-11",
        "1992-04-14",
        1,
        69700,
        1
        );
    

INSERT into salaries 
        (emp_no, start_day, end_day, elevel, salary, dep_id)
    VALUES (
        250,
        "1992-04-14",
        "1992-11-28",
        1,
        70400,
        4
        );
    

INSERT INTO employees
    (emp_no, birth_date, first_name, last_name, gender, citizenship, hire_day, last_day)
    VALUES (
        251,
        "1931-04-30",
        "Marianne",
        "Weiss",
        "f",
        "Germany",
        "1991-03-18",
        "1992-09-14"
    );
    

INSERT into salaries 
        (emp_no, start_day, end_day, elevel, salary, dep_id)
    VALUES (
        251,
        "1991-03-18",
        "1992-09-14",
        2,
        74900,
        3
        );
    

INSERT INTO employees
    (emp_no, birth_date, first_name, last_name, gender, citizenship, hire_day, last_day)
    VALUES (
        252,
        "1932-08-15",
        "Erich",
        "Krause",
        "m",
        "USA",
        "1991-03-19",
        "1993-05-11"
    );
    

INSERT into salaries 
        (emp_no, start_day, end_day, elevel, salary, dep_id)
    VALUES (
        252,
        "1991-03-19",
        "1992-04-22",
        2,
        80800,
        1
        );
    

INSERT into salaries 
        (emp_no, start_day, end_day, elevel, salary, dep_id)
    VALUES (
        252,
        "1992-04-22",
        "1993-05-11",
        2,
        80000,
        7
        );
    

INSERT INTO employees
    (emp_no, birth_date, first_name, last_name, gender, citizenship, hire_day, last_day)
    VALUES (
        253,
        "1944-01-05",
        "Iker",
        "Hernández",
        "m",
        "USA",
        "1991-03-21",
        "1997-04-24"
    );
    

INSERT into salaries 
        (emp_no, start_day, end_day, elevel, salary, dep_id)
    VALUES (
        253,
        "1991-03-21",
        "1992-04-24",
        2,
        74300,
        6
        );
    

INSERT into salaries 
        (emp_no, start_day, end_day, elevel, salary, dep_id)
    VALUES (
        253,
        "1992-04-24",
        "1993-04-26",
        2,
        78100,
        5
        );
    

INSERT into salaries 
        (emp_no, start_day, end_day, elevel, salary, dep_id)
    VALUES (
        253,
        "1993-04-26",
        "1994-04-27",
        2,
        78900,
        2
        );
    

INSERT into salaries 
        (emp_no, start_day, end_day, elevel, salary, dep_id)
    VALUES (
        253,
        "1994-04-27",
        "1995-04-28",
        2,
        80500,
        4
        );
    

INSERT into salaries 
        (emp_no, start_day, end_day, elevel, salary, dep_id)
    VALUES (
        253,
        "1995-04-28",
        "1996-04-29",
        2,
        84600,
        3
        );
    

INSERT into salaries 
        (emp_no, start_day, end_day, elevel, salary, dep_id)
    VALUES (
        253,
        "1996-04-29",
        "1997-04-24",
        2,
        86300,
        6
        );
    

INSERT INTO employees
    (emp_no, birth_date, first_name, last_name, gender, citizenship, hire_day, last_day)
    VALUES (
        254,
        "1948-05-02",
        "Helga",
        "Günther",
        "f",
        "Germany",
        "1991-03-22",
        "1993-08-16"
    );
    

INSERT into salaries 
        (emp_no, start_day, end_day, elevel, salary, dep_id)
    VALUES (
        254,
        "1991-03-22",
        "1992-04-27",
        2,
        73700,
        7
        );
    

INSERT into salaries 
        (emp_no, start_day, end_day, elevel, salary, dep_id)
    VALUES (
        254,
        "1992-04-27",
        "1993-08-16",
        2,
        73000,
        2
        );
    

INSERT INTO employees
    (emp_no, birth_date, first_name, last_name, gender, citizenship, hire_day, last_day)
    VALUES (
        255,
        "1937-06-29",
        "Matthew",
        "Lewis",
        "m",
        "USA",
        "1991-03-27",
        "1993-03-13"
    );
    

INSERT into salaries 
        (emp_no, start_day, end_day, elevel, salary, dep_id)
    VALUES (
        255,
        "1991-03-27",
        "1992-04-30",
        1,
        76600,
        1
        );
    

INSERT into salaries 
        (emp_no, start_day, end_day, elevel, salary, dep_id)
    VALUES (
        255,
        "1992-04-30",
        "1993-03-13",
        1,
        78200,
        6
        );
    

INSERT INTO employees
    (emp_no, birth_date, first_name, last_name, gender, citizenship, hire_day, last_day)
    VALUES (
        256,
        "1943-01-25",
        "Aayansh",
        "Chaudhari",
        "m",
        "India",
        "1991-04-01",
        "1993-02-13"
    );
    

INSERT into salaries 
        (emp_no, start_day, end_day, elevel, salary, dep_id)
    VALUES (
        256,
        "1991-04-01",
        "1992-05-05",
        2,
        77100,
        2
        );
    

INSERT into salaries 
        (emp_no, start_day, end_day, elevel, salary, dep_id)
    VALUES (
        256,
        "1992-05-05",
        "1993-02-13",
        2,
        76400,
        6
        );
    

INSERT INTO employees
    (emp_no, birth_date, first_name, last_name, gender, citizenship, hire_day, last_day)
    VALUES (
        257,
        "1953-08-02",
        "Chris",
        "Shaikh",
        "m",
        "USA",
        "1991-04-04",
        "1996-01-10"
    );
    

INSERT into salaries 
        (emp_no, start_day, end_day, elevel, salary, dep_id)
    VALUES (
        257,
        "1991-04-04",
        "1992-05-08",
        1,
        67400,
        2
        );
    

INSERT into salaries 
        (emp_no, start_day, end_day, elevel, salary, dep_id)
    VALUES (
        257,
        "1992-05-08",
        "1993-05-10",
        1,
        68100,
        2
        );
    

INSERT into salaries 
        (emp_no, start_day, end_day, elevel, salary, dep_id)
    VALUES (
        257,
        "1993-05-10",
        "1994-05-11",
        1,
        69500,
        6
        );
    

INSERT into salaries 
        (emp_no, start_day, end_day, elevel, salary, dep_id)
    VALUES (
        257,
        "1994-05-11",
        "1995-05-12",
        1,
        70900,
        2
        );
    

INSERT into salaries 
        (emp_no, start_day, end_day, elevel, salary, dep_id)
    VALUES (
        257,
        "1995-05-12",
        "1996-01-10",
        1,
        70200,
        1
        );
    

INSERT INTO employees
    (emp_no, birth_date, first_name, last_name, gender, citizenship, hire_day, last_day)
    VALUES (
        258,
        "1945-08-21",
        "Vrinda",
        "Sekh",
        "f",
        "India",
        "1991-04-08",
        "2000-05-03"
    );
    

INSERT into salaries 
        (emp_no, start_day, end_day, elevel, salary, dep_id)
    VALUES (
        258,
        "1991-04-08",
        "1992-05-12",
        2,
        77000,
        4
        );
    

INSERT into salaries 
        (emp_no, start_day, end_day, elevel, salary, dep_id)
    VALUES (
        258,
        "1992-05-12",
        "1993-05-13",
        2,
        80900,
        2
        );
    

INSERT into salaries 
        (emp_no, start_day, end_day, elevel, salary, dep_id)
    VALUES (
        258,
        "1993-05-13",
        "1994-05-16",
        2,
        82600,
        7
        );
    

INSERT into salaries 
        (emp_no, start_day, end_day, elevel, salary, dep_id)
    VALUES (
        258,
        "1994-05-16",
        "1995-05-17",
        3,
        87400,
        3
        );
    

INSERT into salaries 
        (emp_no, start_day, end_day, elevel, salary, dep_id)
    VALUES (
        258,
        "1995-05-17",
        "1996-05-17",
        3,
        89200,
        7
        );
    

INSERT into salaries 
        (emp_no, start_day, end_day, elevel, salary, dep_id)
    VALUES (
        258,
        "1996-05-17",
        "1997-05-19",
        3,
        91000,
        6
        );
    

INSERT into salaries 
        (emp_no, start_day, end_day, elevel, salary, dep_id)
    VALUES (
        258,
        "1997-05-19",
        "1998-05-20",
        3,
        92900,
        1
        );
    

INSERT into salaries 
        (emp_no, start_day, end_day, elevel, salary, dep_id)
    VALUES (
        258,
        "1998-05-20",
        "1999-05-21",
        3,
        94800,
        2
        );
    

INSERT into salaries 
        (emp_no, start_day, end_day, elevel, salary, dep_id)
    VALUES (
        258,
        "1999-05-21",
        "2000-05-03",
        3,
        96700,
        3
        );
    

INSERT INTO employees
    (emp_no, birth_date, first_name, last_name, gender, citizenship, hire_day, last_day)
    VALUES (
        259,
        "1939-03-23",
        "Harry",
        "Walker",
        "m",
        "USA",
        "1991-04-15",
        "1996-01-24"
    );
    

INSERT into salaries 
        (emp_no, start_day, end_day, elevel, salary, dep_id)
    VALUES (
        259,
        "1991-04-15",
        "1992-05-19",
        1,
        71400,
        2
        );
    

INSERT into salaries 
        (emp_no, start_day, end_day, elevel, salary, dep_id)
    VALUES (
        259,
        "1992-05-19",
        "1993-05-20",
        1,
        72200,
        6
        );
    

INSERT into salaries 
        (emp_no, start_day, end_day, elevel, salary, dep_id)
    VALUES (
        259,
        "1993-05-20",
        "1994-05-23",
        1,
        73700,
        7
        );
    

INSERT into salaries 
        (emp_no, start_day, end_day, elevel, salary, dep_id)
    VALUES (
        259,
        "1994-05-23",
        "1995-05-24",
        1,
        77400,
        7
        );
    

INSERT into salaries 
        (emp_no, start_day, end_day, elevel, salary, dep_id)
    VALUES (
        259,
        "1995-05-24",
        "1996-01-24",
        1,
        78200,
        3
        );
    

INSERT INTO employees
    (emp_no, birth_date, first_name, last_name, gender, citizenship, hire_day, last_day)
    VALUES (
        260,
        "1938-10-19",
        "Lisa",
        "Thompson",
        "f",
        "USA",
        "1991-04-18",
        "1996-07-02"
    );
    

INSERT into salaries 
        (emp_no, start_day, end_day, elevel, salary, dep_id)
    VALUES (
        260,
        "1991-04-18",
        "1992-05-22",
        2,
        78600,
        4
        );
    

INSERT into salaries 
        (emp_no, start_day, end_day, elevel, salary, dep_id)
    VALUES (
        260,
        "1992-05-22",
        "1993-05-24",
        2,
        80200,
        7
        );
    

INSERT into salaries 
        (emp_no, start_day, end_day, elevel, salary, dep_id)
    VALUES (
        260,
        "1993-05-24",
        "1994-05-25",
        2,
        81900,
        3
        );
    

INSERT into salaries 
        (emp_no, start_day, end_day, elevel, salary, dep_id)
    VALUES (
        260,
        "1994-05-25",
        "1995-05-26",
        2,
        83600,
        3
        );
    

INSERT into salaries 
        (emp_no, start_day, end_day, elevel, salary, dep_id)
    VALUES (
        260,
        "1995-05-26",
        "1996-07-02",
        2,
        82800,
        1
        );
    

INSERT INTO employees
    (emp_no, birth_date, first_name, last_name, gender, citizenship, hire_day, last_day)
    VALUES (
        261,
        "1959-03-01",
        "Ana",
        "Molina",
        "f",
        "Uruguay",
        "1991-04-19",
        "1992-05-08"
    );
    

INSERT into salaries 
        (emp_no, start_day, end_day, elevel, salary, dep_id)
    VALUES (
        261,
        "1991-04-19",
        "1992-05-08",
        2,
        77700,
        1
        );
    

INSERT INTO employees
    (emp_no, birth_date, first_name, last_name, gender, citizenship, hire_day, last_day)
    VALUES (
        262,
        "1954-03-27",
        "Kevin",
        "Sanz",
        "m",
        "USA",
        "1991-04-25",
        "1992-07-18"
    );
    

INSERT into salaries 
        (emp_no, start_day, end_day, elevel, salary, dep_id)
    VALUES (
        262,
        "1991-04-25",
        "1992-07-18",
        2,
        77900,
        4
        );
    

INSERT INTO employees
    (emp_no, birth_date, first_name, last_name, gender, citizenship, hire_day, last_day)
    VALUES (
        263,
        "1939-08-21",
        "Joe",
        "Evans",
        "m",
        "USA",
        "1991-04-29",
        "1993-07-10"
    );
    

INSERT into salaries 
        (emp_no, start_day, end_day, elevel, salary, dep_id)
    VALUES (
        263,
        "1991-04-29",
        "1992-06-02",
        1,
        73000,
        7
        );
    

INSERT into salaries 
        (emp_no, start_day, end_day, elevel, salary, dep_id)
    VALUES (
        263,
        "1992-06-02",
        "1993-07-10",
        1,
        73800,
        2
        );
    

INSERT INTO employees
    (emp_no, birth_date, first_name, last_name, gender, citizenship, hire_day, last_day)
    VALUES (
        264,
        "1959-02-17",
        "Juan",
        "Serrano",
        "m",
        "USA",
        "1991-04-30",
        "1995-08-10"
    );
    

INSERT into salaries 
        (emp_no, start_day, end_day, elevel, salary, dep_id)
    VALUES (
        264,
        "1991-04-30",
        "1992-06-03",
        1,
        72400,
        6
        );
    

INSERT into salaries 
        (emp_no, start_day, end_day, elevel, salary, dep_id)
    VALUES (
        264,
        "1992-06-03",
        "1993-06-04",
        1,
        73900,
        1
        );
    

INSERT into salaries 
        (emp_no, start_day, end_day, elevel, salary, dep_id)
    VALUES (
        264,
        "1993-06-04",
        "1994-06-06",
        1,
        75400,
        1
        );
    

INSERT into salaries 
        (emp_no, start_day, end_day, elevel, salary, dep_id)
    VALUES (
        264,
        "1994-06-06",
        "1995-08-10",
        1,
        77000,
        1
        );
    

INSERT INTO employees
    (emp_no, birth_date, first_name, last_name, gender, citizenship, hire_day, last_day)
    VALUES (
        265,
        "1937-06-28",
        "Steve",
        "Ross",
        "m",
        "USA",
        "1991-04-30",
        "2012-02-04"
    );
    

INSERT into salaries 
        (emp_no, start_day, end_day, elevel, salary, dep_id)
    VALUES (
        265,
        "1991-04-30",
        "1992-06-03",
        2,
        81300,
        5
        );
    

INSERT into salaries 
        (emp_no, start_day, end_day, elevel, salary, dep_id)
    VALUES (
        265,
        "1992-06-03",
        "1993-06-04",
        2,
        85400,
        2
        );
    

INSERT into salaries 
        (emp_no, start_day, end_day, elevel, salary, dep_id)
    VALUES (
        265,
        "1993-06-04",
        "1994-06-06",
        2,
        87200,
        5
        );
    

INSERT into salaries 
        (emp_no, start_day, end_day, elevel, salary, dep_id)
    VALUES (
        265,
        "1994-06-06",
        "1995-06-07",
        2,
        91600,
        2
        );
    

INSERT into salaries 
        (emp_no, start_day, end_day, elevel, salary, dep_id)
    VALUES (
        265,
        "1995-06-07",
        "1996-06-07",
        2,
        96200,
        1
        );
    

INSERT into salaries 
        (emp_no, start_day, end_day, elevel, salary, dep_id)
    VALUES (
        265,
        "1996-06-07",
        "1997-06-09",
        2,
        97200,
        5
        );
    

INSERT into salaries 
        (emp_no, start_day, end_day, elevel, salary, dep_id)
    VALUES (
        265,
        "1997-06-09",
        "1998-06-10",
        2,
        98200,
        1
        );
    

INSERT into salaries 
        (emp_no, start_day, end_day, elevel, salary, dep_id)
    VALUES (
        265,
        "1998-06-10",
        "1999-06-11",
        2,
        99200,
        4
        );
    

INSERT into salaries 
        (emp_no, start_day, end_day, elevel, salary, dep_id)
    VALUES (
        265,
        "1999-06-11",
        "2000-06-12",
        2,
        98300,
        2
        );
    

INSERT into salaries 
        (emp_no, start_day, end_day, elevel, salary, dep_id)
    VALUES (
        265,
        "2000-06-12",
        "2001-06-13",
        2,
        100300,
        4
        );
    

INSERT into salaries 
        (emp_no, start_day, end_day, elevel, salary, dep_id)
    VALUES (
        265,
        "2001-06-13",
        "2002-06-14",
        2,
        102400,
        1
        );
    

INSERT into salaries 
        (emp_no, start_day, end_day, elevel, salary, dep_id)
    VALUES (
        265,
        "2002-06-14",
        "2003-06-16",
        2,
        103500,
        7
        );
    

INSERT into salaries 
        (emp_no, start_day, end_day, elevel, salary, dep_id)
    VALUES (
        265,
        "2003-06-16",
        "2004-06-16",
        2,
        105600,
        5
        );
    

INSERT into salaries 
        (emp_no, start_day, end_day, elevel, salary, dep_id)
    VALUES (
        265,
        "2004-06-16",
        "2005-06-17",
        2,
        107800,
        4
        );
    

INSERT into salaries 
        (emp_no, start_day, end_day, elevel, salary, dep_id)
    VALUES (
        265,
        "2005-06-17",
        "2006-06-19",
        2,
        113200,
        1
        );
    

INSERT into salaries 
        (emp_no, start_day, end_day, elevel, salary, dep_id)
    VALUES (
        265,
        "2006-06-19",
        "2007-06-20",
        2,
        115500,
        7
        );
    

INSERT into salaries 
        (emp_no, start_day, end_day, elevel, salary, dep_id)
    VALUES (
        265,
        "2007-06-20",
        "2008-06-20",
        2,
        114400,
        2
        );
    

INSERT into salaries 
        (emp_no, start_day, end_day, elevel, salary, dep_id)
    VALUES (
        265,
        "2008-06-20",
        "2009-06-22",
        2,
        115600,
        5
        );
    

INSERT into salaries 
        (emp_no, start_day, end_day, elevel, salary, dep_id)
    VALUES (
        265,
        "2009-06-22",
        "2010-06-23",
        2,
        118000,
        5
        );
    

INSERT into salaries 
        (emp_no, start_day, end_day, elevel, salary, dep_id)
    VALUES (
        265,
        "2010-06-23",
        "2011-06-24",
        2,
        116900,
        7
        );
    

INSERT into salaries 
        (emp_no, start_day, end_day, elevel, salary, dep_id)
    VALUES (
        265,
        "2011-06-24",
        "2012-02-04",
        3,
        122300,
        2
        );
    

INSERT INTO employees
    (emp_no, birth_date, first_name, last_name, gender, citizenship, hire_day, last_day)
    VALUES (
        266,
        "1954-06-23",
        "Kerstin",
        "Lehmann",
        "f",
        "Germany",
        "1991-05-01",
        "1992-06-29"
    );
    

INSERT into salaries 
        (emp_no, start_day, end_day, elevel, salary, dep_id)
    VALUES (
        266,
        "1991-05-01",
        "1992-06-29",
        1,
        73300,
        3
        );
    

INSERT INTO employees
    (emp_no, birth_date, first_name, last_name, gender, citizenship, hire_day, last_day)
    VALUES (
        267,
        "1956-09-29",
        "Robert",
        "Peters",
        "m",
        "USA",
        "1991-05-06",
        "1992-04-28"
    );
    

INSERT into salaries 
        (emp_no, start_day, end_day, elevel, salary, dep_id)
    VALUES (
        267,
        "1991-05-06",
        "1992-04-28",
        2,
        72100,
        4
        );
    

INSERT INTO employees
    (emp_no, birth_date, first_name, last_name, gender, citizenship, hire_day, last_day)
    VALUES (
        268,
        "1960-04-14",
        "Anne",
        "Rogers",
        "f",
        "USA",
        "1991-05-10",
        "1998-01-30"
    );
    

INSERT into salaries 
        (emp_no, start_day, end_day, elevel, salary, dep_id)
    VALUES (
        268,
        "1991-05-10",
        "1992-06-15",
        1,
        67500,
        7
        );
    

INSERT into salaries 
        (emp_no, start_day, end_day, elevel, salary, dep_id)
    VALUES (
        268,
        "1992-06-15",
        "1993-06-16",
        1,
        68200,
        7
        );
    

INSERT into salaries 
        (emp_no, start_day, end_day, elevel, salary, dep_id)
    VALUES (
        268,
        "1993-06-16",
        "1994-06-17",
        1,
        71700,
        4
        );
    

INSERT into salaries 
        (emp_no, start_day, end_day, elevel, salary, dep_id)
    VALUES (
        268,
        "1994-06-17",
        "1995-06-19",
        1,
        73200,
        1
        );
    

INSERT into salaries 
        (emp_no, start_day, end_day, elevel, salary, dep_id)
    VALUES (
        268,
        "1995-06-19",
        "1996-06-19",
        1,
        74700,
        2
        );
    

INSERT into salaries 
        (emp_no, start_day, end_day, elevel, salary, dep_id)
    VALUES (
        268,
        "1996-06-19",
        "1997-06-20",
        1,
        78500,
        4
        );
    

INSERT into salaries 
        (emp_no, start_day, end_day, elevel, salary, dep_id)
    VALUES (
        268,
        "1997-06-20",
        "1998-01-30",
        2,
        85600,
        4
        );
    

INSERT INTO employees
    (emp_no, birth_date, first_name, last_name, gender, citizenship, hire_day, last_day)
    VALUES (
        269,
        "1940-10-12",
        "Julie",
        "Scott",
        "f",
        "USA",
        "1991-05-17",
        "2004-06-04"
    );
    

INSERT into salaries 
        (emp_no, start_day, end_day, elevel, salary, dep_id)
    VALUES (
        269,
        "1991-05-17",
        "1992-06-22",
        2,
        79700,
        6
        );
    

INSERT into salaries 
        (emp_no, start_day, end_day, elevel, salary, dep_id)
    VALUES (
        269,
        "1992-06-22",
        "1993-06-23",
        2,
        81300,
        7
        );
    

INSERT into salaries 
        (emp_no, start_day, end_day, elevel, salary, dep_id)
    VALUES (
        269,
        "1993-06-23",
        "1994-06-24",
        2,
        82200,
        1
        );
    

INSERT into salaries 
        (emp_no, start_day, end_day, elevel, salary, dep_id)
    VALUES (
        269,
        "1994-06-24",
        "1995-06-26",
        2,
        86400,
        6
        );
    

INSERT into salaries 
        (emp_no, start_day, end_day, elevel, salary, dep_id)
    VALUES (
        269,
        "1995-06-26",
        "1996-06-26",
        2,
        90800,
        2
        );
    

INSERT into salaries 
        (emp_no, start_day, end_day, elevel, salary, dep_id)
    VALUES (
        269,
        "1996-06-26",
        "1997-06-27",
        2,
        92700,
        6
        );
    

INSERT into salaries 
        (emp_no, start_day, end_day, elevel, salary, dep_id)
    VALUES (
        269,
        "1997-06-27",
        "1998-06-29",
        3,
        97700,
        5
        );
    

INSERT into salaries 
        (emp_no, start_day, end_day, elevel, salary, dep_id)
    VALUES (
        269,
        "1998-06-29",
        "1999-06-30",
        3,
        98700,
        4
        );
    

INSERT into salaries 
        (emp_no, start_day, end_day, elevel, salary, dep_id)
    VALUES (
        269,
        "1999-06-30",
        "2000-06-30",
        3,
        100700,
        2
        );
    

INSERT into salaries 
        (emp_no, start_day, end_day, elevel, salary, dep_id)
    VALUES (
        269,
        "2000-06-30",
        "2001-07-02",
        3,
        102800,
        3
        );
    

INSERT into salaries 
        (emp_no, start_day, end_day, elevel, salary, dep_id)
    VALUES (
        269,
        "2001-07-02",
        "2002-07-03",
        3,
        108000,
        1
        );
    

INSERT into salaries 
        (emp_no, start_day, end_day, elevel, salary, dep_id)
    VALUES (
        269,
        "2002-07-03",
        "2003-07-04",
        3,
        110200,
        3
        );
    

INSERT into salaries 
        (emp_no, start_day, end_day, elevel, salary, dep_id)
    VALUES (
        269,
        "2003-07-04",
        "2004-06-04",
        3,
        115800,
        2
        );
    

INSERT INTO employees
    (emp_no, birth_date, first_name, last_name, gender, citizenship, hire_day, last_day)
    VALUES (
        270,
        "1950-09-23",
        "Judy",
        "Reed",
        "f",
        "USA",
        "1991-05-17",
        "1997-11-08"
    );
    

INSERT into salaries 
        (emp_no, start_day, end_day, elevel, salary, dep_id)
    VALUES (
        270,
        "1991-05-17",
        "1992-06-22",
        1,
        68900,
        1
        );
    

INSERT into salaries 
        (emp_no, start_day, end_day, elevel, salary, dep_id)
    VALUES (
        270,
        "1992-06-22",
        "1993-06-23",
        2,
        75500,
        1
        );
    

INSERT into salaries 
        (emp_no, start_day, end_day, elevel, salary, dep_id)
    VALUES (
        270,
        "1993-06-23",
        "1994-06-24",
        2,
        77100,
        3
        );
    

INSERT into salaries 
        (emp_no, start_day, end_day, elevel, salary, dep_id)
    VALUES (
        270,
        "1994-06-24",
        "1995-06-26",
        2,
        78700,
        1
        );
    

INSERT into salaries 
        (emp_no, start_day, end_day, elevel, salary, dep_id)
    VALUES (
        270,
        "1995-06-26",
        "1996-06-26",
        2,
        82700,
        6
        );
    

INSERT into salaries 
        (emp_no, start_day, end_day, elevel, salary, dep_id)
    VALUES (
        270,
        "1996-06-26",
        "1997-11-08",
        2,
        84400,
        5
        );
    

INSERT INTO employees
    (emp_no, birth_date, first_name, last_name, gender, citizenship, hire_day, last_day)
    VALUES (
        271,
        "1932-01-23",
        "Edith",
        "Klein",
        "f",
        "USA",
        "1991-05-24",
        "1992-03-28"
    );
    

INSERT into salaries 
        (emp_no, start_day, end_day, elevel, salary, dep_id)
    VALUES (
        271,
        "1991-05-24",
        "1992-03-28",
        2,
        76700,
        6
        );
    

INSERT INTO employees
    (emp_no, birth_date, first_name, last_name, gender, citizenship, hire_day, last_day)
    VALUES (
        272,
        "1957-06-30",
        "Regina",
        "Moreno",
        "f",
        "USA",
        "1991-05-27",
        "1993-10-14"
    );
    

INSERT into salaries 
        (emp_no, start_day, end_day, elevel, salary, dep_id)
    VALUES (
        272,
        "1991-05-27",
        "1992-06-30",
        2,
        81700,
        1
        );
    

INSERT into salaries 
        (emp_no, start_day, end_day, elevel, salary, dep_id)
    VALUES (
        272,
        "1992-06-30",
        "1993-10-14",
        2,
        83400,
        3
        );
    

INSERT INTO employees
    (emp_no, birth_date, first_name, last_name, gender, citizenship, hire_day, last_day)
    VALUES (
        273,
        "1931-12-31",
        "Tomas",
        "Romero",
        "m",
        "USA",
        "1991-05-27",
        "1994-08-26"
    );
    

INSERT into salaries 
        (emp_no, start_day, end_day, elevel, salary, dep_id)
    VALUES (
        273,
        "1991-05-27",
        "1992-06-30",
        2,
        77600,
        5
        );
    

INSERT into salaries 
        (emp_no, start_day, end_day, elevel, salary, dep_id)
    VALUES (
        273,
        "1992-06-30",
        "1993-07-01",
        3,
        79800,
        7
        );
    

INSERT into salaries 
        (emp_no, start_day, end_day, elevel, salary, dep_id)
    VALUES (
        273,
        "1993-07-01",
        "1994-08-26",
        3,
        80600,
        6
        );
    

INSERT INTO employees
    (emp_no, birth_date, first_name, last_name, gender, citizenship, hire_day, last_day)
    VALUES (
        274,
        "1945-03-25",
        "Gerda",
        "Wagner",
        "f",
        "Germany",
        "1991-05-30",
        "1993-11-10"
    );
    

INSERT into salaries 
        (emp_no, start_day, end_day, elevel, salary, dep_id)
    VALUES (
        274,
        "1991-05-30",
        "1992-07-03",
        1,
        74600,
        4
        );
    

INSERT into salaries 
        (emp_no, start_day, end_day, elevel, salary, dep_id)
    VALUES (
        274,
        "1992-07-03",
        "1993-11-10",
        1,
        76100,
        2
        );
    

INSERT INTO employees
    (emp_no, birth_date, first_name, last_name, gender, citizenship, hire_day, last_day)
    VALUES (
        275,
        "1955-01-11",
        "Inge",
        "Albrecht",
        "f",
        "Germany",
        "1991-06-04",
        "2001-08-21"
    );
    

INSERT into salaries 
        (emp_no, start_day, end_day, elevel, salary, dep_id)
    VALUES (
        275,
        "1991-06-04",
        "1992-07-08",
        2,
        80500,
        1
        );
    

INSERT into salaries 
        (emp_no, start_day, end_day, elevel, salary, dep_id)
    VALUES (
        275,
        "1992-07-08",
        "1993-07-09",
        2,
        82200,
        6
        );
    

INSERT into salaries 
        (emp_no, start_day, end_day, elevel, salary, dep_id)
    VALUES (
        275,
        "1993-07-09",
        "1994-07-11",
        3,
        89500,
        5
        );
    

INSERT into salaries 
        (emp_no, start_day, end_day, elevel, salary, dep_id)
    VALUES (
        275,
        "1994-07-11",
        "1995-07-12",
        3,
        91300,
        3
        );
    

INSERT into salaries 
        (emp_no, start_day, end_day, elevel, salary, dep_id)
    VALUES (
        275,
        "1995-07-12",
        "1996-07-12",
        4,
        95300,
        6
        );
    

INSERT into salaries 
        (emp_no, start_day, end_day, elevel, salary, dep_id)
    VALUES (
        275,
        "1996-07-12",
        "1997-07-14",
        4,
        97300,
        5
        );
    

INSERT into salaries 
        (emp_no, start_day, end_day, elevel, salary, dep_id)
    VALUES (
        275,
        "1997-07-14",
        "1998-07-15",
        5,
        102400,
        2
        );
    

INSERT into salaries 
        (emp_no, start_day, end_day, elevel, salary, dep_id)
    VALUES (
        275,
        "1998-07-15",
        "1999-07-16",
        5,
        103500,
        3
        );
    

INSERT into salaries 
        (emp_no, start_day, end_day, elevel, salary, dep_id)
    VALUES (
        275,
        "1999-07-16",
        "2000-07-17",
        5,
        108700,
        1
        );
    

INSERT into salaries 
        (emp_no, start_day, end_day, elevel, salary, dep_id)
    VALUES (
        275,
        "2000-07-17",
        "2001-08-21",
        5,
        110900,
        2
        );
    

INSERT INTO employees
    (emp_no, birth_date, first_name, last_name, gender, citizenship, hire_day, last_day)
    VALUES (
        276,
        "1936-11-06",
        "Emma",
        "Álvarez",
        "f",
        "USA",
        "1991-06-10",
        "1993-02-16"
    );
    

INSERT into salaries 
        (emp_no, start_day, end_day, elevel, salary, dep_id)
    VALUES (
        276,
        "1991-06-10",
        "1992-07-14",
        2,
        73700,
        4
        );
    

INSERT into salaries 
        (emp_no, start_day, end_day, elevel, salary, dep_id)
    VALUES (
        276,
        "1992-07-14",
        "1993-02-16",
        2,
        74500,
        3
        );
    

INSERT INTO employees
    (emp_no, birth_date, first_name, last_name, gender, citizenship, hire_day, last_day)
    VALUES (
        277,
        "1944-04-24",
        "Rudransh",
        "Raut",
        "m",
        "India",
        "1991-06-17",
        "1992-09-02"
    );
    

INSERT into salaries 
        (emp_no, start_day, end_day, elevel, salary, dep_id)
    VALUES (
        277,
        "1991-06-17",
        "1992-09-02",
        1,
        72300,
        4
        );
    

INSERT INTO employees
    (emp_no, birth_date, first_name, last_name, gender, citizenship, hire_day, last_day)
    VALUES (
        278,
        "1953-08-23",
        "Detlef",
        "Wagner",
        "m",
        "Germany",
        "1991-06-17",
        "2005-09-22"
    );
    

INSERT into salaries 
        (emp_no, start_day, end_day, elevel, salary, dep_id)
    VALUES (
        278,
        "1991-06-17",
        "1992-07-21",
        2,
        74100,
        2
        );
    

INSERT into salaries 
        (emp_no, start_day, end_day, elevel, salary, dep_id)
    VALUES (
        278,
        "1992-07-21",
        "1993-07-22",
        2,
        75600,
        5
        );
    

INSERT into salaries 
        (emp_no, start_day, end_day, elevel, salary, dep_id)
    VALUES (
        278,
        "1993-07-22",
        "1994-07-25",
        2,
        77200,
        2
        );
    

INSERT into salaries 
        (emp_no, start_day, end_day, elevel, salary, dep_id)
    VALUES (
        278,
        "1994-07-25",
        "1995-07-26",
        2,
        78000,
        7
        );
    

INSERT into salaries 
        (emp_no, start_day, end_day, elevel, salary, dep_id)
    VALUES (
        278,
        "1995-07-26",
        "1996-07-26",
        2,
        78800,
        4
        );
    

INSERT into salaries 
        (emp_no, start_day, end_day, elevel, salary, dep_id)
    VALUES (
        278,
        "1996-07-26",
        "1997-07-28",
        2,
        82800,
        6
        );
    

INSERT into salaries 
        (emp_no, start_day, end_day, elevel, salary, dep_id)
    VALUES (
        278,
        "1997-07-28",
        "1998-07-29",
        2,
        83700,
        5
        );
    

INSERT into salaries 
        (emp_no, start_day, end_day, elevel, salary, dep_id)
    VALUES (
        278,
        "1998-07-29",
        "1999-07-30",
        3,
        88500,
        4
        );
    

INSERT into salaries 
        (emp_no, start_day, end_day, elevel, salary, dep_id)
    VALUES (
        278,
        "1999-07-30",
        "2000-07-31",
        3,
        89400,
        2
        );
    

INSERT into salaries 
        (emp_no, start_day, end_day, elevel, salary, dep_id)
    VALUES (
        278,
        "2000-07-31",
        "2001-08-01",
        3,
        91200,
        5
        );
    

INSERT into salaries 
        (emp_no, start_day, end_day, elevel, salary, dep_id)
    VALUES (
        278,
        "2001-08-01",
        "2002-08-02",
        3,
        93100,
        5
        );
    

INSERT into salaries 
        (emp_no, start_day, end_day, elevel, salary, dep_id)
    VALUES (
        278,
        "2002-08-02",
        "2003-08-04",
        3,
        97800,
        1
        );
    

INSERT into salaries 
        (emp_no, start_day, end_day, elevel, salary, dep_id)
    VALUES (
        278,
        "2003-08-04",
        "2004-08-04",
        3,
        96900,
        6
        );
    

INSERT into salaries 
        (emp_no, start_day, end_day, elevel, salary, dep_id)
    VALUES (
        278,
        "2004-08-04",
        "2005-09-22",
        3,
        97900,
        5
        );
    

INSERT INTO employees
    (emp_no, birth_date, first_name, last_name, gender, citizenship, hire_day, last_day)
    VALUES (
        279,
        "1942-10-17",
        "Peter",
        "Weiss",
        "m",
        "Germany",
        "1991-06-24",
        "1995-10-06"
    );
    

INSERT into salaries 
        (emp_no, start_day, end_day, elevel, salary, dep_id)
    VALUES (
        279,
        "1991-06-24",
        "1992-07-28",
        2,
        76800,
        5
        );
    

INSERT into salaries 
        (emp_no, start_day, end_day, elevel, salary, dep_id)
    VALUES (
        279,
        "1992-07-28",
        "1993-07-29",
        2,
        78400,
        5
        );
    

INSERT into salaries 
        (emp_no, start_day, end_day, elevel, salary, dep_id)
    VALUES (
        279,
        "1993-07-29",
        "1994-08-01",
        2,
        82400,
        1
        );
    

INSERT into salaries 
        (emp_no, start_day, end_day, elevel, salary, dep_id)
    VALUES (
        279,
        "1994-08-01",
        "1995-10-06",
        2,
        83300,
        6
        );
    

INSERT INTO employees
    (emp_no, birth_date, first_name, last_name, gender, citizenship, hire_day, last_day)
    VALUES (
        280,
        "1945-03-12",
        "Alejandro",
        "Gutiérrez",
        "m",
        "USA",
        "1991-06-24",
        "1994-04-07"
    );
    

INSERT into salaries 
        (emp_no, start_day, end_day, elevel, salary, dep_id)
    VALUES (
        280,
        "1991-06-24",
        "1992-07-28",
        1,
        74700,
        3
        );
    

INSERT into salaries 
        (emp_no, start_day, end_day, elevel, salary, dep_id)
    VALUES (
        280,
        "1992-07-28",
        "1993-07-29",
        1,
        76200,
        7
        );
    

INSERT into salaries 
        (emp_no, start_day, end_day, elevel, salary, dep_id)
    VALUES (
        280,
        "1993-07-29",
        "1994-04-07",
        1,
        80100,
        4
        );
    

INSERT INTO employees
    (emp_no, birth_date, first_name, last_name, gender, citizenship, hire_day, last_day)
    VALUES (
        281,
        "1957-01-16",
        "Dorothy",
        "Turner",
        "f",
        "USA",
        "1991-06-27",
        "1994-08-01"
    );
    

INSERT into salaries 
        (emp_no, start_day, end_day, elevel, salary, dep_id)
    VALUES (
        281,
        "1991-06-27",
        "1992-07-31",
        2,
        79200,
        2
        );
    

INSERT into salaries 
        (emp_no, start_day, end_day, elevel, salary, dep_id)
    VALUES (
        281,
        "1992-07-31",
        "1993-08-02",
        3,
        83100,
        4
        );
    

INSERT into salaries 
        (emp_no, start_day, end_day, elevel, salary, dep_id)
    VALUES (
        281,
        "1993-08-02",
        "1994-08-01",
        3,
        84800,
        6
        );
    

INSERT INTO employees
    (emp_no, birth_date, first_name, last_name, gender, citizenship, hire_day, last_day)
    VALUES (
        282,
        "1937-07-17",
        "Sai",
        "Miya",
        "m",
        "USA",
        "1991-07-01",
        "2001-11-29"
    );
    

INSERT into salaries 
        (emp_no, start_day, end_day, elevel, salary, dep_id)
    VALUES (
        282,
        "1991-07-01",
        "1992-08-04",
        1,
        67000,
        7
        );
    

INSERT into salaries 
        (emp_no, start_day, end_day, elevel, salary, dep_id)
    VALUES (
        282,
        "1992-08-04",
        "1993-08-05",
        1,
        68400,
        4
        );
    

INSERT into salaries 
        (emp_no, start_day, end_day, elevel, salary, dep_id)
    VALUES (
        282,
        "1993-08-05",
        "1994-08-08",
        2,
        75000,
        5
        );
    

INSERT into salaries 
        (emp_no, start_day, end_day, elevel, salary, dep_id)
    VALUES (
        282,
        "1994-08-08",
        "1995-08-09",
        2,
        75800,
        5
        );
    

INSERT into salaries 
        (emp_no, start_day, end_day, elevel, salary, dep_id)
    VALUES (
        282,
        "1995-08-09",
        "1996-08-09",
        3,
        80400,
        7
        );
    

INSERT into salaries 
        (emp_no, start_day, end_day, elevel, salary, dep_id)
    VALUES (
        282,
        "1996-08-09",
        "1997-08-11",
        3,
        82100,
        3
        );
    

INSERT into salaries 
        (emp_no, start_day, end_day, elevel, salary, dep_id)
    VALUES (
        282,
        "1997-08-11",
        "1998-08-12",
        3,
        83000,
        6
        );
    

INSERT into salaries 
        (emp_no, start_day, end_day, elevel, salary, dep_id)
    VALUES (
        282,
        "1998-08-12",
        "1999-08-13",
        4,
        90300,
        4
        );
    

INSERT into salaries 
        (emp_no, start_day, end_day, elevel, salary, dep_id)
    VALUES (
        282,
        "1999-08-13",
        "2000-08-14",
        4,
        94900,
        6
        );
    

INSERT into salaries 
        (emp_no, start_day, end_day, elevel, salary, dep_id)
    VALUES (
        282,
        "2000-08-14",
        "2001-11-29",
        4,
        99700,
        6
        );
    

INSERT INTO employees
    (emp_no, birth_date, first_name, last_name, gender, citizenship, hire_day, last_day)
    VALUES (
        283,
        "1952-09-24",
        "Kavin",
        "Deka",
        "m",
        "India",
        "1991-07-08",
        "1997-04-02"
    );
    

INSERT into salaries 
        (emp_no, start_day, end_day, elevel, salary, dep_id)
    VALUES (
        283,
        "1991-07-08",
        "1992-08-11",
        2,
        77000,
        2
        );
    

INSERT into salaries 
        (emp_no, start_day, end_day, elevel, salary, dep_id)
    VALUES (
        283,
        "1992-08-11",
        "1993-08-12",
        3,
        79200,
        6
        );
    

INSERT into salaries 
        (emp_no, start_day, end_day, elevel, salary, dep_id)
    VALUES (
        283,
        "1993-08-12",
        "1994-08-15",
        3,
        83200,
        3
        );
    

INSERT into salaries 
        (emp_no, start_day, end_day, elevel, salary, dep_id)
    VALUES (
        283,
        "1994-08-15",
        "1995-08-16",
        3,
        84900,
        4
        );
    

INSERT into salaries 
        (emp_no, start_day, end_day, elevel, salary, dep_id)
    VALUES (
        283,
        "1995-08-16",
        "1996-08-16",
        3,
        86600,
        1
        );
    

INSERT into salaries 
        (emp_no, start_day, end_day, elevel, salary, dep_id)
    VALUES (
        283,
        "1996-08-16",
        "1997-04-02",
        3,
        88400,
        2
        );
    

INSERT INTO employees
    (emp_no, birth_date, first_name, last_name, gender, citizenship, hire_day, last_day)
    VALUES (
        284,
        "1932-04-21",
        "Ian",
        "Díez",
        "m",
        "Uruguay",
        "1991-07-15",
        "1992-04-15"
    );
    

INSERT into salaries 
        (emp_no, start_day, end_day, elevel, salary, dep_id)
    VALUES (
        284,
        "1991-07-15",
        "1992-04-15",
        2,
        76700,
        4
        );
    

INSERT INTO employees
    (emp_no, birth_date, first_name, last_name, gender, citizenship, hire_day, last_day)
    VALUES (
        285,
        "1940-01-19",
        "Jimmy",
        "Price",
        "m",
        "USA",
        "1991-07-16",
        "2003-11-13"
    );
    

INSERT into salaries 
        (emp_no, start_day, end_day, elevel, salary, dep_id)
    VALUES (
        285,
        "1991-07-16",
        "1992-08-19",
        1,
        76000,
        4
        );
    

INSERT into salaries 
        (emp_no, start_day, end_day, elevel, salary, dep_id)
    VALUES (
        285,
        "1992-08-19",
        "1993-08-20",
        1,
        76800,
        4
        );
    

INSERT into salaries 
        (emp_no, start_day, end_day, elevel, salary, dep_id)
    VALUES (
        285,
        "1993-08-20",
        "1994-08-22",
        1,
        78400,
        4
        );
    

INSERT into salaries 
        (emp_no, start_day, end_day, elevel, salary, dep_id)
    VALUES (
        285,
        "1994-08-22",
        "1995-08-23",
        1,
        82400,
        6
        );
    

INSERT into salaries 
        (emp_no, start_day, end_day, elevel, salary, dep_id)
    VALUES (
        285,
        "1995-08-23",
        "1996-08-23",
        1,
        84100,
        5
        );
    

INSERT into salaries 
        (emp_no, start_day, end_day, elevel, salary, dep_id)
    VALUES (
        285,
        "1996-08-23",
        "1997-08-25",
        1,
        88400,
        4
        );
    

INSERT into salaries 
        (emp_no, start_day, end_day, elevel, salary, dep_id)
    VALUES (
        285,
        "1997-08-25",
        "1998-08-26",
        2,
        93300,
        4
        );
    

INSERT into salaries 
        (emp_no, start_day, end_day, elevel, salary, dep_id)
    VALUES (
        285,
        "1998-08-26",
        "1999-08-27",
        3,
        97300,
        4
        );
    

INSERT into salaries 
        (emp_no, start_day, end_day, elevel, salary, dep_id)
    VALUES (
        285,
        "1999-08-27",
        "2000-08-28",
        3,
        99300,
        2
        );
    

INSERT into salaries 
        (emp_no, start_day, end_day, elevel, salary, dep_id)
    VALUES (
        285,
        "2000-08-28",
        "2001-08-29",
        4,
        107500,
        6
        );
    

INSERT into salaries 
        (emp_no, start_day, end_day, elevel, salary, dep_id)
    VALUES (
        285,
        "2001-08-29",
        "2002-08-30",
        4,
        109700,
        2
        );
    

INSERT into salaries 
        (emp_no, start_day, end_day, elevel, salary, dep_id)
    VALUES (
        285,
        "2002-08-30",
        "2003-11-13",
        4,
        110800,
        1
        );
    

INSERT INTO employees
    (emp_no, birth_date, first_name, last_name, gender, citizenship, hire_day, last_day)
    VALUES (
        286,
        "1956-08-24",
        "Francisco",
        "Blanco",
        "m",
        "Argentina",
        "1991-07-22",
        "1998-10-03"
    );
    

INSERT into salaries 
        (emp_no, start_day, end_day, elevel, salary, dep_id)
    VALUES (
        286,
        "1991-07-22",
        "1992-08-25",
        1,
        75500,
        1
        );
    

INSERT into salaries 
        (emp_no, start_day, end_day, elevel, salary, dep_id)
    VALUES (
        286,
        "1992-08-25",
        "1993-08-26",
        1,
        76300,
        2
        );
    

INSERT into salaries 
        (emp_no, start_day, end_day, elevel, salary, dep_id)
    VALUES (
        286,
        "1993-08-26",
        "1994-08-29",
        2,
        80900,
        4
        );
    

INSERT into salaries 
        (emp_no, start_day, end_day, elevel, salary, dep_id)
    VALUES (
        286,
        "1994-08-29",
        "1995-08-30",
        3,
        83100,
        5
        );
    

INSERT into salaries 
        (emp_no, start_day, end_day, elevel, salary, dep_id)
    VALUES (
        286,
        "1995-08-30",
        "1996-08-30",
        3,
        87300,
        3
        );
    

INSERT into salaries 
        (emp_no, start_day, end_day, elevel, salary, dep_id)
    VALUES (
        286,
        "1996-08-30",
        "1997-09-01",
        3,
        91700,
        5
        );
    

INSERT into salaries 
        (emp_no, start_day, end_day, elevel, salary, dep_id)
    VALUES (
        286,
        "1997-09-01",
        "1998-10-03",
        3,
        96300,
        1
        );
    

INSERT INTO employees
    (emp_no, birth_date, first_name, last_name, gender, citizenship, hire_day, last_day)
    VALUES (
        287,
        "1940-09-18",
        "Sabine",
        "Krause",
        "f",
        "USA",
        "1991-07-29",
        "1993-08-06"
    );
    

INSERT into salaries 
        (emp_no, start_day, end_day, elevel, salary, dep_id)
    VALUES (
        287,
        "1991-07-29",
        "1992-09-01",
        1,
        68000,
        5
        );
    

INSERT into salaries 
        (emp_no, start_day, end_day, elevel, salary, dep_id)
    VALUES (
        287,
        "1992-09-01",
        "1993-08-06",
        2,
        72500,
        1
        );
    

INSERT INTO employees
    (emp_no, birth_date, first_name, last_name, gender, citizenship, hire_day, last_day)
    VALUES (
        288,
        "1955-12-05",
        "Dietmar",
        "Schuster",
        "m",
        "USA",
        "1991-08-01",
        "1992-04-22"
    );
    

INSERT into salaries 
        (emp_no, start_day, end_day, elevel, salary, dep_id)
    VALUES (
        288,
        "1991-08-01",
        "1992-04-22",
        2,
        77700,
        1
        );
    

INSERT INTO employees
    (emp_no, birth_date, first_name, last_name, gender, citizenship, hire_day, last_day)
    VALUES (
        289,
        "1951-09-01",
        "Ilse",
        "Becker",
        "f",
        "USA",
        "1991-08-06",
        "1996-05-29"
    );
    

INSERT into salaries 
        (emp_no, start_day, end_day, elevel, salary, dep_id)
    VALUES (
        289,
        "1991-08-06",
        "1992-09-09",
        2,
        81200,
        4
        );
    

INSERT into salaries 
        (emp_no, start_day, end_day, elevel, salary, dep_id)
    VALUES (
        289,
        "1992-09-09",
        "1993-09-10",
        2,
        82900,
        4
        );
    

INSERT into salaries 
        (emp_no, start_day, end_day, elevel, salary, dep_id)
    VALUES (
        289,
        "1993-09-10",
        "1994-09-12",
        2,
        87100,
        1
        );
    

INSERT into salaries 
        (emp_no, start_day, end_day, elevel, salary, dep_id)
    VALUES (
        289,
        "1994-09-12",
        "1995-09-13",
        3,
        91100,
        7
        );
    

INSERT into salaries 
        (emp_no, start_day, end_day, elevel, salary, dep_id)
    VALUES (
        289,
        "1995-09-13",
        "1996-05-29",
        3,
        95700,
        5
        );
    

INSERT INTO employees
    (emp_no, birth_date, first_name, last_name, gender, citizenship, hire_day, last_day)
    VALUES (
        290,
        "1949-03-15",
        "Helga",
        "Keller",
        "f",
        "USA",
        "1991-08-13",
        "1993-01-10"
    );
    

INSERT into salaries 
        (emp_no, start_day, end_day, elevel, salary, dep_id)
    VALUES (
        290,
        "1991-08-13",
        "1993-01-10",
        2,
        72900,
        3
        );
    

INSERT INTO employees
    (emp_no, birth_date, first_name, last_name, gender, citizenship, hire_day, last_day)
    VALUES (
        291,
        "1957-07-10",
        "Mariana",
        "Martín",
        "f",
        "USA",
        "1991-08-19",
        "1996-02-08"
    );
    

INSERT into salaries 
        (emp_no, start_day, end_day, elevel, salary, dep_id)
    VALUES (
        291,
        "1991-08-19",
        "1992-09-22",
        1,
        73500,
        2
        );
    

INSERT into salaries 
        (emp_no, start_day, end_day, elevel, salary, dep_id)
    VALUES (
        291,
        "1992-09-22",
        "1993-09-23",
        1,
        75000,
        6
        );
    

INSERT into salaries 
        (emp_no, start_day, end_day, elevel, salary, dep_id)
    VALUES (
        291,
        "1993-09-23",
        "1994-09-26",
        1,
        78800,
        5
        );
    

INSERT into salaries 
        (emp_no, start_day, end_day, elevel, salary, dep_id)
    VALUES (
        291,
        "1994-09-26",
        "1996-02-08",
        1,
        80400,
        1
        );
    

INSERT INTO employees
    (emp_no, birth_date, first_name, last_name, gender, citizenship, hire_day, last_day)
    VALUES (
        292,
        "1945-06-26",
        "Vedansh",
        "Jena",
        "m",
        "India",
        "1991-08-23",
        "1998-01-27"
    );
    

INSERT into salaries 
        (emp_no, start_day, end_day, elevel, salary, dep_id)
    VALUES (
        292,
        "1991-08-23",
        "1992-09-28",
        1,
        67300,
        2
        );
    

INSERT into salaries 
        (emp_no, start_day, end_day, elevel, salary, dep_id)
    VALUES (
        292,
        "1992-09-28",
        "1993-09-29",
        2,
        73900,
        6
        );
    

INSERT into salaries 
        (emp_no, start_day, end_day, elevel, salary, dep_id)
    VALUES (
        292,
        "1993-09-29",
        "1994-09-30",
        3,
        77700,
        2
        );
    

INSERT into salaries 
        (emp_no, start_day, end_day, elevel, salary, dep_id)
    VALUES (
        292,
        "1994-09-30",
        "1995-10-02",
        3,
        79300,
        3
        );
    

INSERT into salaries 
        (emp_no, start_day, end_day, elevel, salary, dep_id)
    VALUES (
        292,
        "1995-10-02",
        "1996-10-02",
        3,
        78600,
        5
        );
    

INSERT into salaries 
        (emp_no, start_day, end_day, elevel, salary, dep_id)
    VALUES (
        292,
        "1996-10-02",
        "1998-01-27",
        3,
        80200,
        5
        );
    

INSERT INTO employees
    (emp_no, birth_date, first_name, last_name, gender, citizenship, hire_day, last_day)
    VALUES (
        293,
        "1935-10-28",
        "Stephanie",
        "Bennet",
        "f",
        "USA",
        "1991-08-29",
        "1994-06-30"
    );
    

INSERT into salaries 
        (emp_no, start_day, end_day, elevel, salary, dep_id)
    VALUES (
        293,
        "1991-08-29",
        "1992-10-02",
        1,
        68400,
        7
        );
    

INSERT into salaries 
        (emp_no, start_day, end_day, elevel, salary, dep_id)
    VALUES (
        293,
        "1992-10-02",
        "1993-10-04",
        1,
        71900,
        6
        );
    

INSERT into salaries 
        (emp_no, start_day, end_day, elevel, salary, dep_id)
    VALUES (
        293,
        "1993-10-04",
        "1994-06-30",
        1,
        73400,
        1
        );
    

INSERT INTO employees
    (emp_no, birth_date, first_name, last_name, gender, citizenship, hire_day, last_day)
    VALUES (
        294,
        "1932-08-13",
        "Gary",
        "Johnson",
        "m",
        "USA",
        "1991-08-29",
        "1996-10-18"
    );
    

INSERT into salaries 
        (emp_no, start_day, end_day, elevel, salary, dep_id)
    VALUES (
        294,
        "1991-08-29",
        "1992-10-02",
        2,
        74400,
        4
        );
    

INSERT into salaries 
        (emp_no, start_day, end_day, elevel, salary, dep_id)
    VALUES (
        294,
        "1992-10-02",
        "1993-10-04",
        2,
        73700,
        4
        );
    

INSERT into salaries 
        (emp_no, start_day, end_day, elevel, salary, dep_id)
    VALUES (
        294,
        "1993-10-04",
        "1994-10-05",
        2,
        77400,
        2
        );
    

INSERT into salaries 
        (emp_no, start_day, end_day, elevel, salary, dep_id)
    VALUES (
        294,
        "1994-10-05",
        "1995-10-06",
        2,
        79000,
        7
        );
    

INSERT into salaries 
        (emp_no, start_day, end_day, elevel, salary, dep_id)
    VALUES (
        294,
        "1995-10-06",
        "1996-10-18",
        2,
        78300,
        7
        );
    

INSERT INTO employees
    (emp_no, birth_date, first_name, last_name, gender, citizenship, hire_day, last_day)
    VALUES (
        295,
        "1943-10-18",
        "Ute",
        "Schäfer",
        "f",
        "USA",
        "1991-09-02",
        "1994-10-31"
    );
    

INSERT into salaries 
        (emp_no, start_day, end_day, elevel, salary, dep_id)
    VALUES (
        295,
        "1991-09-02",
        "1992-10-06",
        2,
        73700,
        2
        );
    

INSERT into salaries 
        (emp_no, start_day, end_day, elevel, salary, dep_id)
    VALUES (
        295,
        "1992-10-06",
        "1993-10-07",
        2,
        74500,
        6
        );
    

INSERT into salaries 
        (emp_no, start_day, end_day, elevel, salary, dep_id)
    VALUES (
        295,
        "1993-10-07",
        "1994-10-31",
        2,
        76000,
        1
        );
    

INSERT INTO employees
    (emp_no, birth_date, first_name, last_name, gender, citizenship, hire_day, last_day)
    VALUES (
        296,
        "1934-07-26",
        "Cindy",
        "Martin",
        "f",
        "USA",
        "1991-09-04",
        "2003-03-05"
    );
    

INSERT into salaries 
        (emp_no, start_day, end_day, elevel, salary, dep_id)
    VALUES (
        296,
        "1991-09-04",
        "1992-10-08",
        2,
        79500,
        6
        );
    

INSERT into salaries 
        (emp_no, start_day, end_day, elevel, salary, dep_id)
    VALUES (
        296,
        "1992-10-08",
        "1993-10-11",
        3,
        86700,
        3
        );
    

INSERT into salaries 
        (emp_no, start_day, end_day, elevel, salary, dep_id)
    VALUES (
        296,
        "1993-10-11",
        "1994-10-12",
        3,
        88500,
        4
        );
    

INSERT into salaries 
        (emp_no, start_day, end_day, elevel, salary, dep_id)
    VALUES (
        296,
        "1994-10-12",
        "1995-10-13",
        3,
        93000,
        3
        );
    

INSERT into salaries 
        (emp_no, start_day, end_day, elevel, salary, dep_id)
    VALUES (
        296,
        "1995-10-13",
        "1996-10-14",
        3,
        97700,
        3
        );
    

INSERT into salaries 
        (emp_no, start_day, end_day, elevel, salary, dep_id)
    VALUES (
        296,
        "1996-10-14",
        "1997-10-15",
        3,
        98700,
        2
        );
    

INSERT into salaries 
        (emp_no, start_day, end_day, elevel, salary, dep_id)
    VALUES (
        296,
        "1997-10-15",
        "1998-10-16",
        3,
        99700,
        6
        );
    

INSERT into salaries 
        (emp_no, start_day, end_day, elevel, salary, dep_id)
    VALUES (
        296,
        "1998-10-16",
        "1999-10-18",
        3,
        101700,
        3
        );
    

INSERT into salaries 
        (emp_no, start_day, end_day, elevel, salary, dep_id)
    VALUES (
        296,
        "1999-10-18",
        "2000-10-18",
        3,
        103800,
        1
        );
    

INSERT into salaries 
        (emp_no, start_day, end_day, elevel, salary, dep_id)
    VALUES (
        296,
        "2000-10-18",
        "2001-10-19",
        3,
        104900,
        4
        );
    

INSERT into salaries 
        (emp_no, start_day, end_day, elevel, salary, dep_id)
    VALUES (
        296,
        "2001-10-19",
        "2003-03-05",
        3,
        103900,
        3
        );
    

INSERT INTO employees
    (emp_no, birth_date, first_name, last_name, gender, citizenship, hire_day, last_day)
    VALUES (
        297,
        "1935-06-24",
        "Karin",
        "Jung",
        "f",
        "USA",
        "1991-09-05",
        "1994-11-26"
    );
    

INSERT into salaries 
        (emp_no, start_day, end_day, elevel, salary, dep_id)
    VALUES (
        297,
        "1991-09-05",
        "1992-10-09",
        2,
        76400,
        6
        );
    

INSERT into salaries 
        (emp_no, start_day, end_day, elevel, salary, dep_id)
    VALUES (
        297,
        "1992-10-09",
        "1993-10-11",
        2,
        78000,
        7
        );
    

INSERT into salaries 
        (emp_no, start_day, end_day, elevel, salary, dep_id)
    VALUES (
        297,
        "1993-10-11",
        "1994-11-26",
        2,
        77300,
        1
        );
    

INSERT INTO employees
    (emp_no, birth_date, first_name, last_name, gender, citizenship, hire_day, last_day)
    VALUES (
        298,
        "1936-02-19",
        "Reinhold",
        "Meyer",
        "m",
        "Germany",
        "1991-09-05",
        "2000-10-16"
    );
    

INSERT into salaries 
        (emp_no, start_day, end_day, elevel, salary, dep_id)
    VALUES (
        298,
        "1991-09-05",
        "1992-10-09",
        1,
        70500,
        6
        );
    

INSERT into salaries 
        (emp_no, start_day, end_day, elevel, salary, dep_id)
    VALUES (
        298,
        "1992-10-09",
        "1993-10-11",
        1,
        72000,
        1
        );
    

INSERT into salaries 
        (emp_no, start_day, end_day, elevel, salary, dep_id)
    VALUES (
        298,
        "1993-10-11",
        "1994-10-12",
        1,
        73500,
        6
        );
    

INSERT into salaries 
        (emp_no, start_day, end_day, elevel, salary, dep_id)
    VALUES (
        298,
        "1994-10-12",
        "1995-10-13",
        1,
        75000,
        7
        );
    

INSERT into salaries 
        (emp_no, start_day, end_day, elevel, salary, dep_id)
    VALUES (
        298,
        "1995-10-13",
        "1996-10-14",
        1,
        76500,
        3
        );
    

INSERT into salaries 
        (emp_no, start_day, end_day, elevel, salary, dep_id)
    VALUES (
        298,
        "1996-10-14",
        "1997-10-15",
        1,
        77300,
        5
        );
    

INSERT into salaries 
        (emp_no, start_day, end_day, elevel, salary, dep_id)
    VALUES (
        298,
        "1997-10-15",
        "1998-10-16",
        1,
        81200,
        6
        );
    

INSERT into salaries 
        (emp_no, start_day, end_day, elevel, salary, dep_id)
    VALUES (
        298,
        "1998-10-16",
        "1999-10-18",
        1,
        80400,
        2
        );
    

INSERT into salaries 
        (emp_no, start_day, end_day, elevel, salary, dep_id)
    VALUES (
        298,
        "1999-10-18",
        "2000-10-16",
        1,
        79600,
        5
        );
    

INSERT INTO employees
    (emp_no, birth_date, first_name, last_name, gender, citizenship, hire_day, last_day)
    VALUES (
        299,
        "1933-01-09",
        "Valentín",
        "Torres",
        "m",
        "USA",
        "1991-09-11",
        "1994-01-13"
    );
    

INSERT into salaries 
        (emp_no, start_day, end_day, elevel, salary, dep_id)
    VALUES (
        299,
        "1991-09-11",
        "1992-10-15",
        1,
        72900,
        2
        );
    

INSERT into salaries 
        (emp_no, start_day, end_day, elevel, salary, dep_id)
    VALUES (
        299,
        "1992-10-15",
        "1994-01-13",
        2,
        77500,
        5
        );
    

INSERT INTO employees
    (emp_no, birth_date, first_name, last_name, gender, citizenship, hire_day, last_day)
    VALUES (
        300,
        "1959-11-06",
        "Katherine",
        "Lee",
        "f",
        "USA",
        "1991-09-16",
        "1992-11-04"
    );
    

INSERT into salaries 
        (emp_no, start_day, end_day, elevel, salary, dep_id)
    VALUES (
        300,
        "1991-09-16",
        "1992-11-04",
        1,
        68600,
        2
        );
    

INSERT INTO employees
    (emp_no, birth_date, first_name, last_name, gender, citizenship, hire_day, last_day)
    VALUES (
        301,
        "1954-05-21",
        "Bobby",
        "Thomas",
        "m",
        "USA",
        "1991-09-23",
        "1992-11-17"
    );
    

INSERT into salaries 
        (emp_no, start_day, end_day, elevel, salary, dep_id)
    VALUES (
        301,
        "1991-09-23",
        "1992-11-17",
        1,
        75100,
        1
        );
    

INSERT INTO employees
    (emp_no, birth_date, first_name, last_name, gender, citizenship, hire_day, last_day)
    VALUES (
        302,
        "1932-06-25",
        "Jorge",
        "Gil",
        "m",
        "USA",
        "1991-09-26",
        "1996-03-14"
    );
    

INSERT into salaries 
        (emp_no, start_day, end_day, elevel, salary, dep_id)
    VALUES (
        302,
        "1991-09-26",
        "1992-10-30",
        2,
        80400,
        2
        );
    

INSERT into salaries 
        (emp_no, start_day, end_day, elevel, salary, dep_id)
    VALUES (
        302,
        "1992-10-30",
        "1993-11-01",
        2,
        82100,
        6
        );
    

INSERT into salaries 
        (emp_no, start_day, end_day, elevel, salary, dep_id)
    VALUES (
        302,
        "1993-11-01",
        "1994-11-02",
        3,
        86000,
        1
        );
    

INSERT into salaries 
        (emp_no, start_day, end_day, elevel, salary, dep_id)
    VALUES (
        302,
        "1994-11-02",
        "1996-03-14",
        3,
        86900,
        6
        );
    

INSERT INTO employees
    (emp_no, birth_date, first_name, last_name, gender, citizenship, hire_day, last_day)
    VALUES (
        303,
        "1941-02-03",
        "Miranda",
        "Sanz",
        "f",
        "USA",
        "1991-09-30",
        "1993-11-16"
    );
    

INSERT into salaries 
        (emp_no, start_day, end_day, elevel, salary, dep_id)
    VALUES (
        303,
        "1991-09-30",
        "1992-11-03",
        1,
        76000,
        3
        );
    

INSERT into salaries 
        (emp_no, start_day, end_day, elevel, salary, dep_id)
    VALUES (
        303,
        "1992-11-03",
        "1993-11-16",
        1,
        76800,
        5
        );
    

INSERT INTO employees
    (emp_no, birth_date, first_name, last_name, gender, citizenship, hire_day, last_day)
    VALUES (
        304,
        "1958-10-18",
        "Nisha",
        "Sekh",
        "f",
        "India",
        "1991-10-02",
        "1996-10-03"
    );
    

INSERT into salaries 
        (emp_no, start_day, end_day, elevel, salary, dep_id)
    VALUES (
        304,
        "1991-10-02",
        "1992-11-05",
        2,
        73300,
        7
        );
    

INSERT into salaries 
        (emp_no, start_day, end_day, elevel, salary, dep_id)
    VALUES (
        304,
        "1992-11-05",
        "1993-11-08",
        2,
        72600,
        5
        );
    

INSERT into salaries 
        (emp_no, start_day, end_day, elevel, salary, dep_id)
    VALUES (
        304,
        "1993-11-08",
        "1994-11-09",
        2,
        74100,
        5
        );
    

INSERT into salaries 
        (emp_no, start_day, end_day, elevel, salary, dep_id)
    VALUES (
        304,
        "1994-11-09",
        "1995-11-10",
        2,
        73400,
        2
        );
    

INSERT into salaries 
        (emp_no, start_day, end_day, elevel, salary, dep_id)
    VALUES (
        304,
        "1995-11-10",
        "1996-10-03",
        2,
        74900,
        2
        );
    

INSERT INTO employees
    (emp_no, birth_date, first_name, last_name, gender, citizenship, hire_day, last_day)
    VALUES (
        305,
        "1951-06-24",
        "Rosa",
        "Myers",
        "f",
        "USA",
        "1991-10-04",
        "1994-08-22"
    );
    

INSERT into salaries 
        (emp_no, start_day, end_day, elevel, salary, dep_id)
    VALUES (
        305,
        "1991-10-04",
        "1992-11-09",
        1,
        67400,
        2
        );
    

INSERT into salaries 
        (emp_no, start_day, end_day, elevel, salary, dep_id)
    VALUES (
        305,
        "1992-11-09",
        "1993-11-10",
        1,
        68100,
        2
        );
    

INSERT into salaries 
        (emp_no, start_day, end_day, elevel, salary, dep_id)
    VALUES (
        305,
        "1993-11-10",
        "1994-08-22",
        1,
        71600,
        3
        );
    

INSERT INTO employees
    (emp_no, birth_date, first_name, last_name, gender, citizenship, hire_day, last_day)
    VALUES (
        306,
        "1937-10-09",
        "Pranavi",
        "Sangma",
        "f",
        "India",
        "1991-10-10",
        "1992-11-15"
    );
    

INSERT into salaries 
        (emp_no, start_day, end_day, elevel, salary, dep_id)
    VALUES (
        306,
        "1991-10-10",
        "1992-11-15",
        1,
        67100,
        5
        );
    

INSERT INTO employees
    (emp_no, birth_date, first_name, last_name, gender, citizenship, hire_day, last_day)
    VALUES (
        307,
        "1949-02-05",
        "Beate",
        "Berger",
        "f",
        "USA",
        "1991-10-15",
        "1997-07-28"
    );
    

INSERT into salaries 
        (emp_no, start_day, end_day, elevel, salary, dep_id)
    VALUES (
        307,
        "1991-10-15",
        "1992-11-18",
        1,
        71200,
        1
        );
    

INSERT into salaries 
        (emp_no, start_day, end_day, elevel, salary, dep_id)
    VALUES (
        307,
        "1992-11-18",
        "1993-11-19",
        1,
        72700,
        6
        );
    

INSERT into salaries 
        (emp_no, start_day, end_day, elevel, salary, dep_id)
    VALUES (
        307,
        "1993-11-19",
        "1994-11-21",
        1,
        74200,
        2
        );
    

INSERT into salaries 
        (emp_no, start_day, end_day, elevel, salary, dep_id)
    VALUES (
        307,
        "1994-11-21",
        "1995-11-22",
        1,
        75700,
        4
        );
    

INSERT into salaries 
        (emp_no, start_day, end_day, elevel, salary, dep_id)
    VALUES (
        307,
        "1995-11-22",
        "1996-11-22",
        1,
        75000,
        4
        );
    

INSERT into salaries 
        (emp_no, start_day, end_day, elevel, salary, dep_id)
    VALUES (
        307,
        "1996-11-22",
        "1997-07-28",
        1,
        76500,
        6
        );
    

INSERT INTO employees
    (emp_no, birth_date, first_name, last_name, gender, citizenship, hire_day, last_day)
    VALUES (
        308,
        "1935-06-06",
        "Heinrich",
        "Stein",
        "m",
        "USA",
        "1991-10-22",
        "1994-02-13"
    );
    

INSERT into salaries 
        (emp_no, start_day, end_day, elevel, salary, dep_id)
    VALUES (
        308,
        "1991-10-22",
        "1992-11-25",
        1,
        72300,
        2
        );
    

INSERT into salaries 
        (emp_no, start_day, end_day, elevel, salary, dep_id)
    VALUES (
        308,
        "1992-11-25",
        "1994-02-13",
        1,
        76000,
        5
        );
    

INSERT INTO employees
    (emp_no, birth_date, first_name, last_name, gender, citizenship, hire_day, last_day)
    VALUES (
        309,
        "1941-04-17",
        "Thiago",
        "Fernández",
        "m",
        "Uruguay",
        "1991-10-24",
        "1993-12-29"
    );
    

INSERT into salaries 
        (emp_no, start_day, end_day, elevel, salary, dep_id)
    VALUES (
        309,
        "1991-10-24",
        "1992-11-27",
        2,
        73900,
        5
        );
    

INSERT into salaries 
        (emp_no, start_day, end_day, elevel, salary, dep_id)
    VALUES (
        309,
        "1992-11-27",
        "1993-12-29",
        2,
        74700,
        7
        );
    

INSERT INTO employees
    (emp_no, birth_date, first_name, last_name, gender, citizenship, hire_day, last_day)
    VALUES (
        310,
        "1949-05-06",
        "Cindy",
        "Martin",
        "f",
        "USA",
        "1991-10-28",
        "1997-07-22"
    );
    

INSERT into salaries 
        (emp_no, start_day, end_day, elevel, salary, dep_id)
    VALUES (
        310,
        "1991-10-28",
        "1992-12-01",
        1,
        76000,
        2
        );
    

INSERT into salaries 
        (emp_no, start_day, end_day, elevel, salary, dep_id)
    VALUES (
        310,
        "1992-12-01",
        "1993-12-02",
        1,
        77600,
        4
        );
    

INSERT into salaries 
        (emp_no, start_day, end_day, elevel, salary, dep_id)
    VALUES (
        310,
        "1993-12-02",
        "1994-12-05",
        1,
        78400,
        3
        );
    

INSERT into salaries 
        (emp_no, start_day, end_day, elevel, salary, dep_id)
    VALUES (
        310,
        "1994-12-05",
        "1995-12-06",
        1,
        82400,
        3
        );
    

INSERT into salaries 
        (emp_no, start_day, end_day, elevel, salary, dep_id)
    VALUES (
        310,
        "1995-12-06",
        "1996-12-06",
        1,
        84100,
        6
        );
    

INSERT into salaries 
        (emp_no, start_day, end_day, elevel, salary, dep_id)
    VALUES (
        310,
        "1996-12-06",
        "1997-07-22",
        1,
        83300,
        3
        );
    

INSERT INTO employees
    (emp_no, birth_date, first_name, last_name, gender, citizenship, hire_day, last_day)
    VALUES (
        311,
        "1943-08-07",
        "Donald",
        "Robinson",
        "m",
        "USA",
        "1991-11-04",
        "1998-02-23"
    );
    

INSERT into salaries 
        (emp_no, start_day, end_day, elevel, salary, dep_id)
    VALUES (
        311,
        "1991-11-04",
        "1992-12-08",
        2,
        78700,
        2
        );
    

INSERT into salaries 
        (emp_no, start_day, end_day, elevel, salary, dep_id)
    VALUES (
        311,
        "1992-12-08",
        "1993-12-09",
        3,
        83400,
        4
        );
    

INSERT into salaries 
        (emp_no, start_day, end_day, elevel, salary, dep_id)
    VALUES (
        311,
        "1993-12-09",
        "1994-12-12",
        3,
        84300,
        3
        );
    

INSERT into salaries 
        (emp_no, start_day, end_day, elevel, salary, dep_id)
    VALUES (
        311,
        "1994-12-12",
        "1995-12-13",
        3,
        86000,
        7
        );
    

INSERT into salaries 
        (emp_no, start_day, end_day, elevel, salary, dep_id)
    VALUES (
        311,
        "1995-12-13",
        "1996-12-13",
        3,
        87800,
        6
        );
    

INSERT into salaries 
        (emp_no, start_day, end_day, elevel, salary, dep_id)
    VALUES (
        311,
        "1996-12-13",
        "1998-02-23",
        3,
        89600,
        5
        );
    

INSERT INTO employees
    (emp_no, birth_date, first_name, last_name, gender, citizenship, hire_day, last_day)
    VALUES (
        312,
        "1949-10-12",
        "Andrea",
        "Walker",
        "f",
        "USA",
        "1991-11-06",
        "1993-01-13"
    );
    

INSERT into salaries 
        (emp_no, start_day, end_day, elevel, salary, dep_id)
    VALUES (
        312,
        "1991-11-06",
        "1993-01-13",
        2,
        74800,
        6
        );
    

INSERT INTO employees
    (emp_no, birth_date, first_name, last_name, gender, citizenship, hire_day, last_day)
    VALUES (
        313,
        "1956-12-18",
        "Kartikeya",
        "Paul",
        "m",
        "India",
        "1991-11-08",
        "1993-04-26"
    );
    

INSERT into salaries 
        (emp_no, start_day, end_day, elevel, salary, dep_id)
    VALUES (
        313,
        "1991-11-08",
        "1993-04-26",
        2,
        80900,
        6
        );
    

INSERT INTO employees
    (emp_no, birth_date, first_name, last_name, gender, citizenship, hire_day, last_day)
    VALUES (
        314,
        "1957-11-24",
        "Shiv",
        "Shaikh",
        "m",
        "India",
        "1991-11-12",
        "1993-04-12"
    );
    

INSERT into salaries 
        (emp_no, start_day, end_day, elevel, salary, dep_id)
    VALUES (
        314,
        "1991-11-12",
        "1993-04-12",
        2,
        75300,
        4
        );
    

INSERT INTO employees
    (emp_no, birth_date, first_name, last_name, gender, citizenship, hire_day, last_day)
    VALUES (
        315,
        "1941-10-21",
        "Sabine",
        "Kaiser",
        "f",
        "Germany",
        "1991-11-18",
        "1994-01-16"
    );
    

INSERT into salaries 
        (emp_no, start_day, end_day, elevel, salary, dep_id)
    VALUES (
        315,
        "1991-11-18",
        "1992-12-22",
        1,
        67100,
        7
        );
    

INSERT into salaries 
        (emp_no, start_day, end_day, elevel, salary, dep_id)
    VALUES (
        315,
        "1992-12-22",
        "1994-01-16",
        1,
        68500,
        4
        );
    

INSERT INTO employees
    (emp_no, birth_date, first_name, last_name, gender, citizenship, hire_day, last_day)
    VALUES (
        316,
        "1955-09-27",
        "Bruce",
        "Robinson",
        "m",
        "USA",
        "1991-11-21",
        "2002-12-11"
    );
    

INSERT into salaries 
        (emp_no, start_day, end_day, elevel, salary, dep_id)
    VALUES (
        316,
        "1991-11-21",
        "1992-12-25",
        1,
        74900,
        7
        );
    

INSERT into salaries 
        (emp_no, start_day, end_day, elevel, salary, dep_id)
    VALUES (
        316,
        "1992-12-25",
        "1993-12-27",
        1,
        78700,
        1
        );
    

INSERT into salaries 
        (emp_no, start_day, end_day, elevel, salary, dep_id)
    VALUES (
        316,
        "1993-12-27",
        "1994-12-28",
        1,
        80300,
        3
        );
    

INSERT into salaries 
        (emp_no, start_day, end_day, elevel, salary, dep_id)
    VALUES (
        316,
        "1994-12-28",
        "1995-12-29",
        1,
        84400,
        6
        );
    

INSERT into salaries 
        (emp_no, start_day, end_day, elevel, salary, dep_id)
    VALUES (
        316,
        "1995-12-29",
        "1996-12-30",
        1,
        86100,
        5
        );
    

INSERT into salaries 
        (emp_no, start_day, end_day, elevel, salary, dep_id)
    VALUES (
        316,
        "1996-12-30",
        "1997-12-31",
        2,
        90000,
        6
        );
    

INSERT into salaries 
        (emp_no, start_day, end_day, elevel, salary, dep_id)
    VALUES (
        316,
        "1997-12-31",
        "1999-01-01",
        2,
        94500,
        2
        );
    

INSERT into salaries 
        (emp_no, start_day, end_day, elevel, salary, dep_id)
    VALUES (
        316,
        "1999-01-01",
        "2000-01-03",
        3,
        99500,
        1
        );
    

INSERT into salaries 
        (emp_no, start_day, end_day, elevel, salary, dep_id)
    VALUES (
        316,
        "2000-01-03",
        "2001-01-03",
        3,
        100500,
        2
        );
    

INSERT into salaries 
        (emp_no, start_day, end_day, elevel, salary, dep_id)
    VALUES (
        316,
        "2001-01-03",
        "2002-01-04",
        4,
        105600,
        4
        );
    

INSERT into salaries 
        (emp_no, start_day, end_day, elevel, salary, dep_id)
    VALUES (
        316,
        "2002-01-04",
        "2002-12-11",
        4,
        107800,
        3
        );
    

INSERT INTO employees
    (emp_no, birth_date, first_name, last_name, gender, citizenship, hire_day, last_day)
    VALUES (
        317,
        "1938-12-08",
        "Mark",
        "Scott",
        "m",
        "USA",
        "1991-11-27",
        "1992-08-03"
    );
    

INSERT into salaries 
        (emp_no, start_day, end_day, elevel, salary, dep_id)
    VALUES (
        317,
        "1991-11-27",
        "1992-08-03",
        1,
        69500,
        2
        );
    

INSERT INTO employees
    (emp_no, birth_date, first_name, last_name, gender, citizenship, hire_day, last_day)
    VALUES (
        318,
        "1935-09-08",
        "Inge",
        "Schäfer",
        "f",
        "USA",
        "1991-11-29",
        "1998-02-23"
    );
    

INSERT into salaries 
        (emp_no, start_day, end_day, elevel, salary, dep_id)
    VALUES (
        318,
        "1991-11-29",
        "1993-01-04",
        2,
        78400,
        3
        );
    

INSERT into salaries 
        (emp_no, start_day, end_day, elevel, salary, dep_id)
    VALUES (
        318,
        "1993-01-04",
        "1994-01-05",
        2,
        80000,
        5
        );
    

INSERT into salaries 
        (emp_no, start_day, end_day, elevel, salary, dep_id)
    VALUES (
        318,
        "1994-01-05",
        "1995-01-06",
        2,
        84000,
        3
        );
    

INSERT into salaries 
        (emp_no, start_day, end_day, elevel, salary, dep_id)
    VALUES (
        318,
        "1995-01-06",
        "1996-01-08",
        2,
        85700,
        4
        );
    

INSERT into salaries 
        (emp_no, start_day, end_day, elevel, salary, dep_id)
    VALUES (
        318,
        "1996-01-08",
        "1997-01-08",
        2,
        90000,
        4
        );
    

INSERT into salaries 
        (emp_no, start_day, end_day, elevel, salary, dep_id)
    VALUES (
        318,
        "1997-01-08",
        "1998-02-23",
        2,
        90900,
        6
        );
    

INSERT INTO employees
    (emp_no, birth_date, first_name, last_name, gender, citizenship, hire_day, last_day)
    VALUES (
        319,
        "1957-08-04",
        "Josefa",
        "Fernández",
        "f",
        "Argentina",
        "1991-12-04",
        "2003-02-05"
    );
    

INSERT into salaries 
        (emp_no, start_day, end_day, elevel, salary, dep_id)
    VALUES (
        319,
        "1991-12-04",
        "1993-01-07",
        1,
        74300,
        5
        );
    

INSERT into salaries 
        (emp_no, start_day, end_day, elevel, salary, dep_id)
    VALUES (
        319,
        "1993-01-07",
        "1994-01-10",
        1,
        75800,
        1
        );
    

INSERT into salaries 
        (emp_no, start_day, end_day, elevel, salary, dep_id)
    VALUES (
        319,
        "1994-01-10",
        "1995-01-11",
        1,
        76600,
        3
        );
    

INSERT into salaries 
        (emp_no, start_day, end_day, elevel, salary, dep_id)
    VALUES (
        319,
        "1995-01-11",
        "1996-01-12",
        1,
        78200,
        1
        );
    

INSERT into salaries 
        (emp_no, start_day, end_day, elevel, salary, dep_id)
    VALUES (
        319,
        "1996-01-12",
        "1997-01-13",
        1,
        79800,
        4
        );
    

INSERT into salaries 
        (emp_no, start_day, end_day, elevel, salary, dep_id)
    VALUES (
        319,
        "1997-01-13",
        "1998-01-14",
        1,
        83800,
        6
        );
    

INSERT into salaries 
        (emp_no, start_day, end_day, elevel, salary, dep_id)
    VALUES (
        319,
        "1998-01-14",
        "1999-01-15",
        1,
        88000,
        5
        );
    

INSERT into salaries 
        (emp_no, start_day, end_day, elevel, salary, dep_id)
    VALUES (
        319,
        "1999-01-15",
        "2000-01-17",
        1,
        87200,
        3
        );
    

INSERT into salaries 
        (emp_no, start_day, end_day, elevel, salary, dep_id)
    VALUES (
        319,
        "2000-01-17",
        "2001-01-17",
        1,
        89000,
        3
        );
    

INSERT into salaries 
        (emp_no, start_day, end_day, elevel, salary, dep_id)
    VALUES (
        319,
        "2001-01-17",
        "2002-01-18",
        1,
        90800,
        5
        );
    

INSERT into salaries 
        (emp_no, start_day, end_day, elevel, salary, dep_id)
    VALUES (
        319,
        "2002-01-18",
        "2003-02-05",
        1,
        92700,
        4
        );
    

INSERT INTO employees
    (emp_no, birth_date, first_name, last_name, gender, citizenship, hire_day, last_day)
    VALUES (
        320,
        "1949-02-20",
        "David",
        "Anderson",
        "m",
        "USA",
        "1991-12-10",
        "1995-03-16"
    );
    

INSERT into salaries 
        (emp_no, start_day, end_day, elevel, salary, dep_id)
    VALUES (
        320,
        "1991-12-10",
        "1993-01-13",
        2,
        81300,
        2
        );
    

INSERT into salaries 
        (emp_no, start_day, end_day, elevel, salary, dep_id)
    VALUES (
        320,
        "1993-01-13",
        "1994-01-14",
        2,
        83000,
        6
        );
    

INSERT into salaries 
        (emp_no, start_day, end_day, elevel, salary, dep_id)
    VALUES (
        320,
        "1994-01-14",
        "1995-03-16",
        2,
        84700,
        6
        );
    

INSERT INTO employees
    (emp_no, birth_date, first_name, last_name, gender, citizenship, hire_day, last_day)
    VALUES (
        321,
        "1938-02-09",
        "Wilfried",
        "Brandt",
        "m",
        "USA",
        "1991-12-12",
        "2001-05-30"
    );
    

INSERT into salaries 
        (emp_no, start_day, end_day, elevel, salary, dep_id)
    VALUES (
        321,
        "1991-12-12",
        "1993-01-15",
        1,
        68700,
        4
        );
    

INSERT into salaries 
        (emp_no, start_day, end_day, elevel, salary, dep_id)
    VALUES (
        321,
        "1993-01-15",
        "1994-01-17",
        1,
        69400,
        2
        );
    

INSERT into salaries 
        (emp_no, start_day, end_day, elevel, salary, dep_id)
    VALUES (
        321,
        "1994-01-17",
        "1995-01-18",
        1,
        70800,
        6
        );
    

INSERT into salaries 
        (emp_no, start_day, end_day, elevel, salary, dep_id)
    VALUES (
        321,
        "1995-01-18",
        "1996-01-19",
        2,
        77500,
        3
        );
    

INSERT into salaries 
        (emp_no, start_day, end_day, elevel, salary, dep_id)
    VALUES (
        321,
        "1996-01-19",
        "1997-01-20",
        2,
        79100,
        4
        );
    

INSERT into salaries 
        (emp_no, start_day, end_day, elevel, salary, dep_id)
    VALUES (
        321,
        "1997-01-20",
        "1998-01-21",
        2,
        79900,
        5
        );
    

INSERT into salaries 
        (emp_no, start_day, end_day, elevel, salary, dep_id)
    VALUES (
        321,
        "1998-01-21",
        "1999-01-22",
        3,
        84600,
        4
        );
    

INSERT into salaries 
        (emp_no, start_day, end_day, elevel, salary, dep_id)
    VALUES (
        321,
        "1999-01-22",
        "2000-01-24",
        3,
        86300,
        4
        );
    

INSERT into salaries 
        (emp_no, start_day, end_day, elevel, salary, dep_id)
    VALUES (
        321,
        "2000-01-24",
        "2001-05-30",
        3,
        85500,
        6
        );
    

INSERT INTO employees
    (emp_no, birth_date, first_name, last_name, gender, citizenship, hire_day, last_day)
    VALUES (
        322,
        "1950-03-25",
        "Isaac",
        "Sánchez",
        "m",
        "Argentina",
        "1991-12-19",
        "1993-10-03"
    );
    

INSERT into salaries 
        (emp_no, start_day, end_day, elevel, salary, dep_id)
    VALUES (
        322,
        "1991-12-19",
        "1993-01-22",
        1,
        67900,
        7
        );
    

INSERT into salaries 
        (emp_no, start_day, end_day, elevel, salary, dep_id)
    VALUES (
        322,
        "1993-01-22",
        "1993-10-03",
        1,
        71300,
        4
        );
    

INSERT INTO employees
    (emp_no, birth_date, first_name, last_name, gender, citizenship, hire_day, last_day)
    VALUES (
        323,
        "1952-11-17",
        "Aditya",
        "Banerjee",
        "m",
        "India",
        "1991-12-23",
        "2001-10-27"
    );
    

INSERT into salaries 
        (emp_no, start_day, end_day, elevel, salary, dep_id)
    VALUES (
        323,
        "1991-12-23",
        "1993-01-26",
        2,
        78800,
        3
        );
    

INSERT into salaries 
        (emp_no, start_day, end_day, elevel, salary, dep_id)
    VALUES (
        323,
        "1993-01-26",
        "1994-01-27",
        3,
        82700,
        5
        );
    

INSERT into salaries 
        (emp_no, start_day, end_day, elevel, salary, dep_id)
    VALUES (
        323,
        "1994-01-27",
        "1995-01-30",
        3,
        84400,
        7
        );
    

INSERT into salaries 
        (emp_no, start_day, end_day, elevel, salary, dep_id)
    VALUES (
        323,
        "1995-01-30",
        "1996-01-31",
        3,
        83600,
        2
        );
    

INSERT into salaries 
        (emp_no, start_day, end_day, elevel, salary, dep_id)
    VALUES (
        323,
        "1996-01-31",
        "1997-01-31",
        3,
        85300,
        6
        );
    

INSERT into salaries 
        (emp_no, start_day, end_day, elevel, salary, dep_id)
    VALUES (
        323,
        "1997-01-31",
        "1998-02-02",
        3,
        87100,
        7
        );
    

INSERT into salaries 
        (emp_no, start_day, end_day, elevel, salary, dep_id)
    VALUES (
        323,
        "1998-02-02",
        "1999-02-03",
        3,
        88000,
        2
        );
    

INSERT into salaries 
        (emp_no, start_day, end_day, elevel, salary, dep_id)
    VALUES (
        323,
        "1999-02-03",
        "2000-02-04",
        3,
        89800,
        6
        );
    

INSERT into salaries 
        (emp_no, start_day, end_day, elevel, salary, dep_id)
    VALUES (
        323,
        "2000-02-04",
        "2001-02-05",
        3,
        91600,
        7
        );
    

INSERT into salaries 
        (emp_no, start_day, end_day, elevel, salary, dep_id)
    VALUES (
        323,
        "2001-02-05",
        "2001-10-27",
        3,
        90700,
        4
        );
    

INSERT INTO employees
    (emp_no, birth_date, first_name, last_name, gender, citizenship, hire_day, last_day)
    VALUES (
        324,
        "1943-10-16",
        "Brian",
        "Miller",
        "m",
        "USA",
        "1991-12-30",
        "1994-09-29"
    );
    

INSERT into salaries 
        (emp_no, start_day, end_day, elevel, salary, dep_id)
    VALUES (
        324,
        "1991-12-30",
        "1993-02-02",
        1,
        73700,
        4
        );
    

INSERT into salaries 
        (emp_no, start_day, end_day, elevel, salary, dep_id)
    VALUES (
        324,
        "1993-02-02",
        "1994-02-03",
        1,
        75200,
        4
        );
    

INSERT into salaries 
        (emp_no, start_day, end_day, elevel, salary, dep_id)
    VALUES (
        324,
        "1994-02-03",
        "1994-09-29",
        1,
        79000,
        5
        );
    

INSERT INTO employees
    (emp_no, birth_date, first_name, last_name, gender, citizenship, hire_day, last_day)
    VALUES (
        325,
        "1947-03-16",
        "Gerald",
        "Brooks",
        "m",
        "USA",
        "1992-01-06",
        "1995-07-07"
    );
    

INSERT into salaries 
        (emp_no, start_day, end_day, elevel, salary, dep_id)
    VALUES (
        325,
        "1992-01-06",
        "1993-02-09",
        2,
        75000,
        3
        );
    

INSERT into salaries 
        (emp_no, start_day, end_day, elevel, salary, dep_id)
    VALUES (
        325,
        "1993-02-09",
        "1994-02-10",
        3,
        79600,
        7
        );
    

INSERT into salaries 
        (emp_no, start_day, end_day, elevel, salary, dep_id)
    VALUES (
        325,
        "1994-02-10",
        "1995-07-07",
        3,
        81200,
        3
        );
    

INSERT INTO employees
    (emp_no, birth_date, first_name, last_name, gender, citizenship, hire_day, last_day)
    VALUES (
        326,
        "1951-10-16",
        "Aaryan",
        "Soren",
        "m",
        "India",
        "1992-01-10",
        "1994-06-15"
    );
    

INSERT into salaries 
        (emp_no, start_day, end_day, elevel, salary, dep_id)
    VALUES (
        326,
        "1992-01-10",
        "1993-02-15",
        1,
        72600,
        1
        );
    

INSERT into salaries 
        (emp_no, start_day, end_day, elevel, salary, dep_id)
    VALUES (
        326,
        "1993-02-15",
        "1994-06-15",
        1,
        76300,
        7
        );
    

INSERT INTO employees
    (emp_no, birth_date, first_name, last_name, gender, citizenship, hire_day, last_day)
    VALUES (
        327,
        "1961-04-12",
        "Kabir",
        "Raval",
        "m",
        "India",
        "1992-01-13",
        "1997-02-06"
    );
    

INSERT into salaries 
        (emp_no, start_day, end_day, elevel, salary, dep_id)
    VALUES (
        327,
        "1992-01-13",
        "1993-02-16",
        1,
        70600,
        3
        );
    

INSERT into salaries 
        (emp_no, start_day, end_day, elevel, salary, dep_id)
    VALUES (
        327,
        "1993-02-16",
        "1994-02-17",
        2,
        75100,
        7
        );
    

INSERT into salaries 
        (emp_no, start_day, end_day, elevel, salary, dep_id)
    VALUES (
        327,
        "1994-02-17",
        "1995-02-20",
        2,
        78900,
        3
        );
    

INSERT into salaries 
        (emp_no, start_day, end_day, elevel, salary, dep_id)
    VALUES (
        327,
        "1995-02-20",
        "1996-02-21",
        2,
        82900,
        2
        );
    

INSERT into salaries 
        (emp_no, start_day, end_day, elevel, salary, dep_id)
    VALUES (
        327,
        "1996-02-21",
        "1997-02-06",
        3,
        87700,
        7
        );
    

INSERT INTO employees
    (emp_no, birth_date, first_name, last_name, gender, citizenship, hire_day, last_day)
    VALUES (
        328,
        "1949-04-15",
        "Vrinda",
        "Jena",
        "f",
        "USA",
        "1992-01-13",
        "1995-11-17"
    );
    

INSERT into salaries 
        (emp_no, start_day, end_day, elevel, salary, dep_id)
    VALUES (
        328,
        "1992-01-13",
        "1993-02-16",
        2,
        79300,
        5
        );
    

INSERT into salaries 
        (emp_no, start_day, end_day, elevel, salary, dep_id)
    VALUES (
        328,
        "1993-02-16",
        "1994-02-17",
        2,
        80900,
        2
        );
    

INSERT into salaries 
        (emp_no, start_day, end_day, elevel, salary, dep_id)
    VALUES (
        328,
        "1994-02-17",
        "1995-02-20",
        2,
        81800,
        1
        );
    

INSERT into salaries 
        (emp_no, start_day, end_day, elevel, salary, dep_id)
    VALUES (
        328,
        "1995-02-20",
        "1995-11-17",
        2,
        82700,
        2
        );
    

INSERT INTO employees
    (emp_no, birth_date, first_name, last_name, gender, citizenship, hire_day, last_day)
    VALUES (
        329,
        "1940-02-19",
        "Heike",
        "Weber",
        "f",
        "Germany",
        "1992-01-14",
        "1996-04-22"
    );
    

INSERT into salaries 
        (emp_no, start_day, end_day, elevel, salary, dep_id)
    VALUES (
        329,
        "1992-01-14",
        "1993-02-17",
        2,
        83600,
        2
        );
    

INSERT into salaries 
        (emp_no, start_day, end_day, elevel, salary, dep_id)
    VALUES (
        329,
        "1993-02-17",
        "1994-02-18",
        2,
        85300,
        2
        );
    

INSERT into salaries 
        (emp_no, start_day, end_day, elevel, salary, dep_id)
    VALUES (
        329,
        "1994-02-18",
        "1995-02-20",
        2,
        84500,
        1
        );
    

INSERT into salaries 
        (emp_no, start_day, end_day, elevel, salary, dep_id)
    VALUES (
        329,
        "1995-02-20",
        "1996-04-22",
        2,
        85400,
        2
        );
    

INSERT INTO employees
    (emp_no, birth_date, first_name, last_name, gender, citizenship, hire_day, last_day)
    VALUES (
        330,
        "1953-02-25",
        "Cindy",
        "Allen",
        "f",
        "USA",
        "1992-01-21",
        "1995-02-24"
    );
    

INSERT into salaries 
        (emp_no, start_day, end_day, elevel, salary, dep_id)
    VALUES (
        330,
        "1992-01-21",
        "1993-02-24",
        2,
        75500,
        1
        );
    

INSERT into salaries 
        (emp_no, start_day, end_day, elevel, salary, dep_id)
    VALUES (
        330,
        "1993-02-24",
        "1994-02-25",
        3,
        79300,
        3
        );
    

INSERT into salaries 
        (emp_no, start_day, end_day, elevel, salary, dep_id)
    VALUES (
        330,
        "1994-02-25",
        "1995-02-24",
        4,
        86500,
        7
        );
    

INSERT INTO employees
    (emp_no, birth_date, first_name, last_name, gender, citizenship, hire_day, last_day)
    VALUES (
        331,
        "1954-11-06",
        "Vicente",
        "Ramírez",
        "m",
        "USA",
        "1992-01-23",
        "1994-10-04"
    );
    

INSERT into salaries 
        (emp_no, start_day, end_day, elevel, salary, dep_id)
    VALUES (
        331,
        "1992-01-23",
        "1993-02-26",
        1,
        70000,
        3
        );
    

INSERT into salaries 
        (emp_no, start_day, end_day, elevel, salary, dep_id)
    VALUES (
        331,
        "1993-02-26",
        "1994-02-28",
        1,
        71400,
        5
        );
    

INSERT into salaries 
        (emp_no, start_day, end_day, elevel, salary, dep_id)
    VALUES (
        331,
        "1994-02-28",
        "1994-10-04",
        1,
        72900,
        6
        );
    

INSERT INTO employees
    (emp_no, birth_date, first_name, last_name, gender, citizenship, hire_day, last_day)
    VALUES (
        332,
        "1948-08-16",
        "Aaryan",
        "Rahman",
        "m",
        "USA",
        "1992-01-27",
        "1996-07-04"
    );
    

INSERT into salaries 
        (emp_no, start_day, end_day, elevel, salary, dep_id)
    VALUES (
        332,
        "1992-01-27",
        "1993-03-02",
        1,
        76700,
        6
        );
    

INSERT into salaries 
        (emp_no, start_day, end_day, elevel, salary, dep_id)
    VALUES (
        332,
        "1993-03-02",
        "1994-03-03",
        1,
        78300,
        3
        );
    

INSERT into salaries 
        (emp_no, start_day, end_day, elevel, salary, dep_id)
    VALUES (
        332,
        "1994-03-03",
        "1995-03-06",
        1,
        79100,
        1
        );
    

INSERT into salaries 
        (emp_no, start_day, end_day, elevel, salary, dep_id)
    VALUES (
        332,
        "1995-03-06",
        "1996-07-04",
        2,
        86300,
        3
        );
    

INSERT INTO employees
    (emp_no, birth_date, first_name, last_name, gender, citizenship, hire_day, last_day)
    VALUES (
        333,
        "1948-12-04",
        "Srihan",
        "Ma",
        "m",
        "India",
        "1992-02-03",
        "1994-07-19"
    );
    

INSERT into salaries 
        (emp_no, start_day, end_day, elevel, salary, dep_id)
    VALUES (
        333,
        "1992-02-03",
        "1993-03-09",
        1,
        73600,
        2
        );
    

INSERT into salaries 
        (emp_no, start_day, end_day, elevel, salary, dep_id)
    VALUES (
        333,
        "1993-03-09",
        "1994-07-19",
        2,
        78200,
        1
        );
    

INSERT INTO employees
    (emp_no, birth_date, first_name, last_name, gender, citizenship, hire_day, last_day)
    VALUES (
        334,
        "1958-04-13",
        "Keith",
        "Harris",
        "m",
        "USA",
        "1992-02-10",
        "1994-04-23"
    );
    

INSERT into salaries 
        (emp_no, start_day, end_day, elevel, salary, dep_id)
    VALUES (
        334,
        "1992-02-10",
        "1993-03-16",
        1,
        78700,
        2
        );
    

INSERT into salaries 
        (emp_no, start_day, end_day, elevel, salary, dep_id)
    VALUES (
        334,
        "1993-03-16",
        "1994-04-23",
        1,
        78000,
        1
        );
    

INSERT INTO employees
    (emp_no, birth_date, first_name, last_name, gender, citizenship, hire_day, last_day)
    VALUES (
        335,
        "1953-03-30",
        "Holger",
        "Günther",
        "m",
        "USA",
        "1992-02-17",
        "1994-04-13"
    );
    

INSERT into salaries 
        (emp_no, start_day, end_day, elevel, salary, dep_id)
    VALUES (
        335,
        "1992-02-17",
        "1993-03-23",
        1,
        78500,
        3
        );
    

INSERT into salaries 
        (emp_no, start_day, end_day, elevel, salary, dep_id)
    VALUES (
        335,
        "1993-03-23",
        "1994-04-13",
        1,
        77800,
        4
        );
    

INSERT INTO employees
    (emp_no, birth_date, first_name, last_name, gender, citizenship, hire_day, last_day)
    VALUES (
        336,
        "1955-06-11",
        "Joanne",
        "Adams",
        "f",
        "USA",
        "1992-02-18",
        "1998-05-01"
    );
    

INSERT into salaries 
        (emp_no, start_day, end_day, elevel, salary, dep_id)
    VALUES (
        336,
        "1992-02-18",
        "1993-03-24",
        2,
        74600,
        7
        );
    

INSERT into salaries 
        (emp_no, start_day, end_day, elevel, salary, dep_id)
    VALUES (
        336,
        "1993-03-24",
        "1994-03-25",
        3,
        76900,
        2
        );
    

INSERT into salaries 
        (emp_no, start_day, end_day, elevel, salary, dep_id)
    VALUES (
        336,
        "1994-03-25",
        "1995-03-27",
        3,
        78500,
        2
        );
    

INSERT into salaries 
        (emp_no, start_day, end_day, elevel, salary, dep_id)
    VALUES (
        336,
        "1995-03-27",
        "1996-03-27",
        3,
        82500,
        4
        );
    

INSERT into salaries 
        (emp_no, start_day, end_day, elevel, salary, dep_id)
    VALUES (
        336,
        "1996-03-27",
        "1997-03-28",
        4,
        84700,
        2
        );
    

INSERT into salaries 
        (emp_no, start_day, end_day, elevel, salary, dep_id)
    VALUES (
        336,
        "1997-03-28",
        "1998-05-01",
        4,
        89000,
        7
        );
    

INSERT INTO employees
    (emp_no, birth_date, first_name, last_name, gender, citizenship, hire_day, last_day)
    VALUES (
        337,
        "1943-12-09",
        "Ruby",
        "Martin",
        "f",
        "USA",
        "1992-02-18",
        "1993-02-12"
    );
    

INSERT into salaries 
        (emp_no, start_day, end_day, elevel, salary, dep_id)
    VALUES (
        337,
        "1992-02-18",
        "1993-02-12",
        1,
        71800,
        7
        );
    

INSERT INTO employees
    (emp_no, birth_date, first_name, last_name, gender, citizenship, hire_day, last_day)
    VALUES (
        338,
        "1944-06-26",
        "Clarence",
        "Richardson",
        "m",
        "USA",
        "1992-02-19",
        "1994-02-19"
    );
    

INSERT into salaries 
        (emp_no, start_day, end_day, elevel, salary, dep_id)
    VALUES (
        338,
        "1992-02-19",
        "1993-03-25",
        2,
        83500,
        7
        );
    

INSERT into salaries 
        (emp_no, start_day, end_day, elevel, salary, dep_id)
    VALUES (
        338,
        "1993-03-25",
        "1994-02-19",
        2,
        87700,
        7
        );
    

INSERT INTO employees
    (emp_no, birth_date, first_name, last_name, gender, citizenship, hire_day, last_day)
    VALUES (
        339,
        "1942-01-16",
        "Günther",
        "Schulz",
        "m",
        "USA",
        "1992-02-24",
        "1993-04-22"
    );
    

INSERT into salaries 
        (emp_no, start_day, end_day, elevel, salary, dep_id)
    VALUES (
        339,
        "1992-02-24",
        "1993-04-22",
        1,
        74200,
        1
        );
    

INSERT INTO employees
    (emp_no, birth_date, first_name, last_name, gender, citizenship, hire_day, last_day)
    VALUES (
        340,
        "1943-08-01",
        "Marjorie",
        "Stewart",
        "f",
        "USA",
        "1992-02-25",
        "1995-05-29"
    );
    

INSERT into salaries 
        (emp_no, start_day, end_day, elevel, salary, dep_id)
    VALUES (
        340,
        "1992-02-25",
        "1993-03-31",
        1,
        73300,
        1
        );
    

INSERT into salaries 
        (emp_no, start_day, end_day, elevel, salary, dep_id)
    VALUES (
        340,
        "1993-03-31",
        "1994-04-01",
        1,
        77000,
        7
        );
    

INSERT into salaries 
        (emp_no, start_day, end_day, elevel, salary, dep_id)
    VALUES (
        340,
        "1994-04-01",
        "1995-05-29",
        1,
        78600,
        7
        );
    

INSERT INTO employees
    (emp_no, birth_date, first_name, last_name, gender, citizenship, hire_day, last_day)
    VALUES (
        341,
        "1947-03-12",
        "Jacobo",
        "Ortiz",
        "m",
        "Uruguay",
        "1992-02-27",
        "1994-08-11"
    );
    

INSERT into salaries 
        (emp_no, start_day, end_day, elevel, salary, dep_id)
    VALUES (
        341,
        "1992-02-27",
        "1993-04-02",
        2,
        83000,
        1
        );
    

INSERT into salaries 
        (emp_no, start_day, end_day, elevel, salary, dep_id)
    VALUES (
        341,
        "1993-04-02",
        "1994-08-11",
        2,
        84700,
        5
        );
    

INSERT INTO employees
    (emp_no, birth_date, first_name, last_name, gender, citizenship, hire_day, last_day)
    VALUES (
        342,
        "1945-07-03",
        "Luciano",
        "Hernández",
        "m",
        "USA",
        "1992-02-27",
        "1995-03-20"
    );
    

INSERT into salaries 
        (emp_no, start_day, end_day, elevel, salary, dep_id)
    VALUES (
        342,
        "1992-02-27",
        "1993-04-02",
        1,
        74300,
        7
        );
    

INSERT into salaries 
        (emp_no, start_day, end_day, elevel, salary, dep_id)
    VALUES (
        342,
        "1993-04-02",
        "1994-04-04",
        1,
        75800,
        3
        );
    

INSERT into salaries 
        (emp_no, start_day, end_day, elevel, salary, dep_id)
    VALUES (
        342,
        "1994-04-04",
        "1995-03-20",
        1,
        77400,
        3
        );
    

INSERT INTO employees
    (emp_no, birth_date, first_name, last_name, gender, citizenship, hire_day, last_day)
    VALUES (
        343,
        "1951-07-11",
        "Steve",
        "Richardson",
        "m",
        "USA",
        "1992-03-05",
        "1997-07-14"
    );
    

INSERT into salaries 
        (emp_no, start_day, end_day, elevel, salary, dep_id)
    VALUES (
        343,
        "1992-03-05",
        "1993-04-09",
        2,
        75600,
        2
        );
    

INSERT into salaries 
        (emp_no, start_day, end_day, elevel, salary, dep_id)
    VALUES (
        343,
        "1993-04-09",
        "1994-04-11",
        2,
        77200,
        4
        );
    

INSERT into salaries 
        (emp_no, start_day, end_day, elevel, salary, dep_id)
    VALUES (
        343,
        "1994-04-11",
        "1995-04-12",
        2,
        76500,
        5
        );
    

INSERT into salaries 
        (emp_no, start_day, end_day, elevel, salary, dep_id)
    VALUES (
        343,
        "1995-04-12",
        "1996-04-12",
        2,
        80400,
        1
        );
    

INSERT into salaries 
        (emp_no, start_day, end_day, elevel, salary, dep_id)
    VALUES (
        343,
        "1996-04-12",
        "1997-07-14",
        2,
        84500,
        3
        );
    

INSERT INTO employees
    (emp_no, birth_date, first_name, last_name, gender, citizenship, hire_day, last_day)
    VALUES (
        344,
        "1962-03-15",
        "Mia",
        "Maiti",
        "f",
        "India",
        "1992-03-12",
        "1993-01-02"
    );
    

INSERT into salaries 
        (emp_no, start_day, end_day, elevel, salary, dep_id)
    VALUES (
        344,
        "1992-03-12",
        "1993-01-02",
        2,
        82800,
        2
        );
    

INSERT INTO employees
    (emp_no, birth_date, first_name, last_name, gender, citizenship, hire_day, last_day)
    VALUES (
        345,
        "1954-07-09",
        "Anna",
        "Zimmermann",
        "f",
        "USA",
        "1992-03-18",
        "2000-12-07"
    );
    

INSERT into salaries 
        (emp_no, start_day, end_day, elevel, salary, dep_id)
    VALUES (
        345,
        "1992-03-18",
        "1993-04-22",
        2,
        74000,
        5
        );
    

INSERT into salaries 
        (emp_no, start_day, end_day, elevel, salary, dep_id)
    VALUES (
        345,
        "1993-04-22",
        "1994-04-25",
        2,
        75500,
        3
        );
    

INSERT into salaries 
        (emp_no, start_day, end_day, elevel, salary, dep_id)
    VALUES (
        345,
        "1994-04-25",
        "1995-04-26",
        2,
        79300,
        6
        );
    

INSERT into salaries 
        (emp_no, start_day, end_day, elevel, salary, dep_id)
    VALUES (
        345,
        "1995-04-26",
        "1996-04-26",
        3,
        83200,
        6
        );
    

INSERT into salaries 
        (emp_no, start_day, end_day, elevel, salary, dep_id)
    VALUES (
        345,
        "1996-04-26",
        "1997-04-28",
        3,
        87400,
        1
        );
    

INSERT into salaries 
        (emp_no, start_day, end_day, elevel, salary, dep_id)
    VALUES (
        345,
        "1997-04-28",
        "1998-04-29",
        3,
        89200,
        4
        );
    

INSERT into salaries 
        (emp_no, start_day, end_day, elevel, salary, dep_id)
    VALUES (
        345,
        "1998-04-29",
        "1999-04-30",
        3,
        91000,
        3
        );
    

INSERT into salaries 
        (emp_no, start_day, end_day, elevel, salary, dep_id)
    VALUES (
        345,
        "1999-04-30",
        "2000-05-01",
        3,
        95600,
        3
        );
    

INSERT into salaries 
        (emp_no, start_day, end_day, elevel, salary, dep_id)
    VALUES (
        345,
        "2000-05-01",
        "2000-12-07",
        4,
        100600,
        4
        );
    

INSERT INTO employees
    (emp_no, birth_date, first_name, last_name, gender, citizenship, hire_day, last_day)
    VALUES (
        346,
        "1958-08-21",
        "Friedrich",
        "Beck",
        "m",
        "USA",
        "1992-03-23",
        "1995-06-22"
    );
    

INSERT into salaries 
        (emp_no, start_day, end_day, elevel, salary, dep_id)
    VALUES (
        346,
        "1992-03-23",
        "1993-04-27",
        2,
        79700,
        4
        );
    

INSERT into salaries 
        (emp_no, start_day, end_day, elevel, salary, dep_id)
    VALUES (
        346,
        "1993-04-27",
        "1994-04-28",
        2,
        80500,
        7
        );
    

INSERT into salaries 
        (emp_no, start_day, end_day, elevel, salary, dep_id)
    VALUES (
        346,
        "1994-04-28",
        "1995-06-22",
        2,
        82200,
        6
        );
    

INSERT INTO employees
    (emp_no, birth_date, first_name, last_name, gender, citizenship, hire_day, last_day)
    VALUES (
        347,
        "1961-08-31",
        "Frank",
        "Allen",
        "m",
        "USA",
        "1992-03-26",
        "1993-01-28"
    );
    

INSERT into salaries 
        (emp_no, start_day, end_day, elevel, salary, dep_id)
    VALUES (
        347,
        "1992-03-26",
        "1993-01-28",
        2,
        79300,
        5
        );
    

INSERT INTO employees
    (emp_no, birth_date, first_name, last_name, gender, citizenship, hire_day, last_day)
    VALUES (
        348,
        "1955-11-21",
        "Philip",
        "Myers",
        "m",
        "USA",
        "1992-04-02",
        "1995-01-10"
    );
    

INSERT into salaries 
        (emp_no, start_day, end_day, elevel, salary, dep_id)
    VALUES (
        348,
        "1992-04-02",
        "1993-05-07",
        2,
        82900,
        6
        );
    

INSERT into salaries 
        (emp_no, start_day, end_day, elevel, salary, dep_id)
    VALUES (
        348,
        "1993-05-07",
        "1994-05-09",
        2,
        84600,
        4
        );
    

INSERT into salaries 
        (emp_no, start_day, end_day, elevel, salary, dep_id)
    VALUES (
        348,
        "1994-05-09",
        "1995-01-10",
        2,
        88900,
        5
        );
    

INSERT INTO employees
    (emp_no, birth_date, first_name, last_name, gender, citizenship, hire_day, last_day)
    VALUES (
        349,
        "1952-03-24",
        "Christoph",
        "Bär",
        "m",
        "Germany",
        "1992-04-09",
        "1993-03-24"
    );
    

INSERT into salaries 
        (emp_no, start_day, end_day, elevel, salary, dep_id)
    VALUES (
        349,
        "1992-04-09",
        "1993-03-24",
        2,
        80900,
        4
        );
    

INSERT INTO employees
    (emp_no, birth_date, first_name, last_name, gender, citizenship, hire_day, last_day)
    VALUES (
        350,
        "1953-03-22",
        "Friedrich",
        "Schäfer",
        "m",
        "Germany",
        "1992-04-13",
        "1993-03-09"
    );
    

INSERT into salaries 
        (emp_no, start_day, end_day, elevel, salary, dep_id)
    VALUES (
        350,
        "1992-04-13",
        "1993-03-09",
        2,
        83400,
        1
        );
    

INSERT INTO employees
    (emp_no, birth_date, first_name, last_name, gender, citizenship, hire_day, last_day)
    VALUES (
        351,
        "1944-11-11",
        "Krish",
        "Thakur",
        "m",
        "India",
        "1992-04-13",
        "1995-09-11"
    );
    

INSERT into salaries 
        (emp_no, start_day, end_day, elevel, salary, dep_id)
    VALUES (
        351,
        "1992-04-13",
        "1993-05-18",
        2,
        75300,
        5
        );
    

INSERT into salaries 
        (emp_no, start_day, end_day, elevel, salary, dep_id)
    VALUES (
        351,
        "1993-05-18",
        "1994-05-19",
        2,
        76900,
        5
        );
    

INSERT into salaries 
        (emp_no, start_day, end_day, elevel, salary, dep_id)
    VALUES (
        351,
        "1994-05-19",
        "1995-09-11",
        2,
        78500,
        1
        );
    

INSERT INTO employees
    (emp_no, birth_date, first_name, last_name, gender, citizenship, hire_day, last_day)
    VALUES (
        352,
        "1947-06-26",
        "Thelma",
        "Adams",
        "f",
        "USA",
        "1992-04-20",
        "1993-03-18"
    );
    

INSERT into salaries 
        (emp_no, start_day, end_day, elevel, salary, dep_id)
    VALUES (
        352,
        "1992-04-20",
        "1993-03-18",
        1,
        72800,
        3
        );
    

INSERT INTO employees
    (emp_no, birth_date, first_name, last_name, gender, citizenship, hire_day, last_day)
    VALUES (
        353,
        "1956-10-23",
        "Misha",
        "Nair",
        "f",
        "India",
        "1992-04-22",
        "1993-09-05"
    );
    

INSERT into salaries 
        (emp_no, start_day, end_day, elevel, salary, dep_id)
    VALUES (
        353,
        "1992-04-22",
        "1993-09-05",
        1,
        71500,
        4
        );
    

INSERT INTO employees
    (emp_no, birth_date, first_name, last_name, gender, citizenship, hire_day, last_day)
    VALUES (
        354,
        "1947-09-30",
        "Aaryan",
        "Mondal",
        "m",
        "India",
        "1992-04-29",
        "1994-07-27"
    );
    

INSERT into salaries 
        (emp_no, start_day, end_day, elevel, salary, dep_id)
    VALUES (
        354,
        "1992-04-29",
        "1993-06-03",
        2,
        78700,
        2
        );
    

INSERT into salaries 
        (emp_no, start_day, end_day, elevel, salary, dep_id)
    VALUES (
        354,
        "1993-06-03",
        "1994-07-27",
        2,
        82700,
        7
        );
    

INSERT INTO employees
    (emp_no, birth_date, first_name, last_name, gender, citizenship, hire_day, last_day)
    VALUES (
        355,
        "1957-08-22",
        "Konrad",
        "Bauer",
        "m",
        "Germany",
        "1992-04-29",
        "1995-04-28"
    );
    

INSERT into salaries 
        (emp_no, start_day, end_day, elevel, salary, dep_id)
    VALUES (
        355,
        "1992-04-29",
        "1993-06-03",
        2,
        78200,
        7
        );
    

INSERT into salaries 
        (emp_no, start_day, end_day, elevel, salary, dep_id)
    VALUES (
        355,
        "1993-06-03",
        "1994-06-06",
        2,
        79800,
        3
        );
    

INSERT into salaries 
        (emp_no, start_day, end_day, elevel, salary, dep_id)
    VALUES (
        355,
        "1994-06-06",
        "1995-04-28",
        2,
        83800,
        6
        );
    

INSERT INTO employees
    (emp_no, birth_date, first_name, last_name, gender, citizenship, hire_day, last_day)
    VALUES (
        356,
        "1951-01-14",
        "Lucia",
        "Molina",
        "f",
        "Mexico",
        "1992-04-30",
        "2002-09-23"
    );
    

INSERT into salaries 
        (emp_no, start_day, end_day, elevel, salary, dep_id)
    VALUES (
        356,
        "1992-04-30",
        "1993-06-04",
        1,
        71400,
        3
        );
    

INSERT into salaries 
        (emp_no, start_day, end_day, elevel, salary, dep_id)
    VALUES (
        356,
        "1993-06-04",
        "1994-06-06",
        1,
        72900,
        6
        );
    

INSERT into salaries 
        (emp_no, start_day, end_day, elevel, salary, dep_id)
    VALUES (
        356,
        "1994-06-06",
        "1995-06-07",
        1,
        74400,
        4
        );
    

INSERT into salaries 
        (emp_no, start_day, end_day, elevel, salary, dep_id)
    VALUES (
        356,
        "1995-06-07",
        "1996-06-07",
        1,
        78200,
        7
        );
    

INSERT into salaries 
        (emp_no, start_day, end_day, elevel, salary, dep_id)
    VALUES (
        356,
        "1996-06-07",
        "1997-06-09",
        1,
        79800,
        4
        );
    

INSERT into salaries 
        (emp_no, start_day, end_day, elevel, salary, dep_id)
    VALUES (
        356,
        "1997-06-09",
        "1998-06-10",
        1,
        81400,
        5
        );
    

INSERT into salaries 
        (emp_no, start_day, end_day, elevel, salary, dep_id)
    VALUES (
        356,
        "1998-06-10",
        "1999-06-11",
        1,
        83100,
        4
        );
    

INSERT into salaries 
        (emp_no, start_day, end_day, elevel, salary, dep_id)
    VALUES (
        356,
        "1999-06-11",
        "2000-06-12",
        2,
        90500,
        1
        );
    

INSERT into salaries 
        (emp_no, start_day, end_day, elevel, salary, dep_id)
    VALUES (
        356,
        "2000-06-12",
        "2001-06-13",
        2,
        92400,
        7
        );
    

INSERT into salaries 
        (emp_no, start_day, end_day, elevel, salary, dep_id)
    VALUES (
        356,
        "2001-06-13",
        "2002-09-23",
        2,
        93400,
        1
        );
    

INSERT INTO employees
    (emp_no, birth_date, first_name, last_name, gender, citizenship, hire_day, last_day)
    VALUES (
        357,
        "1959-07-26",
        "Elke",
        "Weber",
        "f",
        "Germany",
        "1992-05-06",
        "1996-06-25"
    );
    

INSERT into salaries 
        (emp_no, start_day, end_day, elevel, salary, dep_id)
    VALUES (
        357,
        "1992-05-06",
        "1993-06-10",
        1,
        73500,
        2
        );
    

INSERT into salaries 
        (emp_no, start_day, end_day, elevel, salary, dep_id)
    VALUES (
        357,
        "1993-06-10",
        "1994-06-13",
        1,
        75000,
        1
        );
    

INSERT into salaries 
        (emp_no, start_day, end_day, elevel, salary, dep_id)
    VALUES (
        357,
        "1994-06-13",
        "1995-06-14",
        1,
        76500,
        3
        );
    

INSERT into salaries 
        (emp_no, start_day, end_day, elevel, salary, dep_id)
    VALUES (
        357,
        "1995-06-14",
        "1996-06-25",
        1,
        78100,
        6
        );
    

INSERT INTO employees
    (emp_no, birth_date, first_name, last_name, gender, citizenship, hire_day, last_day)
    VALUES (
        358,
        "1942-06-23",
        "Benjamin",
        "Bhagat",
        "m",
        "India",
        "1992-05-11",
        "1994-10-16"
    );
    

INSERT into salaries 
        (emp_no, start_day, end_day, elevel, salary, dep_id)
    VALUES (
        358,
        "1992-05-11",
        "1993-06-15",
        1,
        74000,
        1
        );
    

INSERT into salaries 
        (emp_no, start_day, end_day, elevel, salary, dep_id)
    VALUES (
        358,
        "1993-06-15",
        "1994-10-16",
        1,
        75500,
        2
        );
    

INSERT INTO employees
    (emp_no, birth_date, first_name, last_name, gender, citizenship, hire_day, last_day)
    VALUES (
        359,
        "1951-10-04",
        "Thomas",
        "Becker",
        "m",
        "Germany",
        "1992-05-12",
        "1993-04-06"
    );
    

INSERT into salaries 
        (emp_no, start_day, end_day, elevel, salary, dep_id)
    VALUES (
        359,
        "1992-05-12",
        "1993-04-06",
        2,
        78800,
        4
        );
    

INSERT INTO employees
    (emp_no, birth_date, first_name, last_name, gender, citizenship, hire_day, last_day)
    VALUES (
        360,
        "1951-10-23",
        "Beverly",
        "Adams",
        "f",
        "USA",
        "1992-05-18",
        "1999-09-01"
    );
    

INSERT into salaries 
        (emp_no, start_day, end_day, elevel, salary, dep_id)
    VALUES (
        360,
        "1992-05-18",
        "1993-06-22",
        1,
        78900,
        3
        );
    

INSERT into salaries 
        (emp_no, start_day, end_day, elevel, salary, dep_id)
    VALUES (
        360,
        "1993-06-22",
        "1994-06-23",
        1,
        82900,
        4
        );
    

INSERT into salaries 
        (emp_no, start_day, end_day, elevel, salary, dep_id)
    VALUES (
        360,
        "1994-06-23",
        "1995-06-26",
        1,
        87100,
        1
        );
    

INSERT into salaries 
        (emp_no, start_day, end_day, elevel, salary, dep_id)
    VALUES (
        360,
        "1995-06-26",
        "1996-06-26",
        1,
        86300,
        3
        );
    

INSERT into salaries 
        (emp_no, start_day, end_day, elevel, salary, dep_id)
    VALUES (
        360,
        "1996-06-26",
        "1997-06-27",
        1,
        88100,
        6
        );
    

INSERT into salaries 
        (emp_no, start_day, end_day, elevel, salary, dep_id)
    VALUES (
        360,
        "1997-06-27",
        "1998-06-29",
        1,
        92600,
        1
        );
    

INSERT into salaries 
        (emp_no, start_day, end_day, elevel, salary, dep_id)
    VALUES (
        360,
        "1998-06-29",
        "1999-09-01",
        1,
        94500,
        3
        );
    

INSERT INTO employees
    (emp_no, birth_date, first_name, last_name, gender, citizenship, hire_day, last_day)
    VALUES (
        361,
        "1936-11-15",
        "Henry",
        "Allen",
        "m",
        "USA",
        "1992-05-21",
        "1996-05-29"
    );
    

INSERT into salaries 
        (emp_no, start_day, end_day, elevel, salary, dep_id)
    VALUES (
        361,
        "1992-05-21",
        "1993-06-25",
        2,
        82900,
        4
        );
    

INSERT into salaries 
        (emp_no, start_day, end_day, elevel, salary, dep_id)
    VALUES (
        361,
        "1993-06-25",
        "1994-06-27",
        2,
        87100,
        4
        );
    

INSERT into salaries 
        (emp_no, start_day, end_day, elevel, salary, dep_id)
    VALUES (
        361,
        "1994-06-27",
        "1995-06-28",
        2,
        88000,
        2
        );
    

INSERT into salaries 
        (emp_no, start_day, end_day, elevel, salary, dep_id)
    VALUES (
        361,
        "1995-06-28",
        "1996-05-29",
        2,
        89800,
        5
        );
    

INSERT INTO employees
    (emp_no, birth_date, first_name, last_name, gender, citizenship, hire_day, last_day)
    VALUES (
        362,
        "1936-01-24",
        "Daniel",
        "Braun",
        "m",
        "Germany",
        "1992-05-27",
        "1995-05-27"
    );
    

INSERT into salaries 
        (emp_no, start_day, end_day, elevel, salary, dep_id)
    VALUES (
        362,
        "1992-05-27",
        "1993-07-01",
        1,
        77400,
        2
        );
    

INSERT into salaries 
        (emp_no, start_day, end_day, elevel, salary, dep_id)
    VALUES (
        362,
        "1993-07-01",
        "1994-07-04",
        2,
        84500,
        7
        );
    

INSERT into salaries 
        (emp_no, start_day, end_day, elevel, salary, dep_id)
    VALUES (
        362,
        "1994-07-04",
        "1995-05-27",
        2,
        86200,
        3
        );
    

INSERT INTO employees
    (emp_no, birth_date, first_name, last_name, gender, citizenship, hire_day, last_day)
    VALUES (
        363,
        "1951-05-08",
        "Emmanuel",
        "Torres",
        "m",
        "Argentina",
        "1992-05-27",
        "1993-04-14"
    );
    

INSERT into salaries 
        (emp_no, start_day, end_day, elevel, salary, dep_id)
    VALUES (
        363,
        "1992-05-27",
        "1993-04-14",
        2,
        80500,
        7
        );
    

INSERT INTO employees
    (emp_no, birth_date, first_name, last_name, gender, citizenship, hire_day, last_day)
    VALUES (
        364,
        "1956-01-24",
        "Andrea",
        "Richter",
        "f",
        "Germany",
        "1992-06-01",
        "1996-10-05"
    );
    

INSERT into salaries 
        (emp_no, start_day, end_day, elevel, salary, dep_id)
    VALUES (
        364,
        "1992-06-01",
        "1993-07-06",
        2,
        81500,
        2
        );
    

INSERT into salaries 
        (emp_no, start_day, end_day, elevel, salary, dep_id)
    VALUES (
        364,
        "1993-07-06",
        "1994-07-07",
        3,
        85400,
        7
        );
    

INSERT into salaries 
        (emp_no, start_day, end_day, elevel, salary, dep_id)
    VALUES (
        364,
        "1994-07-07",
        "1995-07-10",
        3,
        87200,
        2
        );
    

INSERT into salaries 
        (emp_no, start_day, end_day, elevel, salary, dep_id)
    VALUES (
        364,
        "1995-07-10",
        "1996-10-05",
        3,
        88100,
        5
        );
    

INSERT INTO employees
    (emp_no, birth_date, first_name, last_name, gender, citizenship, hire_day, last_day)
    VALUES (
        365,
        "1936-07-21",
        "Ritvik",
        "Shankar",
        "m",
        "USA",
        "1992-06-08",
        "1993-11-09"
    );
    

INSERT into salaries 
        (emp_no, start_day, end_day, elevel, salary, dep_id)
    VALUES (
        365,
        "1992-06-08",
        "1993-11-09",
        1,
        70400,
        2
        );
    

INSERT INTO employees
    (emp_no, birth_date, first_name, last_name, gender, citizenship, hire_day, last_day)
    VALUES (
        366,
        "1945-09-26",
        "Emmanuel",
        "Martín",
        "m",
        "USA",
        "1992-06-15",
        "1993-02-22"
    );
    

INSERT into salaries 
        (emp_no, start_day, end_day, elevel, salary, dep_id)
    VALUES (
        366,
        "1992-06-15",
        "1993-02-22",
        1,
        70000,
        3
        );
    

INSERT INTO employees
    (emp_no, birth_date, first_name, last_name, gender, citizenship, hire_day, last_day)
    VALUES (
        367,
        "1943-09-06",
        "Juan",
        "Ramos",
        "m",
        "Uruguay",
        "1992-06-17",
        "1994-12-20"
    );
    

INSERT into salaries 
        (emp_no, start_day, end_day, elevel, salary, dep_id)
    VALUES (
        367,
        "1992-06-17",
        "1993-07-22",
        1,
        77300,
        5
        );
    

INSERT into salaries 
        (emp_no, start_day, end_day, elevel, salary, dep_id)
    VALUES (
        367,
        "1993-07-22",
        "1994-12-20",
        1,
        78900,
        6
        );
    

INSERT INTO employees
    (emp_no, birth_date, first_name, last_name, gender, citizenship, hire_day, last_day)
    VALUES (
        368,
        "1936-07-25",
        "Elena",
        "Marín",
        "f",
        "USA",
        "1992-06-22",
        "1994-04-20"
    );
    

INSERT into salaries 
        (emp_no, start_day, end_day, elevel, salary, dep_id)
    VALUES (
        368,
        "1992-06-22",
        "1993-07-27",
        2,
        79400,
        6
        );
    

INSERT into salaries 
        (emp_no, start_day, end_day, elevel, salary, dep_id)
    VALUES (
        368,
        "1993-07-27",
        "1994-04-20",
        2,
        81000,
        1
        );
    

INSERT INTO employees
    (emp_no, birth_date, first_name, last_name, gender, citizenship, hire_day, last_day)
    VALUES (
        369,
        "1961-02-24",
        "Leslie",
        "Parker",
        "f",
        "USA",
        "1992-06-29",
        "1999-01-03"
    );
    

INSERT into salaries 
        (emp_no, start_day, end_day, elevel, salary, dep_id)
    VALUES (
        369,
        "1992-06-29",
        "1993-08-03",
        1,
        77600,
        1
        );
    

INSERT into salaries 
        (emp_no, start_day, end_day, elevel, salary, dep_id)
    VALUES (
        369,
        "1993-08-03",
        "1994-08-04",
        1,
        78400,
        1
        );
    

INSERT into salaries 
        (emp_no, start_day, end_day, elevel, salary, dep_id)
    VALUES (
        369,
        "1994-08-04",
        "1995-08-07",
        1,
        79200,
        4
        );
    

INSERT into salaries 
        (emp_no, start_day, end_day, elevel, salary, dep_id)
    VALUES (
        369,
        "1995-08-07",
        "1996-08-07",
        1,
        83200,
        6
        );
    

INSERT into salaries 
        (emp_no, start_day, end_day, elevel, salary, dep_id)
    VALUES (
        369,
        "1996-08-07",
        "1997-08-08",
        1,
        82400,
        6
        );
    

INSERT into salaries 
        (emp_no, start_day, end_day, elevel, salary, dep_id)
    VALUES (
        369,
        "1997-08-08",
        "1999-01-03",
        1,
        84100,
        7
        );
    

INSERT INTO employees
    (emp_no, birth_date, first_name, last_name, gender, citizenship, hire_day, last_day)
    VALUES (
        370,
        "1953-09-29",
        "Lucia",
        "Castro",
        "f",
        "USA",
        "1992-06-30",
        "2007-09-24"
    );
    

INSERT into salaries 
        (emp_no, start_day, end_day, elevel, salary, dep_id)
    VALUES (
        370,
        "1992-06-30",
        "1993-08-04",
        2,
        76900,
        7
        );
    

INSERT into salaries 
        (emp_no, start_day, end_day, elevel, salary, dep_id)
    VALUES (
        370,
        "1993-08-04",
        "1994-08-05",
        2,
        78500,
        4
        );
    

INSERT into salaries 
        (emp_no, start_day, end_day, elevel, salary, dep_id)
    VALUES (
        370,
        "1994-08-05",
        "1995-08-07",
        2,
        80100,
        1
        );
    

INSERT into salaries 
        (emp_no, start_day, end_day, elevel, salary, dep_id)
    VALUES (
        370,
        "1995-08-07",
        "1996-08-07",
        2,
        81000,
        3
        );
    

INSERT into salaries 
        (emp_no, start_day, end_day, elevel, salary, dep_id)
    VALUES (
        370,
        "1996-08-07",
        "1997-08-08",
        2,
        80200,
        4
        );
    

INSERT into salaries 
        (emp_no, start_day, end_day, elevel, salary, dep_id)
    VALUES (
        370,
        "1997-08-08",
        "1998-08-10",
        2,
        84300,
        3
        );
    

INSERT into salaries 
        (emp_no, start_day, end_day, elevel, salary, dep_id)
    VALUES (
        370,
        "1998-08-10",
        "1999-08-11",
        2,
        86000,
        2
        );
    

INSERT into salaries 
        (emp_no, start_day, end_day, elevel, salary, dep_id)
    VALUES (
        370,
        "1999-08-11",
        "2000-08-11",
        2,
        87800,
        2
        );
    

INSERT into salaries 
        (emp_no, start_day, end_day, elevel, salary, dep_id)
    VALUES (
        370,
        "2000-08-11",
        "2001-08-13",
        2,
        89600,
        6
        );
    

INSERT into salaries 
        (emp_no, start_day, end_day, elevel, salary, dep_id)
    VALUES (
        370,
        "2001-08-13",
        "2002-08-14",
        3,
        94500,
        7
        );
    

INSERT into salaries 
        (emp_no, start_day, end_day, elevel, salary, dep_id)
    VALUES (
        370,
        "2002-08-14",
        "2003-08-15",
        3,
        96400,
        6
        );
    

